{"id":73649,"date":"2024-04-06T12:02:28","date_gmt":"2024-04-06T12:02:28","guid":{"rendered":"https:\/\/onlinehardwareshop.de\/index.php\/produkt\/canon-maxify-gx6050-2\/"},"modified":"2025-05-14T03:19:35","modified_gmt":"2025-05-14T03:19:35","slug":"canon-maxify-gx6050","status":"publish","type":"product","link":"https:\/\/onlinehardwareshop.de\/index.php\/produkt\/canon-maxify-gx6050\/","title":{"rendered":"Canon MAXIFY GX6050"},"content":{"rendered":"<p>Mit dem Canon MAXIFY GX6050 hast du einen All-in-One Farb-Tintenstrahldrucker f\u00fcr dein Zuhause oder f\u00fcr dein kleines B\u00fcro. Dank der Tintenbeh\u00e4lter siehst du sofort wie viel Tinte du noch hast. Wenn die Tinte fast leer ist, dann kannst du die Beh\u00e4lter einfach wieder mit den zugeh\u00f6rigen Tintenflaschen auff\u00fcllen. Mit einem vollen Beh\u00e4lter kannst du bis zu 6.000 Seiten in Farbe und bis zu 14.000 Seiten in Schwarz-Wei\u00df drucken. Dank der gro\u00dfen Kapazit\u00e4t sind die Nutzungskosten des Canon Druckers sehr niedrig. Lege bis zu maximal 50 Blatt Papier in das ADF-Zufuhrfach und der Drucker scannt oder kopiert den ganzen Stapel auf einmal. Du druckst 24 Seiten pro Minute in Schwarz-Wei\u00df und 15 Seiten pro Minute in Farbe. So m\u00fcssen deine Kollegen nicht lange warten, bis sie dran sind.<\/p>\n","protected":false},"excerpt":{"rendered":"<p>Mit dem Canon MAXIFY GX6050 hast du einen All-in-One Farb-Tintenstrahldrucker f\u00fcr dein Zuhause oder f\u00fcr dein kleines B\u00fcro. Dank der Tintenbeh\u00e4lter siehst du sofort wie viel Tinte du noch hast. Wenn die Tinte fast leer ist, dann kannst du die Beh\u00e4lter einfach wieder mit den zugeh\u00f6rigen Tintenflaschen auff\u00fcllen. Mit einem vollen Beh\u00e4lter kannst du bis zu 6.000 Seiten in Farbe und bis zu 14.000 Seiten in Schwarz-Wei\u00df drucken. Dank der gro\u00dfen Kapazit\u00e4t sind die Nutzungskosten des Canon Druckers sehr niedrig. Lege bis zu maximal 50 Blatt Papier in das ADF-Zufuhrfach und der Drucker scannt oder kopiert den ganzen Stapel auf einmal. Du druckst 24 Seiten pro Minute in Schwarz-Wei\u00df und 15 Seiten pro Minute in Farbe. So m\u00fcssen deine Kollegen nicht lange warten, bis sie dran sind.<\/p>\n","protected":false},"featured_media":0,"comment_status":"closed","ping_status":"open","template":"","meta":{"_acf_changed":false},"brand":[61],"product_brand":[],"product_cat":[2205],"product_tag":[4745],"class_list":{"0":"post-73649","1":"product","2":"type-product","3":"status-publish","5":"brand-canon","6":"product_cat-drucker","7":"product_tag-inkttank-printers","8":"pa_condition-new","9":"pa_coolblue-de-verzending-morgen-gratis-geliefert","10":"pa_ean-7463","11":"pa_mpn-4470c006aa","13":"first","14":"instock","15":"product-type-external"},"acf":[],"_links":{"self":[{"href":"https:\/\/onlinehardwareshop.de\/index.php\/wp-json\/wp\/v2\/product\/73649","targetHints":{"allow":["GET"]}}],"collection":[{"href":"https:\/\/onlinehardwareshop.de\/index.php\/wp-json\/wp\/v2\/product"}],"about":[{"href":"https:\/\/onlinehardwareshop.de\/index.php\/wp-json\/wp\/v2\/types\/product"}],"replies":[{"embeddable":true,"href":"https:\/\/onlinehardwareshop.de\/index.php\/wp-json\/wp\/v2\/comments?post=73649"}],"wp:attachment":[{"href":"https:\/\/onlinehardwareshop.de\/index.php\/wp-json\/wp\/v2\/media?parent=73649"}],"wp:term":[{"taxonomy":"brand","embeddable":true,"href":"https:\/\/onlinehardwareshop.de\/index.php\/wp-json\/wp\/v2\/brand?post=73649"},{"taxonomy":"product_brand","embeddable":true,"href":"https:\/\/onlinehardwareshop.de\/index.php\/wp-json\/wp\/v2\/product_brand?post=73649"},{"taxonomy":"product_cat","embeddable":true,"href":"https:\/\/onlinehardwareshop.de\/index.php\/wp-json\/wp\/v2\/product_cat?post=73649"},{"taxonomy":"product_tag","embeddable":true,"href":"https:\/\/onlinehardwareshop.de\/index.php\/wp-json\/wp\/v2\/product_tag?post=73649"}],"curies":[{"name":"wp","href":"https:\/\/api.w.org\/{rel}","templated":true}]}}