{"id":73583,"date":"2025-02-18T08:08:10","date_gmt":"2025-02-18T08:08:10","guid":{"rendered":"https:\/\/onlinehardwareshop.de\/index.php\/produkt\/greenpan-craft-bratpfannenset-20-28cm-2\/"},"modified":"2025-05-14T03:13:51","modified_gmt":"2025-05-14T03:13:51","slug":"greenpan-craft-bratpfannenset-20-28cm","status":"publish","type":"product","link":"https:\/\/onlinehardwareshop.de\/index.php\/produkt\/greenpan-craft-bratpfannenset-20-28cm\/","title":{"rendered":"GreenPan Craft Bratpfannenset 20 + 28&#xA0;cm"},"content":{"rendered":"<p>Mit dem GreenPan Craft Bratpfannenset 20 + 28\u00a0cm holst du dir ein hochwertiges Set ins Haus, mit dem du verschiedene Gerichte zubereiten kannst. Die 20\u00a0cm gro\u00dfe Bratpfanne ist ideal zum Braten von Eiern oder einem St\u00fcck Fleisch oder Fisch. In der 28\u00a0cm gro\u00dfen Pfanne br\u00e4tst du gro\u00dfe St\u00fccke Fleisch und Fisch. Du holst dir nachhaltig produzierte Pfannen ins Haus, die dir lange erhalten bleiben. Die Pfannen sind mit einer PFAS-freien, keramischen Antihaftbeschichtung versehen. Dadurch br\u00e4tst du mit weniger Butter und kochst ges\u00fcnder. Dank der geraden R\u00e4nder der Pfanne ist die Bratoberfl\u00e4che gr\u00f6\u00dfer. So hast du mehr Platz in der Pfanne. Im Set sind zudem zwei praktische Pfannenschoner enthalten. So kannst du die Pfannen ineinander stellen, ohne dass sie besch\u00e4digt werden.<\/p>\n","protected":false},"excerpt":{"rendered":"<p>Mit dem GreenPan Craft Bratpfannenset 20 + 28\u00a0cm holst du dir ein hochwertiges Set ins Haus, mit dem du verschiedene Gerichte zubereiten kannst. Die 20\u00a0cm gro\u00dfe Bratpfanne ist ideal zum Braten von Eiern oder einem St\u00fcck Fleisch oder Fisch. In der 28\u00a0cm gro\u00dfen Pfanne br\u00e4tst du gro\u00dfe St\u00fccke Fleisch und Fisch. Du holst dir nachhaltig produzierte Pfannen ins Haus, die dir lange erhalten bleiben. Die Pfannen sind mit einer PFAS-freien, keramischen Antihaftbeschichtung versehen. Dadurch br\u00e4tst du mit weniger Butter und kochst ges\u00fcnder. Dank der geraden R\u00e4nder der Pfanne ist die Bratoberfl\u00e4che gr\u00f6\u00dfer. So hast du mehr Platz in der Pfanne. Im Set sind zudem zwei praktische Pfannenschoner enthalten. So kannst du die Pfannen ineinander stellen, ohne dass sie besch\u00e4digt werden.<\/p>\n","protected":false},"featured_media":0,"comment_status":"closed","ping_status":"open","template":"","meta":{"_acf_changed":false},"brand":[3971],"product_brand":[],"product_cat":[372],"product_tag":[1788],"class_list":{"0":"post-73583","1":"product","2":"type-product","3":"status-publish","5":"brand-greenpan","6":"product_cat-tpfe-und-pfannen","7":"product_tag-bakpannensets","8":"pa_condition-new","9":"pa_coolblue-de-verzending-morgen-gratis-geliefert","10":"pa_ean-7312","11":"pa_mpn-cc003679-001","13":"first","14":"instock","15":"product-type-external"},"acf":[],"_links":{"self":[{"href":"https:\/\/onlinehardwareshop.de\/index.php\/wp-json\/wp\/v2\/product\/73583","targetHints":{"allow":["GET"]}}],"collection":[{"href":"https:\/\/onlinehardwareshop.de\/index.php\/wp-json\/wp\/v2\/product"}],"about":[{"href":"https:\/\/onlinehardwareshop.de\/index.php\/wp-json\/wp\/v2\/types\/product"}],"replies":[{"embeddable":true,"href":"https:\/\/onlinehardwareshop.de\/index.php\/wp-json\/wp\/v2\/comments?post=73583"}],"wp:attachment":[{"href":"https:\/\/onlinehardwareshop.de\/index.php\/wp-json\/wp\/v2\/media?parent=73583"}],"wp:term":[{"taxonomy":"brand","embeddable":true,"href":"https:\/\/onlinehardwareshop.de\/index.php\/wp-json\/wp\/v2\/brand?post=73583"},{"taxonomy":"product_brand","embeddable":true,"href":"https:\/\/onlinehardwareshop.de\/index.php\/wp-json\/wp\/v2\/product_brand?post=73583"},{"taxonomy":"product_cat","embeddable":true,"href":"https:\/\/onlinehardwareshop.de\/index.php\/wp-json\/wp\/v2\/product_cat?post=73583"},{"taxonomy":"product_tag","embeddable":true,"href":"https:\/\/onlinehardwareshop.de\/index.php\/wp-json\/wp\/v2\/product_tag?post=73583"}],"curies":[{"name":"wp","href":"https:\/\/api.w.org\/{rel}","templated":true}]}}