{"id":73538,"date":"2025-03-28T05:05:57","date_gmt":"2025-03-28T05:05:57","guid":{"rendered":"https:\/\/onlinehardwareshop.de\/index.php\/produkt\/bosch-fontus-gen-ii-ohne-akku-2\/"},"modified":"2025-05-14T03:10:10","modified_gmt":"2025-05-14T03:10:10","slug":"bosch-fontus-gen-ii-ohne-akku","status":"publish","type":"product","link":"https:\/\/onlinehardwareshop.de\/index.php\/produkt\/bosch-fontus-gen-ii-ohne-akku\/","title":{"rendered":"Bosch Fontus GEN II (ohne Akku)"},"content":{"rendered":"<p>Der Bosch Fontus GEN II Baretool (ohne Akku) hat einen Wassertank mit 15 Litern, sodass du viele Reinigungsarbeiten damit erledigen kannst, zum Beispiel drei Gartenst\u00fchle gleichzeitig reinigen. Mit einem Arbeitsdruck von 20 bar reinigst du Terrassen von bis zu 25 Quadratmetern. Der Hochdruckreiniger ist mit vier Spr\u00fchmustern und einstellbarem Wasserdruck ausgestattet. So beseitigst du sowohl leichte als auch hartn\u00e4ckige Flecken von deinen Gartenger\u00e4ten. Dank der stabilen R\u00e4der und des ausziehbaren Griffs bewegst du das Ger\u00e4t problemlos durch deinen Garten oder deine Werkstatt. Das kleinere Zubeh\u00f6r bewahrst du im daf\u00fcr vorgesehenen Staufach auf.  Ein Gartenschlauch ist nicht im Lieferumfang des Hochdruckreinigers enthalten. F\u00fcr diesen Hochdruckreiniger ben\u00f6tigst du einen Gartenschlauch mit einem Durchmesser von 12,7 Millimetern (1\/2 Zoll) und einer L\u00e4nge zwischen 2 und 20 Metern&#8230;<\/p>\n","protected":false},"excerpt":{"rendered":"<p>Der Bosch Fontus GEN II Baretool (ohne Akku) hat einen Wassertank mit 15 Litern, sodass du viele Reinigungsarbeiten damit erledigen kannst, zum Beispiel drei Gartenst\u00fchle gleichzeitig reinigen. Mit einem Arbeitsdruck von 20 bar reinigst du Terrassen von bis zu 25 Quadratmetern. Der Hochdruckreiniger ist mit vier Spr\u00fchmustern und einstellbarem Wasserdruck ausgestattet. So beseitigst du sowohl leichte als auch hartn\u00e4ckige Flecken von deinen Gartenger\u00e4ten. Dank der stabilen R\u00e4der und des ausziehbaren Griffs bewegst du das Ger\u00e4t problemlos durch deinen Garten oder deine Werkstatt. Das kleinere Zubeh\u00f6r bewahrst du im daf\u00fcr vorgesehenen Staufach auf.  Ein Gartenschlauch ist nicht im Lieferumfang des Hochdruckreinigers enthalten. F\u00fcr diesen Hochdruckreiniger ben\u00f6tigst du einen Gartenschlauch mit einem Durchmesser von 12,7 Millimetern (1\/2 Zoll) und einer L\u00e4nge zwischen 2 und 20 Metern&#8230;<\/p>\n","protected":false},"featured_media":0,"comment_status":"closed","ping_status":"open","template":"","meta":{"_acf_changed":false},"brand":[250],"product_brand":[],"product_cat":[2722],"product_tag":[2723],"class_list":{"0":"post-73538","1":"product","2":"type-product","3":"status-publish","5":"brand-bosch","6":"product_cat-hochdruckreiniger","7":"product_tag-hogedrukreinigers","8":"pa_condition-new","9":"pa_coolblue-de-verzending-morgen-gratis-geliefert","10":"pa_ean-7206","11":"pa_mpn-06008b6102","13":"first","14":"instock","15":"product-type-external"},"acf":[],"_links":{"self":[{"href":"https:\/\/onlinehardwareshop.de\/index.php\/wp-json\/wp\/v2\/product\/73538","targetHints":{"allow":["GET"]}}],"collection":[{"href":"https:\/\/onlinehardwareshop.de\/index.php\/wp-json\/wp\/v2\/product"}],"about":[{"href":"https:\/\/onlinehardwareshop.de\/index.php\/wp-json\/wp\/v2\/types\/product"}],"replies":[{"embeddable":true,"href":"https:\/\/onlinehardwareshop.de\/index.php\/wp-json\/wp\/v2\/comments?post=73538"}],"wp:attachment":[{"href":"https:\/\/onlinehardwareshop.de\/index.php\/wp-json\/wp\/v2\/media?parent=73538"}],"wp:term":[{"taxonomy":"brand","embeddable":true,"href":"https:\/\/onlinehardwareshop.de\/index.php\/wp-json\/wp\/v2\/brand?post=73538"},{"taxonomy":"product_brand","embeddable":true,"href":"https:\/\/onlinehardwareshop.de\/index.php\/wp-json\/wp\/v2\/product_brand?post=73538"},{"taxonomy":"product_cat","embeddable":true,"href":"https:\/\/onlinehardwareshop.de\/index.php\/wp-json\/wp\/v2\/product_cat?post=73538"},{"taxonomy":"product_tag","embeddable":true,"href":"https:\/\/onlinehardwareshop.de\/index.php\/wp-json\/wp\/v2\/product_tag?post=73538"}],"curies":[{"name":"wp","href":"https:\/\/api.w.org\/{rel}","templated":true}]}}