{"id":73536,"date":"2025-04-13T08:39:05","date_gmt":"2025-04-13T08:39:05","guid":{"rendered":"https:\/\/onlinehardwareshop.de\/index.php\/produkt\/sonos-port-2\/"},"modified":"2025-05-14T03:10:00","modified_gmt":"2025-05-14T03:10:00","slug":"sonos-port","status":"publish","type":"product","link":"https:\/\/onlinehardwareshop.de\/index.php\/produkt\/sonos-port\/","title":{"rendered":"Sonos Port"},"content":{"rendered":"<p>Mit dem Sonos Port erlebst du die Annehmlichkeit von Sonos mit der vorhandenen Stereoanlage. Schlie\u00dfe den Audio-Streamer an deine HiFi-Lautsprecher an und integriere sie im Sonos Multiroom-System. Hast du einen Plattenspieler mit Line-Anschluss? Diesen schlie\u00dft du an den Streamer an und spielst deine Lieblingsplatten im ganzen Haus ab. So h\u00f6rst du deine analoge Musiksammlung auch in der K\u00fcche. Du streamst einfach Musik durch die Sonos-App oder Apple Airplay 2. Der Konverter im Audio-Streamer sorgt f\u00fcr eine stabile Verbindung zwischen den Abspielger\u00e4ten und den Lautsprechern. So genie\u00dft du in jedem Zimmer einen detaillierten und vollen Ton.<\/p>\n","protected":false},"excerpt":{"rendered":"<p>Mit dem Sonos Port erlebst du die Annehmlichkeit von Sonos mit der vorhandenen Stereoanlage. Schlie\u00dfe den Audio-Streamer an deine HiFi-Lautsprecher an und integriere sie im Sonos Multiroom-System. Hast du einen Plattenspieler mit Line-Anschluss? Diesen schlie\u00dft du an den Streamer an und spielst deine Lieblingsplatten im ganzen Haus ab. So h\u00f6rst du deine analoge Musiksammlung auch in der K\u00fcche. Du streamst einfach Musik durch die Sonos-App oder Apple Airplay 2. Der Konverter im Audio-Streamer sorgt f\u00fcr eine stabile Verbindung zwischen den Abspielger\u00e4ten und den Lautsprechern. So genie\u00dft du in jedem Zimmer einen detaillierten und vollen Ton.<\/p>\n","protected":false},"featured_media":0,"comment_status":"closed","ping_status":"open","template":"","meta":{"_acf_changed":false},"brand":[3777],"product_brand":[],"product_cat":[1250],"product_tag":[1251],"class_list":{"0":"post-73536","1":"product","2":"type-product","3":"status-publish","5":"brand-sonos","6":"product_cat-audio-streamer","7":"product_tag-audiostreamers-receivers","8":"pa_condition-new","9":"pa_coolblue-de-verzending-morgen-gratis-geliefert","10":"pa_ean-7196","11":"pa_mpn-port1eu1blk","13":"first","14":"instock","15":"product-type-external"},"acf":[],"_links":{"self":[{"href":"https:\/\/onlinehardwareshop.de\/index.php\/wp-json\/wp\/v2\/product\/73536","targetHints":{"allow":["GET"]}}],"collection":[{"href":"https:\/\/onlinehardwareshop.de\/index.php\/wp-json\/wp\/v2\/product"}],"about":[{"href":"https:\/\/onlinehardwareshop.de\/index.php\/wp-json\/wp\/v2\/types\/product"}],"replies":[{"embeddable":true,"href":"https:\/\/onlinehardwareshop.de\/index.php\/wp-json\/wp\/v2\/comments?post=73536"}],"wp:attachment":[{"href":"https:\/\/onlinehardwareshop.de\/index.php\/wp-json\/wp\/v2\/media?parent=73536"}],"wp:term":[{"taxonomy":"brand","embeddable":true,"href":"https:\/\/onlinehardwareshop.de\/index.php\/wp-json\/wp\/v2\/brand?post=73536"},{"taxonomy":"product_brand","embeddable":true,"href":"https:\/\/onlinehardwareshop.de\/index.php\/wp-json\/wp\/v2\/product_brand?post=73536"},{"taxonomy":"product_cat","embeddable":true,"href":"https:\/\/onlinehardwareshop.de\/index.php\/wp-json\/wp\/v2\/product_cat?post=73536"},{"taxonomy":"product_tag","embeddable":true,"href":"https:\/\/onlinehardwareshop.de\/index.php\/wp-json\/wp\/v2\/product_tag?post=73536"}],"curies":[{"name":"wp","href":"https:\/\/api.w.org\/{rel}","templated":true}]}}