{"id":73517,"date":"2024-10-12T12:57:26","date_gmt":"2024-10-12T12:57:26","guid":{"rendered":"https:\/\/onlinehardwareshop.de\/index.php\/produkt\/tefal-grill-ultrakompakt-grill-gc3058-2\/"},"modified":"2025-05-14T03:08:21","modified_gmt":"2025-05-14T03:08:21","slug":"tefal-grill-ultrakompakt-grill-gc3058","status":"publish","type":"product","link":"https:\/\/onlinehardwareshop.de\/index.php\/produkt\/tefal-grill-ultrakompakt-grill-gc3058\/","title":{"rendered":"Tefal Grill Ultrakompakt Grill GC3058"},"content":{"rendered":"<p>Den Tefal Ultrakompakt Grill GC3058 verwendest du aufgeklappt auch als Tischgrill f\u00fcr einen gem\u00fctlichen Grillabend in Gesellschaft. Der Kontaktgrill hat mit 2.000 Watt eine hohe Leistung. Daher wird er schnell warm. Wenn die Grillplatten die gew\u00fcnschte Temperatur erreicht haben, leuchtet das L\u00e4mpchen rot. Dadurch legst du die Zutaten immer im richtigen Moment auf die Platten. Mit den drei Stufen kannst du die Temperatur pr\u00e4zise auf deine Zubereitung abstimmen. So stellst du sie beispielsweise zum scharfen Anbraten eines Steaks etwas h\u00f6her ein. Der Fettauffangbeh\u00e4lter f\u00e4ngt das Bratfett beim Grillen auf. Praktisch, weil die Bratfl\u00e4che dadurch sauber bleibt und du Fettreste einfach entsorgen kannst. Nach der Verwendung reinigst du die Einzelteile in der Sp\u00fclmaschine.<\/p>\n","protected":false},"excerpt":{"rendered":"<p>Den Tefal Ultrakompakt Grill GC3058 verwendest du aufgeklappt auch als Tischgrill f\u00fcr einen gem\u00fctlichen Grillabend in Gesellschaft. Der Kontaktgrill hat mit 2.000 Watt eine hohe Leistung. Daher wird er schnell warm. Wenn die Grillplatten die gew\u00fcnschte Temperatur erreicht haben, leuchtet das L\u00e4mpchen rot. Dadurch legst du die Zutaten immer im richtigen Moment auf die Platten. Mit den drei Stufen kannst du die Temperatur pr\u00e4zise auf deine Zubereitung abstimmen. So stellst du sie beispielsweise zum scharfen Anbraten eines Steaks etwas h\u00f6her ein. Der Fettauffangbeh\u00e4lter f\u00e4ngt das Bratfett beim Grillen auf. Praktisch, weil die Bratfl\u00e4che dadurch sauber bleibt und du Fettreste einfach entsorgen kannst. Nach der Verwendung reinigst du die Einzelteile in der Sp\u00fclmaschine.<\/p>\n","protected":false},"featured_media":0,"comment_status":"closed","ping_status":"open","template":"","meta":{"_acf_changed":false},"brand":[506],"product_brand":[],"product_cat":[300],"product_tag":[301],"class_list":{"0":"post-73517","1":"product","2":"type-product","3":"status-publish","5":"brand-tefal","6":"product_cat-kontaktgrills","7":"product_tag-contactgrills","8":"pa_condition-new","9":"pa_coolblue-de-verzending-morgen-gratis-geliefert","10":"pa_ean-7152","11":"pa_mpn-gc305816","13":"first","14":"instock","15":"product-type-external"},"acf":[],"_links":{"self":[{"href":"https:\/\/onlinehardwareshop.de\/index.php\/wp-json\/wp\/v2\/product\/73517","targetHints":{"allow":["GET"]}}],"collection":[{"href":"https:\/\/onlinehardwareshop.de\/index.php\/wp-json\/wp\/v2\/product"}],"about":[{"href":"https:\/\/onlinehardwareshop.de\/index.php\/wp-json\/wp\/v2\/types\/product"}],"replies":[{"embeddable":true,"href":"https:\/\/onlinehardwareshop.de\/index.php\/wp-json\/wp\/v2\/comments?post=73517"}],"wp:attachment":[{"href":"https:\/\/onlinehardwareshop.de\/index.php\/wp-json\/wp\/v2\/media?parent=73517"}],"wp:term":[{"taxonomy":"brand","embeddable":true,"href":"https:\/\/onlinehardwareshop.de\/index.php\/wp-json\/wp\/v2\/brand?post=73517"},{"taxonomy":"product_brand","embeddable":true,"href":"https:\/\/onlinehardwareshop.de\/index.php\/wp-json\/wp\/v2\/product_brand?post=73517"},{"taxonomy":"product_cat","embeddable":true,"href":"https:\/\/onlinehardwareshop.de\/index.php\/wp-json\/wp\/v2\/product_cat?post=73517"},{"taxonomy":"product_tag","embeddable":true,"href":"https:\/\/onlinehardwareshop.de\/index.php\/wp-json\/wp\/v2\/product_tag?post=73517"}],"curies":[{"name":"wp","href":"https:\/\/api.w.org\/{rel}","templated":true}]}}