{"id":73457,"date":"2024-06-30T03:53:52","date_gmt":"2024-06-30T03:53:52","guid":{"rendered":"https:\/\/onlinehardwareshop.de\/index.php\/produkt\/gigaset-e560-2\/"},"modified":"2025-05-14T03:03:15","modified_gmt":"2025-05-14T03:03:15","slug":"gigaset-e560","status":"publish","type":"product","link":"https:\/\/onlinehardwareshop.de\/index.php\/produkt\/gigaset-e560\/","title":{"rendered":"Gigaset E560"},"content":{"rendered":"<p>Das Gigaset E560 ist ein benutzerfreundliches Festnetztelefon mit gro\u00dfen Tasten und gro\u00dfen Buchstaben auf dem Farbdisplay. Dank der beleuchteten Tasten und der Displaybeleuchtung kann das Ger\u00e4t auch einfach im Dunkeln bedient werden. Mit der Taste f\u00fcr besonders lautes Klingeln verdoppelst du die Lautst\u00e4rke, sodass du nie mehr einen Anruf verpasst. Durch die vier Kurzwahltasten \u00fcber dem Display rufst du deine wichtigsten Kontaktpersonen mit einem Tastendruck an. Das gro\u00dfe Telefonbuch bietet Platz f\u00fcr 150 Kontaktpersonen und dank der Rufnummererkennung wei\u00dft du somit genau, wen du in der Leitung hast.<\/p>\n","protected":false},"excerpt":{"rendered":"<p>Das Gigaset E560 ist ein benutzerfreundliches Festnetztelefon mit gro\u00dfen Tasten und gro\u00dfen Buchstaben auf dem Farbdisplay. Dank der beleuchteten Tasten und der Displaybeleuchtung kann das Ger\u00e4t auch einfach im Dunkeln bedient werden. Mit der Taste f\u00fcr besonders lautes Klingeln verdoppelst du die Lautst\u00e4rke, sodass du nie mehr einen Anruf verpasst. Durch die vier Kurzwahltasten \u00fcber dem Display rufst du deine wichtigsten Kontaktpersonen mit einem Tastendruck an. Das gro\u00dfe Telefonbuch bietet Platz f\u00fcr 150 Kontaktpersonen und dank der Rufnummererkennung wei\u00dft du somit genau, wen du in der Leitung hast.<\/p>\n","protected":false},"featured_media":0,"comment_status":"closed","ping_status":"open","template":"","meta":{"_acf_changed":false},"brand":[4160],"product_brand":[],"product_cat":[5011],"product_tag":[5012],"class_list":{"0":"post-73457","1":"product","2":"type-product","3":"status-publish","5":"brand-gigaset","6":"product_cat-mobilteile-fr-festnetztelefon","7":"product_tag-vaste-telefoon-handsets","8":"pa_condition-new","9":"pa_coolblue-de-verzending-morgen-gratis-geliefert","10":"pa_ean-7015","11":"pa_mpn-s30852-h2708-m201","13":"first","14":"instock","15":"product-type-external"},"acf":[],"_links":{"self":[{"href":"https:\/\/onlinehardwareshop.de\/index.php\/wp-json\/wp\/v2\/product\/73457","targetHints":{"allow":["GET"]}}],"collection":[{"href":"https:\/\/onlinehardwareshop.de\/index.php\/wp-json\/wp\/v2\/product"}],"about":[{"href":"https:\/\/onlinehardwareshop.de\/index.php\/wp-json\/wp\/v2\/types\/product"}],"replies":[{"embeddable":true,"href":"https:\/\/onlinehardwareshop.de\/index.php\/wp-json\/wp\/v2\/comments?post=73457"}],"wp:attachment":[{"href":"https:\/\/onlinehardwareshop.de\/index.php\/wp-json\/wp\/v2\/media?parent=73457"}],"wp:term":[{"taxonomy":"brand","embeddable":true,"href":"https:\/\/onlinehardwareshop.de\/index.php\/wp-json\/wp\/v2\/brand?post=73457"},{"taxonomy":"product_brand","embeddable":true,"href":"https:\/\/onlinehardwareshop.de\/index.php\/wp-json\/wp\/v2\/product_brand?post=73457"},{"taxonomy":"product_cat","embeddable":true,"href":"https:\/\/onlinehardwareshop.de\/index.php\/wp-json\/wp\/v2\/product_cat?post=73457"},{"taxonomy":"product_tag","embeddable":true,"href":"https:\/\/onlinehardwareshop.de\/index.php\/wp-json\/wp\/v2\/product_tag?post=73457"}],"curies":[{"name":"wp","href":"https:\/\/api.w.org\/{rel}","templated":true}]}}