{"id":73451,"date":"2024-11-15T23:43:23","date_gmt":"2024-11-15T23:43:23","guid":{"rendered":"https:\/\/onlinehardwareshop.de\/index.php\/produkt\/krcher-k5-premium-smart-control-flex-2\/"},"modified":"2025-05-14T03:02:44","modified_gmt":"2025-05-14T03:02:44","slug":"krcher-k5-premium-smart-control-flex","status":"publish","type":"product","link":"https:\/\/onlinehardwareshop.de\/index.php\/produkt\/krcher-k5-premium-smart-control-flex\/","title":{"rendered":"K&#xE4;rcher K5 Premium Smart Control Flex"},"content":{"rendered":"<p>Der K\u00e4rcher K5 Premium Smart Control Flex ist der Nachfolger des K\u00e4rcher K5 Premium Full Control Plus. Diesem Modell wurde sowohl innen wie auch au\u00dfen ein neues (und noch smarteres) Aussehen verpasst. So erh\u00e4ltst du zum Beispiel einen zehn Meter langen, flexiblen Hochdruckschlauch, mit dem du m\u00fchelos alle Ecken erreichst. Die dazugeh\u00f6rige App bietet die richtige Unterst\u00fctzung. Du stellst den Arbeitsdruck direkt an der Spr\u00fchlanze ein und \u00fcberpr\u00fcfst ihn auf dem Display. Wenn du zus\u00e4tzliche Leistung ben\u00f6tigst, aktivierst du den Boost-Modus. Dank des Plug&#8217;n&#8217;Clean-Systems wechselst du das Reinigungsmittel in einer Handbewegung und pr\u00fcfst gleichzeitig den F\u00fcllstand. Die Trommel verhindert, dass sich der zehn Meter lange Schlauch verheddert.<\/p>\n","protected":false},"excerpt":{"rendered":"<p>Der K\u00e4rcher K5 Premium Smart Control Flex ist der Nachfolger des K\u00e4rcher K5 Premium Full Control Plus. Diesem Modell wurde sowohl innen wie auch au\u00dfen ein neues (und noch smarteres) Aussehen verpasst. So erh\u00e4ltst du zum Beispiel einen zehn Meter langen, flexiblen Hochdruckschlauch, mit dem du m\u00fchelos alle Ecken erreichst. Die dazugeh\u00f6rige App bietet die richtige Unterst\u00fctzung. Du stellst den Arbeitsdruck direkt an der Spr\u00fchlanze ein und \u00fcberpr\u00fcfst ihn auf dem Display. Wenn du zus\u00e4tzliche Leistung ben\u00f6tigst, aktivierst du den Boost-Modus. Dank des Plug&#8217;n&#8217;Clean-Systems wechselst du das Reinigungsmittel in einer Handbewegung und pr\u00fcfst gleichzeitig den F\u00fcllstand. Die Trommel verhindert, dass sich der zehn Meter lange Schlauch verheddert.<\/p>\n","protected":false},"featured_media":0,"comment_status":"closed","ping_status":"open","template":"","meta":{"_acf_changed":false},"brand":[294],"product_brand":[],"product_cat":[2722],"product_tag":[2723],"class_list":{"0":"post-73451","1":"product","2":"type-product","3":"status-publish","5":"brand-karcher","6":"product_cat-hochdruckreiniger","7":"product_tag-hogedrukreinigers","8":"pa_condition-new","9":"pa_coolblue-de-verzending-morgen-gratis-geliefert","10":"pa_ean-31601","11":"pa_mpn-1-324-732-0","13":"first","14":"instock","15":"product-type-external"},"acf":[],"_links":{"self":[{"href":"https:\/\/onlinehardwareshop.de\/index.php\/wp-json\/wp\/v2\/product\/73451","targetHints":{"allow":["GET"]}}],"collection":[{"href":"https:\/\/onlinehardwareshop.de\/index.php\/wp-json\/wp\/v2\/product"}],"about":[{"href":"https:\/\/onlinehardwareshop.de\/index.php\/wp-json\/wp\/v2\/types\/product"}],"replies":[{"embeddable":true,"href":"https:\/\/onlinehardwareshop.de\/index.php\/wp-json\/wp\/v2\/comments?post=73451"}],"wp:attachment":[{"href":"https:\/\/onlinehardwareshop.de\/index.php\/wp-json\/wp\/v2\/media?parent=73451"}],"wp:term":[{"taxonomy":"brand","embeddable":true,"href":"https:\/\/onlinehardwareshop.de\/index.php\/wp-json\/wp\/v2\/brand?post=73451"},{"taxonomy":"product_brand","embeddable":true,"href":"https:\/\/onlinehardwareshop.de\/index.php\/wp-json\/wp\/v2\/product_brand?post=73451"},{"taxonomy":"product_cat","embeddable":true,"href":"https:\/\/onlinehardwareshop.de\/index.php\/wp-json\/wp\/v2\/product_cat?post=73451"},{"taxonomy":"product_tag","embeddable":true,"href":"https:\/\/onlinehardwareshop.de\/index.php\/wp-json\/wp\/v2\/product_tag?post=73451"}],"curies":[{"name":"wp","href":"https:\/\/api.w.org\/{rel}","templated":true}]}}