{"id":73449,"date":"2024-09-03T14:16:59","date_gmt":"2024-09-03T14:16:59","guid":{"rendered":"https:\/\/onlinehardwareshop.de\/index.php\/produkt\/krcher-k4-premium-power-control-flex-2\/"},"modified":"2025-05-14T03:02:24","modified_gmt":"2025-05-14T03:02:24","slug":"krcher-k4-premium-power-control-flex","status":"publish","type":"product","link":"https:\/\/onlinehardwareshop.de\/index.php\/produkt\/krcher-k4-premium-power-control-flex\/","title":{"rendered":"K&#xE4;rcher K4 Premium Power Control Flex"},"content":{"rendered":"<p>Der K\u00e4rcher K4 Premium Power Control Flex ist der Nachfolger des K\u00e4rcher K4 Premium Full Control. Diesem Modell wurde sowohl innen als auch au\u00dfen ein neues Aussehen verpasst. So ist beispielsweise der Hochdruckschlauch nun flexibel und zwei Meter l\u00e4nger. Auch bietet die zugeh\u00f6rige App Unterst\u00fctzung, um das Beste aus deinem Ger\u00e4t herauszuholen. Daf\u00fcr gibt sie n\u00fctzliche Tipps und hilft bei der Auswahl des richtigen Drucks. Dieser Hochdruckreiniger zeichnet sich durch vollst\u00e4ndige Kontrolle aus: Du bestimmst selbst, wie hart der Strahl sein soll, indem du einfach an der Lanze drehst. Der Induktionsmotor wird mit Wasser gek\u00fchlt und verrichtet seine Arbeit daher vergleichsweise leise. Es ist also egal, ob du ihn f\u00fcr dein Auto, die Terrasse oder deine Gartenm\u00f6bel verwendest: Sein Brummen wird dir so schnell nicht auf die Nerven gehen.<\/p>\n","protected":false},"excerpt":{"rendered":"<p>Der K\u00e4rcher K4 Premium Power Control Flex ist der Nachfolger des K\u00e4rcher K4 Premium Full Control. Diesem Modell wurde sowohl innen als auch au\u00dfen ein neues Aussehen verpasst. So ist beispielsweise der Hochdruckschlauch nun flexibel und zwei Meter l\u00e4nger. Auch bietet die zugeh\u00f6rige App Unterst\u00fctzung, um das Beste aus deinem Ger\u00e4t herauszuholen. Daf\u00fcr gibt sie n\u00fctzliche Tipps und hilft bei der Auswahl des richtigen Drucks. Dieser Hochdruckreiniger zeichnet sich durch vollst\u00e4ndige Kontrolle aus: Du bestimmst selbst, wie hart der Strahl sein soll, indem du einfach an der Lanze drehst. Der Induktionsmotor wird mit Wasser gek\u00fchlt und verrichtet seine Arbeit daher vergleichsweise leise. Es ist also egal, ob du ihn f\u00fcr dein Auto, die Terrasse oder deine Gartenm\u00f6bel verwendest: Sein Brummen wird dir so schnell nicht auf die Nerven gehen.<\/p>\n","protected":false},"featured_media":0,"comment_status":"closed","ping_status":"open","template":"","meta":{"_acf_changed":false},"brand":[294],"product_brand":[],"product_cat":[2722],"product_tag":[2723],"class_list":{"0":"post-73449","1":"product","2":"type-product","3":"status-publish","5":"brand-karcher","6":"product_cat-hochdruckreiniger","7":"product_tag-hogedrukreinigers","8":"pa_condition-new","9":"pa_coolblue-de-verzending-morgen-gratis-geliefert","10":"pa_ean-31776","11":"pa_mpn-1-324-330-0","13":"first","14":"instock","15":"product-type-external"},"acf":[],"_links":{"self":[{"href":"https:\/\/onlinehardwareshop.de\/index.php\/wp-json\/wp\/v2\/product\/73449","targetHints":{"allow":["GET"]}}],"collection":[{"href":"https:\/\/onlinehardwareshop.de\/index.php\/wp-json\/wp\/v2\/product"}],"about":[{"href":"https:\/\/onlinehardwareshop.de\/index.php\/wp-json\/wp\/v2\/types\/product"}],"replies":[{"embeddable":true,"href":"https:\/\/onlinehardwareshop.de\/index.php\/wp-json\/wp\/v2\/comments?post=73449"}],"wp:attachment":[{"href":"https:\/\/onlinehardwareshop.de\/index.php\/wp-json\/wp\/v2\/media?parent=73449"}],"wp:term":[{"taxonomy":"brand","embeddable":true,"href":"https:\/\/onlinehardwareshop.de\/index.php\/wp-json\/wp\/v2\/brand?post=73449"},{"taxonomy":"product_brand","embeddable":true,"href":"https:\/\/onlinehardwareshop.de\/index.php\/wp-json\/wp\/v2\/product_brand?post=73449"},{"taxonomy":"product_cat","embeddable":true,"href":"https:\/\/onlinehardwareshop.de\/index.php\/wp-json\/wp\/v2\/product_cat?post=73449"},{"taxonomy":"product_tag","embeddable":true,"href":"https:\/\/onlinehardwareshop.de\/index.php\/wp-json\/wp\/v2\/product_tag?post=73449"}],"curies":[{"name":"wp","href":"https:\/\/api.w.org\/{rel}","templated":true}]}}