{"id":73110,"date":"2025-05-03T20:10:14","date_gmt":"2025-05-03T20:10:14","guid":{"rendered":"https:\/\/onlinehardwareshop.de\/index.php\/produkt\/boya-by-m2-lavalier-mikrofon-mit-lightning-kabel-2\/"},"modified":"2025-05-14T02:33:30","modified_gmt":"2025-05-14T02:33:30","slug":"boya-by-m2-lavalier-mikrofon-mit-lightning-kabel","status":"publish","type":"product","link":"https:\/\/onlinehardwareshop.de\/index.php\/produkt\/boya-by-m2-lavalier-mikrofon-mit-lightning-kabel\/","title":{"rendered":"Boya BY-M2 Lavalier Mikrofon mit Lightning-Kabel"},"content":{"rendered":"<p>Das Boya BY-M2 Lavalier Mikrofon mit Lightning-Kabel ist ein omnidirektionales Mikrofon und eignet sich zum Aufnehmen von Interviews und Pr\u00e4sentationen. Dank des Ansteck-Clips l\u00e4sst sich das Mikrofon ganz einfach an der Kleidung befestigen. So ist dir das Mikrofon nicht im Weg und du genie\u00dft vollkommene Bewegungsfreiheit. Zu diesem Mikrofon geh\u00f6ren zwei Teile: das Mikrofon selbst mit 3,5-mm-Anschluss sowie ein Lightning-Adapter. Damit verbindest du das Mikrofon unter anderem mit deinem iPhone und iPad oder du nutzt es, um freih\u00e4ndig zu telefonieren. Dank dem mitgelieferten Windschutz h\u00e4lt sich das Rauschen vom Wind in deinen Aufnahmen und Gespr\u00e4chen in Grenzen.<\/p>\n","protected":false},"excerpt":{"rendered":"<p>Das Boya BY-M2 Lavalier Mikrofon mit Lightning-Kabel ist ein omnidirektionales Mikrofon und eignet sich zum Aufnehmen von Interviews und Pr\u00e4sentationen. Dank des Ansteck-Clips l\u00e4sst sich das Mikrofon ganz einfach an der Kleidung befestigen. So ist dir das Mikrofon nicht im Weg und du genie\u00dft vollkommene Bewegungsfreiheit. Zu diesem Mikrofon geh\u00f6ren zwei Teile: das Mikrofon selbst mit 3,5-mm-Anschluss sowie ein Lightning-Adapter. Damit verbindest du das Mikrofon unter anderem mit deinem iPhone und iPad oder du nutzt es, um freih\u00e4ndig zu telefonieren. Dank dem mitgelieferten Windschutz h\u00e4lt sich das Rauschen vom Wind in deinen Aufnahmen und Gespr\u00e4chen in Grenzen.<\/p>\n","protected":false},"featured_media":0,"comment_status":"closed","ping_status":"open","template":"","meta":{"_acf_changed":false},"brand":[3417],"product_brand":[],"product_cat":[1570],"product_tag":[1571],"class_list":{"0":"post-73110","1":"product","2":"type-product","3":"status-publish","5":"brand-boya","6":"product_cat-kameramikrofone","7":"product_tag-cameramicrofoons","8":"pa_condition-new","9":"pa_coolblue-de-verzending-morgen-gratis-geliefert","10":"pa_ean-6201","11":"pa_mpn-6202","13":"first","14":"instock","15":"product-type-external"},"acf":[],"_links":{"self":[{"href":"https:\/\/onlinehardwareshop.de\/index.php\/wp-json\/wp\/v2\/product\/73110","targetHints":{"allow":["GET"]}}],"collection":[{"href":"https:\/\/onlinehardwareshop.de\/index.php\/wp-json\/wp\/v2\/product"}],"about":[{"href":"https:\/\/onlinehardwareshop.de\/index.php\/wp-json\/wp\/v2\/types\/product"}],"replies":[{"embeddable":true,"href":"https:\/\/onlinehardwareshop.de\/index.php\/wp-json\/wp\/v2\/comments?post=73110"}],"wp:attachment":[{"href":"https:\/\/onlinehardwareshop.de\/index.php\/wp-json\/wp\/v2\/media?parent=73110"}],"wp:term":[{"taxonomy":"brand","embeddable":true,"href":"https:\/\/onlinehardwareshop.de\/index.php\/wp-json\/wp\/v2\/brand?post=73110"},{"taxonomy":"product_brand","embeddable":true,"href":"https:\/\/onlinehardwareshop.de\/index.php\/wp-json\/wp\/v2\/product_brand?post=73110"},{"taxonomy":"product_cat","embeddable":true,"href":"https:\/\/onlinehardwareshop.de\/index.php\/wp-json\/wp\/v2\/product_cat?post=73110"},{"taxonomy":"product_tag","embeddable":true,"href":"https:\/\/onlinehardwareshop.de\/index.php\/wp-json\/wp\/v2\/product_tag?post=73110"}],"curies":[{"name":"wp","href":"https:\/\/api.w.org\/{rel}","templated":true}]}}