{"id":73067,"date":"2024-09-03T02:28:40","date_gmt":"2024-09-03T02:28:40","guid":{"rendered":"https:\/\/onlinehardwareshop.de\/index.php\/produkt\/medisana-in-535-2\/"},"modified":"2025-05-14T02:29:34","modified_gmt":"2025-05-14T02:29:34","slug":"medisana-in-535","status":"publish","type":"product","link":"https:\/\/onlinehardwareshop.de\/index.php\/produkt\/medisana-in-535\/","title":{"rendered":"Medisana IN 535"},"content":{"rendered":"<p>Benutze das Medisana IN 535, wenn du unter Asthma oder anderen Atemproblemen leidest. Die mikrofeine Verneblertechnologie sorgt daf\u00fcr, dass die fl\u00fcssige Medizin tiefer in die Atemwege eindringt als bei einem Standard-Inhalator. Auch die zwei mitgelieferten Masken erleichtern das Inhalieren, da du die Medizin durch die Nase einatmest. Dies ist besonders gut f\u00fcr Kinder unter zehn Jahren oder Menschen, denen es schwerf\u00e4llt, kr\u00e4ftig zu inhalieren. Das Ger\u00e4t ist \u00fcber den USB-Anschluss wieder aufladbar, sodass du nie leere Batterien haben wirst. Au\u00dferdem kannst du den Inhalator dank seiner kompakten Gr\u00f6\u00dfe und der Aufbewahrungstasche \u00fcberallhin mitnehmen. Sobald der Tank leer ist, schaltet sich das IN 535 automatisch ab.<\/p>\n","protected":false},"excerpt":{"rendered":"<p>Benutze das Medisana IN 535, wenn du unter Asthma oder anderen Atemproblemen leidest. Die mikrofeine Verneblertechnologie sorgt daf\u00fcr, dass die fl\u00fcssige Medizin tiefer in die Atemwege eindringt als bei einem Standard-Inhalator. Auch die zwei mitgelieferten Masken erleichtern das Inhalieren, da du die Medizin durch die Nase einatmest. Dies ist besonders gut f\u00fcr Kinder unter zehn Jahren oder Menschen, denen es schwerf\u00e4llt, kr\u00e4ftig zu inhalieren. Das Ger\u00e4t ist \u00fcber den USB-Anschluss wieder aufladbar, sodass du nie leere Batterien haben wirst. Au\u00dferdem kannst du den Inhalator dank seiner kompakten Gr\u00f6\u00dfe und der Aufbewahrungstasche \u00fcberallhin mitnehmen. Sobald der Tank leer ist, schaltet sich das IN 535 automatisch ab.<\/p>\n","protected":false},"featured_media":0,"comment_status":"closed","ping_status":"open","template":"","meta":{"_acf_changed":false},"brand":[837],"product_brand":[],"product_cat":[6100],"product_tag":[6101],"class_list":{"0":"post-73067","1":"product","2":"type-product","3":"status-publish","5":"brand-medisana","6":"product_cat-inhalatoren","7":"product_tag-inhalators","8":"pa_condition-new","9":"pa_coolblue-de-verzending-morgen-gratis-geliefert","10":"pa_ean-6098","11":"pa_mpn-6099","13":"first","14":"instock","15":"product-type-external"},"acf":[],"_links":{"self":[{"href":"https:\/\/onlinehardwareshop.de\/index.php\/wp-json\/wp\/v2\/product\/73067","targetHints":{"allow":["GET"]}}],"collection":[{"href":"https:\/\/onlinehardwareshop.de\/index.php\/wp-json\/wp\/v2\/product"}],"about":[{"href":"https:\/\/onlinehardwareshop.de\/index.php\/wp-json\/wp\/v2\/types\/product"}],"replies":[{"embeddable":true,"href":"https:\/\/onlinehardwareshop.de\/index.php\/wp-json\/wp\/v2\/comments?post=73067"}],"wp:attachment":[{"href":"https:\/\/onlinehardwareshop.de\/index.php\/wp-json\/wp\/v2\/media?parent=73067"}],"wp:term":[{"taxonomy":"brand","embeddable":true,"href":"https:\/\/onlinehardwareshop.de\/index.php\/wp-json\/wp\/v2\/brand?post=73067"},{"taxonomy":"product_brand","embeddable":true,"href":"https:\/\/onlinehardwareshop.de\/index.php\/wp-json\/wp\/v2\/product_brand?post=73067"},{"taxonomy":"product_cat","embeddable":true,"href":"https:\/\/onlinehardwareshop.de\/index.php\/wp-json\/wp\/v2\/product_cat?post=73067"},{"taxonomy":"product_tag","embeddable":true,"href":"https:\/\/onlinehardwareshop.de\/index.php\/wp-json\/wp\/v2\/product_tag?post=73067"}],"curies":[{"name":"wp","href":"https:\/\/api.w.org\/{rel}","templated":true}]}}