{"id":73024,"date":"2025-04-11T15:16:29","date_gmt":"2025-04-11T15:16:29","guid":{"rendered":"https:\/\/onlinehardwareshop.de\/index.php\/produkt\/jabra-evolve2-65-link380a-ms-stereo-black-2\/"},"modified":"2025-05-14T02:25:07","modified_gmt":"2025-05-14T02:25:07","slug":"jabra-evolve2-65-link380a-ms-stereo-black","status":"publish","type":"product","link":"https:\/\/onlinehardwareshop.de\/index.php\/produkt\/jabra-evolve2-65-link380a-ms-stereo-black\/","title":{"rendered":"Jabra Evolve2 65 Link380a MS Stereo Black"},"content":{"rendered":"<p>Mit dem Jabra Evolve2 65 Link380a MS Stereo Black h\u00f6rst du deine Gespr\u00e4chspartner dank der 40 mm gro\u00dfen Lautsprecher klar und deutlich. Dieses Office-Headset l\u00e4sst sich bis zu 37 Stunden nutzen, bis du es aufladen musst. Der Anschluss des kabellosen Jabra Headsets am PC, Smartphone oder Laptop erfolgt wahlweise \u00fcber Bluetooth oder einen USB-A-Dongle. Dank der verbesserten Passform werden Umgebungsger\u00e4usche durch passives Noise Cancelling auf nat\u00fcrliche Weise ged\u00e4mpft. So st\u00f6rt dich L\u00e4rm von au\u00dfen weniger. Und dank der Rauschunterdr\u00fcckung im Mikrofon bel\u00e4stigt deinen Gespr\u00e4chspartner dein Umgebungsl\u00e4rm nicht. Das Office-Headset l\u00e4sst sich \u00fcber Bluetooth mit zwei Ger\u00e4ten gleichzeitig verbinden, wodurch du schnell vom Anruf zur Spotify-Wiedergabeliste wechseln. Wenn das Licht am Mikrofon und an der Ohrmuschel leuchtet, wissen deine Kollegen, dass du gerade telefonierst. So sehen sie, wann sie st\u00f6ren und wann nicht.   Speziell f\u00fcr Microsoft Teams  Dieses Headset wurde speziell f\u00fcr die ultimative Kommunikation \u00fcber Microsoft Teams entwickelt. Nimm an einem Meeting teil oder starte Microsoft Teams, indem du eine Taste an der H\u00f6rmuschel dr\u00fcckst. Das Headset informiert dich, wenn du einen Anruf verpasst hast, eine Voicemail erh\u00e4ltst oder eine Besprechung hast.<\/p>\n","protected":false},"excerpt":{"rendered":"<p>Mit dem Jabra Evolve2 65 Link380a MS Stereo Black h\u00f6rst du deine Gespr\u00e4chspartner dank der 40 mm gro\u00dfen Lautsprecher klar und deutlich. Dieses Office-Headset l\u00e4sst sich bis zu 37 Stunden nutzen, bis du es aufladen musst. Der Anschluss des kabellosen Jabra Headsets am PC, Smartphone oder Laptop erfolgt wahlweise \u00fcber Bluetooth oder einen USB-A-Dongle. Dank der verbesserten Passform werden Umgebungsger\u00e4usche durch passives Noise Cancelling auf nat\u00fcrliche Weise ged\u00e4mpft. So st\u00f6rt dich L\u00e4rm von au\u00dfen weniger. Und dank der Rauschunterdr\u00fcckung im Mikrofon bel\u00e4stigt deinen Gespr\u00e4chspartner dein Umgebungsl\u00e4rm nicht. Das Office-Headset l\u00e4sst sich \u00fcber Bluetooth mit zwei Ger\u00e4ten gleichzeitig verbinden, wodurch du schnell vom Anruf zur Spotify-Wiedergabeliste wechseln. Wenn das Licht am Mikrofon und an der Ohrmuschel leuchtet, wissen deine Kollegen, dass du gerade telefonierst. So sehen sie, wann sie st\u00f6ren und wann nicht.   Speziell f\u00fcr Microsoft Teams  Dieses Headset wurde speziell f\u00fcr die ultimative Kommunikation \u00fcber Microsoft Teams entwickelt. Nimm an einem Meeting teil oder starte Microsoft Teams, indem du eine Taste an der H\u00f6rmuschel dr\u00fcckst. Das Headset informiert dich, wenn du einen Anruf verpasst hast, eine Voicemail erh\u00e4ltst oder eine Besprechung hast.<\/p>\n","protected":false},"featured_media":0,"comment_status":"closed","ping_status":"open","template":"","meta":{"_acf_changed":false},"brand":[815],"product_brand":[],"product_cat":[257],"product_tag":[258],"class_list":{"0":"post-73024","1":"product","2":"type-product","3":"status-publish","5":"brand-jabra","6":"product_cat-office-headsets","7":"product_tag-headsets-office","8":"pa_condition-new","9":"pa_coolblue-de-verzending-morgen-gratis-geliefert","10":"pa_ean-5977","11":"pa_mpn-26599-999-999","13":"first","14":"instock","15":"product-type-external"},"acf":[],"_links":{"self":[{"href":"https:\/\/onlinehardwareshop.de\/index.php\/wp-json\/wp\/v2\/product\/73024","targetHints":{"allow":["GET"]}}],"collection":[{"href":"https:\/\/onlinehardwareshop.de\/index.php\/wp-json\/wp\/v2\/product"}],"about":[{"href":"https:\/\/onlinehardwareshop.de\/index.php\/wp-json\/wp\/v2\/types\/product"}],"replies":[{"embeddable":true,"href":"https:\/\/onlinehardwareshop.de\/index.php\/wp-json\/wp\/v2\/comments?post=73024"}],"wp:attachment":[{"href":"https:\/\/onlinehardwareshop.de\/index.php\/wp-json\/wp\/v2\/media?parent=73024"}],"wp:term":[{"taxonomy":"brand","embeddable":true,"href":"https:\/\/onlinehardwareshop.de\/index.php\/wp-json\/wp\/v2\/brand?post=73024"},{"taxonomy":"product_brand","embeddable":true,"href":"https:\/\/onlinehardwareshop.de\/index.php\/wp-json\/wp\/v2\/product_brand?post=73024"},{"taxonomy":"product_cat","embeddable":true,"href":"https:\/\/onlinehardwareshop.de\/index.php\/wp-json\/wp\/v2\/product_cat?post=73024"},{"taxonomy":"product_tag","embeddable":true,"href":"https:\/\/onlinehardwareshop.de\/index.php\/wp-json\/wp\/v2\/product_tag?post=73024"}],"curies":[{"name":"wp","href":"https:\/\/api.w.org\/{rel}","templated":true}]}}