{"id":72894,"date":"2024-04-30T22:49:37","date_gmt":"2024-04-30T22:49:37","guid":{"rendered":"https:\/\/onlinehardwareshop.de\/index.php\/produkt\/wd-red-sa500-sata-ssd-25-zoll-500gb-2\/"},"modified":"2025-05-14T02:14:02","modified_gmt":"2025-05-14T02:14:02","slug":"wd-red-sa500-sata-ssd-25-zoll-500gb","status":"publish","type":"product","link":"https:\/\/onlinehardwareshop.de\/index.php\/produkt\/wd-red-sa500-sata-ssd-25-zoll-500gb\/","title":{"rendered":"WD Red SA500 SATA SSD 2,5 Zoll 500GB"},"content":{"rendered":"<p>Hinweis: Diese 2,5 Zoll-SSD hat eine SATA-Schnittstelle und funktioniert nur, wenn dein System SATA unterst\u00fctzt. \u00dcberpr\u00fcfe dies in deiner Motherboard-Gebrauchsanleitung. Verbessere die Leistungen und die Reaktionsgeschwindigkeit deines NAS mit der WD Red SA500 SATA SSD 2,5 Zoll 500 GB. Die WD Red bietet eine Schreibgeschwindigkeit von 530 MB\/s und eine Lesegeschwindigkeit von 560 MB\/s. Auf einem Speicherplatz von 500 GB kannst du bis zu 50.000 Fotos und bis zu 15 Stunden 4K-Bildmaterial speichern. Diese SSD wurde speziell f\u00fcr eine Nutzung rund um die Uhr in einem immer eingeschalteten NAS-System entwickelt. Aufgrund der 3D NAND-Technologie ist der Energieverbrauch geringer als im Vergleich mit 2D NAND, so dass die Stromrechnung f\u00fcr dein NAS sinkt. Dank effizienten Caching gro\u00dfer Dateien eignet sich diese Festplatte f\u00fcr anspruchsvolle Anwendungen wie OLTP-Datenbanken, Umgebungen mit mehreren Anwendern sowie das Rendern von Bildmaterial.<\/p>\n","protected":false},"excerpt":{"rendered":"<p>Hinweis: Diese 2,5 Zoll-SSD hat eine SATA-Schnittstelle und funktioniert nur, wenn dein System SATA unterst\u00fctzt. \u00dcberpr\u00fcfe dies in deiner Motherboard-Gebrauchsanleitung. Verbessere die Leistungen und die Reaktionsgeschwindigkeit deines NAS mit der WD Red SA500 SATA SSD 2,5 Zoll 500 GB. Die WD Red bietet eine Schreibgeschwindigkeit von 530 MB\/s und eine Lesegeschwindigkeit von 560 MB\/s. Auf einem Speicherplatz von 500 GB kannst du bis zu 50.000 Fotos und bis zu 15 Stunden 4K-Bildmaterial speichern. Diese SSD wurde speziell f\u00fcr eine Nutzung rund um die Uhr in einem immer eingeschalteten NAS-System entwickelt. Aufgrund der 3D NAND-Technologie ist der Energieverbrauch geringer als im Vergleich mit 2D NAND, so dass die Stromrechnung f\u00fcr dein NAS sinkt. Dank effizienten Caching gro\u00dfer Dateien eignet sich diese Festplatte f\u00fcr anspruchsvolle Anwendungen wie OLTP-Datenbanken, Umgebungen mit mehreren Anwendern sowie das Rendern von Bildmaterial.<\/p>\n","protected":false},"featured_media":0,"comment_status":"closed","ping_status":"open","template":"","meta":{"_acf_changed":false},"brand":[645],"product_brand":[],"product_cat":[2957],"product_tag":[2958],"class_list":{"0":"post-72894","1":"product","2":"type-product","3":"status-publish","5":"brand-western-digital","6":"product_cat-solid-state-drives-ssd","7":"product_tag-25-inch-ssd","8":"pa_condition-new","9":"pa_coolblue-de-verzending-morgen-gratis-geliefert","10":"pa_ean-5694","11":"pa_mpn-wds500g1r0a","13":"first","14":"instock","15":"product-type-external"},"acf":[],"_links":{"self":[{"href":"https:\/\/onlinehardwareshop.de\/index.php\/wp-json\/wp\/v2\/product\/72894","targetHints":{"allow":["GET"]}}],"collection":[{"href":"https:\/\/onlinehardwareshop.de\/index.php\/wp-json\/wp\/v2\/product"}],"about":[{"href":"https:\/\/onlinehardwareshop.de\/index.php\/wp-json\/wp\/v2\/types\/product"}],"replies":[{"embeddable":true,"href":"https:\/\/onlinehardwareshop.de\/index.php\/wp-json\/wp\/v2\/comments?post=72894"}],"wp:attachment":[{"href":"https:\/\/onlinehardwareshop.de\/index.php\/wp-json\/wp\/v2\/media?parent=72894"}],"wp:term":[{"taxonomy":"brand","embeddable":true,"href":"https:\/\/onlinehardwareshop.de\/index.php\/wp-json\/wp\/v2\/brand?post=72894"},{"taxonomy":"product_brand","embeddable":true,"href":"https:\/\/onlinehardwareshop.de\/index.php\/wp-json\/wp\/v2\/product_brand?post=72894"},{"taxonomy":"product_cat","embeddable":true,"href":"https:\/\/onlinehardwareshop.de\/index.php\/wp-json\/wp\/v2\/product_cat?post=72894"},{"taxonomy":"product_tag","embeddable":true,"href":"https:\/\/onlinehardwareshop.de\/index.php\/wp-json\/wp\/v2\/product_tag?post=72894"}],"curies":[{"name":"wp","href":"https:\/\/api.w.org\/{rel}","templated":true}]}}