{"id":72881,"date":"2025-03-22T16:06:26","date_gmt":"2025-03-22T16:06:26","guid":{"rendered":"https:\/\/onlinehardwareshop.de\/index.php\/produkt\/sandisk-ultra-usb-3-0-32-gb-doppelpack-2\/"},"modified":"2025-05-14T02:13:02","modified_gmt":"2025-05-14T02:13:02","slug":"sandisk-ultra-usb-3-0-32-gb-doppelpack","status":"publish","type":"product","link":"https:\/\/onlinehardwareshop.de\/index.php\/produkt\/sandisk-ultra-usb-3-0-32-gb-doppelpack\/","title":{"rendered":"SanDisk Ultra USB 3.0 32 GB Doppelpack"},"content":{"rendered":"<p>Mit dem SanDisk Ultra USB 3.0 32 GB Doppelpack hast du jetzt mehr Speicherplatz f\u00fcr Urlaubsfotos und andere Dateien. Der SanDisk Ultra USB 3.0 ist ein kompakter, ausziehbarer USB-Stick mit einer Speicherkapazit\u00e4t von 32 Gigabyte. Durch die hohe \u00dcbertragungsgeschwindigkeit von 100 Megabyte pro Sekunde kannst du eine gro\u00dfe Datei wie ein HD-Video in Sekundenschnelle \u00fcbertragen. Dank SanDisk SecureAccess kannst du Ordnern ein Passwort geben und deine Dateien sind \u00fcberall gesichert. Dar\u00fcber hinaus gew\u00e4hrt SanDisk auf diesen USB-Stick eine besonders lange Garantie von 5 Jahren.<\/p>\n","protected":false},"excerpt":{"rendered":"<p>Mit dem SanDisk Ultra USB 3.0 32 GB Doppelpack hast du jetzt mehr Speicherplatz f\u00fcr Urlaubsfotos und andere Dateien. Der SanDisk Ultra USB 3.0 ist ein kompakter, ausziehbarer USB-Stick mit einer Speicherkapazit\u00e4t von 32 Gigabyte. Durch die hohe \u00dcbertragungsgeschwindigkeit von 100 Megabyte pro Sekunde kannst du eine gro\u00dfe Datei wie ein HD-Video in Sekundenschnelle \u00fcbertragen. Dank SanDisk SecureAccess kannst du Ordnern ein Passwort geben und deine Dateien sind \u00fcberall gesichert. Dar\u00fcber hinaus gew\u00e4hrt SanDisk auf diesen USB-Stick eine besonders lange Garantie von 5 Jahren.<\/p>\n","protected":false},"featured_media":0,"comment_status":"closed","ping_status":"open","template":"","meta":{"_acf_changed":false},"brand":[991],"product_brand":[],"product_cat":[992],"product_tag":[],"class_list":{"0":"post-72881","1":"product","2":"type-product","3":"status-publish","5":"brand-sandisk","6":"product_cat-usb-sticks","7":"pa_condition-new","8":"pa_coolblue-de-verzending-morgen-gratis-geliefert","9":"pa_ean-5664","11":"first","12":"instock","13":"product-type-external"},"acf":[],"_links":{"self":[{"href":"https:\/\/onlinehardwareshop.de\/index.php\/wp-json\/wp\/v2\/product\/72881","targetHints":{"allow":["GET"]}}],"collection":[{"href":"https:\/\/onlinehardwareshop.de\/index.php\/wp-json\/wp\/v2\/product"}],"about":[{"href":"https:\/\/onlinehardwareshop.de\/index.php\/wp-json\/wp\/v2\/types\/product"}],"replies":[{"embeddable":true,"href":"https:\/\/onlinehardwareshop.de\/index.php\/wp-json\/wp\/v2\/comments?post=72881"}],"wp:attachment":[{"href":"https:\/\/onlinehardwareshop.de\/index.php\/wp-json\/wp\/v2\/media?parent=72881"}],"wp:term":[{"taxonomy":"brand","embeddable":true,"href":"https:\/\/onlinehardwareshop.de\/index.php\/wp-json\/wp\/v2\/brand?post=72881"},{"taxonomy":"product_brand","embeddable":true,"href":"https:\/\/onlinehardwareshop.de\/index.php\/wp-json\/wp\/v2\/product_brand?post=72881"},{"taxonomy":"product_cat","embeddable":true,"href":"https:\/\/onlinehardwareshop.de\/index.php\/wp-json\/wp\/v2\/product_cat?post=72881"},{"taxonomy":"product_tag","embeddable":true,"href":"https:\/\/onlinehardwareshop.de\/index.php\/wp-json\/wp\/v2\/product_tag?post=72881"}],"curies":[{"name":"wp","href":"https:\/\/api.w.org\/{rel}","templated":true}]}}