{"id":72876,"date":"2024-08-06T03:16:44","date_gmt":"2024-08-06T03:16:44","guid":{"rendered":"https:\/\/onlinehardwareshop.de\/index.php\/produkt\/netatmo-smart-wetterstation-regenmesser-2\/"},"modified":"2025-05-14T02:12:48","modified_gmt":"2025-05-14T02:12:48","slug":"netatmo-smart-wetterstation-regenmesser","status":"publish","type":"product","link":"https:\/\/onlinehardwareshop.de\/index.php\/produkt\/netatmo-smart-wetterstation-regenmesser\/","title":{"rendered":"Netatmo Smart-Wetterstation + Regenmesser"},"content":{"rendered":"<p>Mit der Netatmo Smart-Wetterstation mit Regenmesser beh\u00e4ltst du neben der Temperatur in und um dein Haus auch die Regenmenge im Auge. In der \u00fcbersichtlichen App von Netatmo zeigt dir diese Informationen an. Dar\u00fcber hinaus misst diese Smart-Wetterstation werden neben Standardinformationen wie der Temperatur auch Luftfeuchtigkeit, Umgebungsger\u00e4usche und CO2. Mit diesem Paket misst innen und au\u00df\u00e9n Temperatur und Luftfeuchtigkeit sowie au\u00dfen die Regenmenge. So wei\u00dft du beispielsweise, wie warm es im Wohnzimmer ist, wie es mit der Luftqualit\u00e4t aussieht und ob es letzte Nacht geregnet hat. Basierend auf diesen Informationen sicherst du dir schnell einen guten Einblick in deine Lebensumgebung und kannst beispielsweise die Luftqualit\u00e4t in den Innenr\u00e4umen optimieren.<\/p>\n","protected":false},"excerpt":{"rendered":"<p>Mit der Netatmo Smart-Wetterstation mit Regenmesser beh\u00e4ltst du neben der Temperatur in und um dein Haus auch die Regenmenge im Auge. In der \u00fcbersichtlichen App von Netatmo zeigt dir diese Informationen an. Dar\u00fcber hinaus misst diese Smart-Wetterstation werden neben Standardinformationen wie der Temperatur auch Luftfeuchtigkeit, Umgebungsger\u00e4usche und CO2. Mit diesem Paket misst innen und au\u00df\u00e9n Temperatur und Luftfeuchtigkeit sowie au\u00dfen die Regenmenge. So wei\u00dft du beispielsweise, wie warm es im Wohnzimmer ist, wie es mit der Luftqualit\u00e4t aussieht und ob es letzte Nacht geregnet hat. Basierend auf diesen Informationen sicherst du dir schnell einen guten Einblick in deine Lebensumgebung und kannst beispielsweise die Luftqualit\u00e4t in den Innenr\u00e4umen optimieren.<\/p>\n","protected":false},"featured_media":0,"comment_status":"closed","ping_status":"open","template":"","meta":{"_acf_changed":false},"brand":[845],"product_brand":[],"product_cat":[846],"product_tag":[847],"class_list":{"0":"post-72876","1":"product","2":"type-product","3":"status-publish","5":"brand-netatmo","6":"product_cat-wetterstationen","7":"product_tag-weerstations","8":"pa_condition-new","9":"pa_coolblue-de-verzending-morgen-gratis-geliefert","10":"pa_ean-5649","11":"pa_mpn-na-74-017","13":"first","14":"instock","15":"product-type-external"},"acf":[],"_links":{"self":[{"href":"https:\/\/onlinehardwareshop.de\/index.php\/wp-json\/wp\/v2\/product\/72876","targetHints":{"allow":["GET"]}}],"collection":[{"href":"https:\/\/onlinehardwareshop.de\/index.php\/wp-json\/wp\/v2\/product"}],"about":[{"href":"https:\/\/onlinehardwareshop.de\/index.php\/wp-json\/wp\/v2\/types\/product"}],"replies":[{"embeddable":true,"href":"https:\/\/onlinehardwareshop.de\/index.php\/wp-json\/wp\/v2\/comments?post=72876"}],"wp:attachment":[{"href":"https:\/\/onlinehardwareshop.de\/index.php\/wp-json\/wp\/v2\/media?parent=72876"}],"wp:term":[{"taxonomy":"brand","embeddable":true,"href":"https:\/\/onlinehardwareshop.de\/index.php\/wp-json\/wp\/v2\/brand?post=72876"},{"taxonomy":"product_brand","embeddable":true,"href":"https:\/\/onlinehardwareshop.de\/index.php\/wp-json\/wp\/v2\/product_brand?post=72876"},{"taxonomy":"product_cat","embeddable":true,"href":"https:\/\/onlinehardwareshop.de\/index.php\/wp-json\/wp\/v2\/product_cat?post=72876"},{"taxonomy":"product_tag","embeddable":true,"href":"https:\/\/onlinehardwareshop.de\/index.php\/wp-json\/wp\/v2\/product_tag?post=72876"}],"curies":[{"name":"wp","href":"https:\/\/api.w.org\/{rel}","templated":true}]}}