{"id":72836,"date":"2024-11-15T11:02:48","date_gmt":"2024-11-15T11:02:48","guid":{"rendered":"https:\/\/onlinehardwareshop.de\/index.php\/produkt\/boretti-bbq-besteckset-4-teilig-2\/"},"modified":"2025-05-14T02:09:19","modified_gmt":"2025-05-14T02:09:19","slug":"boretti-bbq-besteckset-4-teilig","status":"publish","type":"product","link":"https:\/\/onlinehardwareshop.de\/index.php\/produkt\/boretti-bbq-besteckset-4-teilig\/","title":{"rendered":"Boretti BBQ Besteckset 4-teilig"},"content":{"rendered":"<p>Mit dem Boretti BBQ Grillbesteck hast du alles, was du zum Grillen brauchst. Das Set besteht aus einer Zange, einem Spatel, einer Gabel und einer Pinzette. Praktisch, denn so wendest du sowohl gro\u00dfe als auch kleine Zutaten m\u00fchelos. Dank der praktischen Aufh\u00e4nge\u00f6sen h\u00e4ngst du das Grillbesteck nach Gebrauch einfach an deinen Grill.<\/p>\n","protected":false},"excerpt":{"rendered":"<p>Mit dem Boretti BBQ Grillbesteck hast du alles, was du zum Grillen brauchst. Das Set besteht aus einer Zange, einem Spatel, einer Gabel und einer Pinzette. Praktisch, denn so wendest du sowohl gro\u00dfe als auch kleine Zutaten m\u00fchelos. Dank der praktischen Aufh\u00e4nge\u00f6sen h\u00e4ngst du das Grillbesteck nach Gebrauch einfach an deinen Grill.<\/p>\n","protected":false},"featured_media":0,"comment_status":"closed","ping_status":"open","template":"","meta":{"_acf_changed":false},"brand":[1213],"product_brand":[],"product_cat":[5561],"product_tag":[5562],"class_list":{"0":"post-72836","1":"product","2":"type-product","3":"status-publish","5":"brand-boretti","6":"product_cat-grillbesteck-sets","7":"product_tag-barbecuegereedschapsets","8":"pa_condition-new","9":"pa_coolblue-de-verzending-morgen-gratis-geliefert","10":"pa_ean-5559","11":"pa_mpn-bba80","13":"first","14":"instock","15":"product-type-external"},"acf":[],"_links":{"self":[{"href":"https:\/\/onlinehardwareshop.de\/index.php\/wp-json\/wp\/v2\/product\/72836","targetHints":{"allow":["GET"]}}],"collection":[{"href":"https:\/\/onlinehardwareshop.de\/index.php\/wp-json\/wp\/v2\/product"}],"about":[{"href":"https:\/\/onlinehardwareshop.de\/index.php\/wp-json\/wp\/v2\/types\/product"}],"replies":[{"embeddable":true,"href":"https:\/\/onlinehardwareshop.de\/index.php\/wp-json\/wp\/v2\/comments?post=72836"}],"wp:attachment":[{"href":"https:\/\/onlinehardwareshop.de\/index.php\/wp-json\/wp\/v2\/media?parent=72836"}],"wp:term":[{"taxonomy":"brand","embeddable":true,"href":"https:\/\/onlinehardwareshop.de\/index.php\/wp-json\/wp\/v2\/brand?post=72836"},{"taxonomy":"product_brand","embeddable":true,"href":"https:\/\/onlinehardwareshop.de\/index.php\/wp-json\/wp\/v2\/product_brand?post=72836"},{"taxonomy":"product_cat","embeddable":true,"href":"https:\/\/onlinehardwareshop.de\/index.php\/wp-json\/wp\/v2\/product_cat?post=72836"},{"taxonomy":"product_tag","embeddable":true,"href":"https:\/\/onlinehardwareshop.de\/index.php\/wp-json\/wp\/v2\/product_tag?post=72836"}],"curies":[{"name":"wp","href":"https:\/\/api.w.org\/{rel}","templated":true}]}}