{"id":72822,"date":"2024-12-11T00:11:31","date_gmt":"2024-12-11T00:11:31","guid":{"rendered":"https:\/\/onlinehardwareshop.de\/index.php\/produkt\/kabelloser-smart-kohlenmonoxidmelder-klikaanklikuit-zco-900-2\/"},"modified":"2025-05-14T02:08:13","modified_gmt":"2025-05-14T02:08:13","slug":"kabelloser-smart-kohlenmonoxidmelder-klikaanklikuit-zco-900","status":"publish","type":"product","link":"https:\/\/onlinehardwareshop.de\/index.php\/produkt\/kabelloser-smart-kohlenmonoxidmelder-klikaanklikuit-zco-900\/","title":{"rendered":"Kabelloser Smart-Kohlenmonoxidmelder KlikAanKlikUit ZCO-900"},"content":{"rendered":"<p>Der KlikAanKlikUit ZCO-900 ist ein Kohlenmonoxidmelder, der zusammen mit der KlikAanKlikUit Internet Control Station funktioniert. Bringe den Melder in der N\u00e4he deiner Gastherme an und du wirst bei einem zu hohen Kohlenmonoxidgehalt rechtzeitig gewarnt. Wenn du ihn mit der Basisstation verkn\u00fcpfst, erh\u00e4ltst du Benachrichtigungen \u00fcber die App auf deinem Handy. So bist du immer sofort \u00fcber eine gef\u00e4hrliche Situation im Haus informiert. Der ZCO-900 wird mit einer austauschbaren Batterie betrieben, die bei normaler Nutzung bis zu drei Jahre lang h\u00e4lt. Sorge daf\u00fcr, dass du regelm\u00e4\u00dfig durch Bet\u00e4tigung des Testknopfs kontrollierst, ob der Kohlenmonoxidmelder noch ordnungsgem\u00e4\u00df funktioniert.<\/p>\n","protected":false},"excerpt":{"rendered":"<p>Der KlikAanKlikUit ZCO-900 ist ein Kohlenmonoxidmelder, der zusammen mit der KlikAanKlikUit Internet Control Station funktioniert. Bringe den Melder in der N\u00e4he deiner Gastherme an und du wirst bei einem zu hohen Kohlenmonoxidgehalt rechtzeitig gewarnt. Wenn du ihn mit der Basisstation verkn\u00fcpfst, erh\u00e4ltst du Benachrichtigungen \u00fcber die App auf deinem Handy. So bist du immer sofort \u00fcber eine gef\u00e4hrliche Situation im Haus informiert. Der ZCO-900 wird mit einer austauschbaren Batterie betrieben, die bei normaler Nutzung bis zu drei Jahre lang h\u00e4lt. Sorge daf\u00fcr, dass du regelm\u00e4\u00dfig durch Bet\u00e4tigung des Testknopfs kontrollierst, ob der Kohlenmonoxidmelder noch ordnungsgem\u00e4\u00df funktioniert.<\/p>\n","protected":false},"featured_media":0,"comment_status":"closed","ping_status":"open","template":"","meta":{"_acf_changed":false},"brand":[627],"product_brand":[],"product_cat":[5529],"product_tag":[5530],"class_list":{"0":"post-72822","1":"product","2":"type-product","3":"status-publish","5":"brand-klikaanklikuit","6":"product_cat-kohlenmonoxidmelder","7":"product_tag-koolmonoxidemelders","8":"pa_condition-new","9":"pa_coolblue-de-verzending-morgen-gratis-geliefert","10":"pa_ean-5527","11":"pa_mpn-5528","13":"first","14":"instock","15":"product-type-external"},"acf":[],"_links":{"self":[{"href":"https:\/\/onlinehardwareshop.de\/index.php\/wp-json\/wp\/v2\/product\/72822","targetHints":{"allow":["GET"]}}],"collection":[{"href":"https:\/\/onlinehardwareshop.de\/index.php\/wp-json\/wp\/v2\/product"}],"about":[{"href":"https:\/\/onlinehardwareshop.de\/index.php\/wp-json\/wp\/v2\/types\/product"}],"replies":[{"embeddable":true,"href":"https:\/\/onlinehardwareshop.de\/index.php\/wp-json\/wp\/v2\/comments?post=72822"}],"wp:attachment":[{"href":"https:\/\/onlinehardwareshop.de\/index.php\/wp-json\/wp\/v2\/media?parent=72822"}],"wp:term":[{"taxonomy":"brand","embeddable":true,"href":"https:\/\/onlinehardwareshop.de\/index.php\/wp-json\/wp\/v2\/brand?post=72822"},{"taxonomy":"product_brand","embeddable":true,"href":"https:\/\/onlinehardwareshop.de\/index.php\/wp-json\/wp\/v2\/product_brand?post=72822"},{"taxonomy":"product_cat","embeddable":true,"href":"https:\/\/onlinehardwareshop.de\/index.php\/wp-json\/wp\/v2\/product_cat?post=72822"},{"taxonomy":"product_tag","embeddable":true,"href":"https:\/\/onlinehardwareshop.de\/index.php\/wp-json\/wp\/v2\/product_tag?post=72822"}],"curies":[{"name":"wp","href":"https:\/\/api.w.org\/{rel}","templated":true}]}}