{"id":72651,"date":"2025-04-29T20:57:44","date_gmt":"2025-04-29T20:57:44","guid":{"rendered":"https:\/\/onlinehardwareshop.de\/index.php\/produkt\/vortex-diamondback-hd-8x42-fernglas-2\/"},"modified":"2025-05-14T01:53:18","modified_gmt":"2025-05-14T01:53:18","slug":"vortex-diamondback-hd-8x42-fernglas","status":"publish","type":"product","link":"https:\/\/onlinehardwareshop.de\/index.php\/produkt\/vortex-diamondback-hd-8x42-fernglas\/","title":{"rendered":"Vortex Diamondback HD 8&#215;42 Fernglas"},"content":{"rendered":"<p>Das Vortex Diamondback 8&#215;42 ist ein Fernglas f\u00fcr Vogelbeobachter und Reisende. Das HD-Glas liefert ein optimiertes Bild mit hoher Aufl\u00f6sung. Dadurch bleiben die Farben naturgetreu und das Bild ist \u00fcber die ganze Fl\u00e4che scharf ohne chromatische Aberrationen. Dank der 5,3-mm-Austrittspupille und des D\u00e4mmerungsfaktors von 18,3 kannst du dieses Fernglas bei Sonnenuntergang problemlos verwenden. Zum Beispiel kannst du trinkende Tiere in der D\u00e4mmerung beobachten. Mit dem Nahfokus ab  1,5 Meter Abstand kannst du ganz einfach auf Motive fokussieren, die n\u00e4her bei dir liegen. Damit stellst du auch auf Fu\u00dfabdr\u00fccke oder V\u00f6gel tief im Baum scharf. Antireflexbeschichtungen reduzieren Lichtreflexe. Dadurch hast du auch bei viel Sonnenlicht eine gute Sicht.<\/p>\n","protected":false},"excerpt":{"rendered":"<p>Das Vortex Diamondback 8&#215;42 ist ein Fernglas f\u00fcr Vogelbeobachter und Reisende. Das HD-Glas liefert ein optimiertes Bild mit hoher Aufl\u00f6sung. Dadurch bleiben die Farben naturgetreu und das Bild ist \u00fcber die ganze Fl\u00e4che scharf ohne chromatische Aberrationen. Dank der 5,3-mm-Austrittspupille und des D\u00e4mmerungsfaktors von 18,3 kannst du dieses Fernglas bei Sonnenuntergang problemlos verwenden. Zum Beispiel kannst du trinkende Tiere in der D\u00e4mmerung beobachten. Mit dem Nahfokus ab  1,5 Meter Abstand kannst du ganz einfach auf Motive fokussieren, die n\u00e4her bei dir liegen. Damit stellst du auch auf Fu\u00dfabdr\u00fccke oder V\u00f6gel tief im Baum scharf. Antireflexbeschichtungen reduzieren Lichtreflexe. Dadurch hast du auch bei viel Sonnenlicht eine gute Sicht.<\/p>\n","protected":false},"featured_media":0,"comment_status":"closed","ping_status":"open","template":"","meta":{"_acf_changed":false},"brand":[447],"product_brand":[],"product_cat":[448],"product_tag":[1304],"class_list":{"0":"post-72651","1":"product","2":"type-product","3":"status-publish","5":"brand-vortex","6":"product_cat-fernglser","7":"product_tag-dakkant-verrekijkers","8":"pa_condition-new","9":"pa_coolblue-de-verzending-morgen-gratis-geliefert","10":"pa_ean-32663","11":"pa_mpn-d170061","13":"first","14":"instock","15":"product-type-external"},"acf":[],"_links":{"self":[{"href":"https:\/\/onlinehardwareshop.de\/index.php\/wp-json\/wp\/v2\/product\/72651","targetHints":{"allow":["GET"]}}],"collection":[{"href":"https:\/\/onlinehardwareshop.de\/index.php\/wp-json\/wp\/v2\/product"}],"about":[{"href":"https:\/\/onlinehardwareshop.de\/index.php\/wp-json\/wp\/v2\/types\/product"}],"replies":[{"embeddable":true,"href":"https:\/\/onlinehardwareshop.de\/index.php\/wp-json\/wp\/v2\/comments?post=72651"}],"wp:attachment":[{"href":"https:\/\/onlinehardwareshop.de\/index.php\/wp-json\/wp\/v2\/media?parent=72651"}],"wp:term":[{"taxonomy":"brand","embeddable":true,"href":"https:\/\/onlinehardwareshop.de\/index.php\/wp-json\/wp\/v2\/brand?post=72651"},{"taxonomy":"product_brand","embeddable":true,"href":"https:\/\/onlinehardwareshop.de\/index.php\/wp-json\/wp\/v2\/product_brand?post=72651"},{"taxonomy":"product_cat","embeddable":true,"href":"https:\/\/onlinehardwareshop.de\/index.php\/wp-json\/wp\/v2\/product_cat?post=72651"},{"taxonomy":"product_tag","embeddable":true,"href":"https:\/\/onlinehardwareshop.de\/index.php\/wp-json\/wp\/v2\/product_tag?post=72651"}],"curies":[{"name":"wp","href":"https:\/\/api.w.org\/{rel}","templated":true}]}}