{"id":72647,"date":"2025-04-18T04:22:26","date_gmt":"2025-04-18T04:22:26","guid":{"rendered":"https:\/\/onlinehardwareshop.de\/index.php\/produkt\/vortex-diamondback-hd-8x28-fernglas-2\/"},"modified":"2025-05-14T01:52:59","modified_gmt":"2025-05-14T01:52:59","slug":"vortex-diamondback-hd-8x28-fernglas","status":"publish","type":"product","link":"https:\/\/onlinehardwareshop.de\/index.php\/produkt\/vortex-diamondback-hd-8x28-fernglas\/","title":{"rendered":"Vortex Diamondback HD 8&#215;28 Fernglas"},"content":{"rendered":"<p>Das Vortex Diamondback HD 8&#215;28 ist ein Fernglas f\u00fcr Vogelbeobachter, J\u00e4ger und Reisende. Das HD-Glas liefert ein optimiertes Bild mit hoher Aufl\u00f6sung. Auf diese Weise bleiben die Farben naturgetreu und das Bild \u00fcber die ganze Fl\u00e4che scharf ohne chromatische Aberrationen. Mit diesem Fernglas kannst du entfernte Motive bis zu 8-fach vergr\u00f6\u00dfern. Dadurch kannst du V\u00f6gel beobachten, als st\u00fcndest du direkt daneben. Dank des Gewichts von 397 Gramm kannst du dieses Fernglas einfach und bequem lange halten. Antireflexbeschichtungen reduzieren Lichtreflexe, sodass du auch bei viel Sonnenlicht eine gute Sicht hast. Dieses Fernglas kannst du problemlos bei schlechtem Wetter verwenden, da das Fernglas gegen Wasser abgedichtet ist.<\/p>\n","protected":false},"excerpt":{"rendered":"<p>Das Vortex Diamondback HD 8&#215;28 ist ein Fernglas f\u00fcr Vogelbeobachter, J\u00e4ger und Reisende. Das HD-Glas liefert ein optimiertes Bild mit hoher Aufl\u00f6sung. Auf diese Weise bleiben die Farben naturgetreu und das Bild \u00fcber die ganze Fl\u00e4che scharf ohne chromatische Aberrationen. Mit diesem Fernglas kannst du entfernte Motive bis zu 8-fach vergr\u00f6\u00dfern. Dadurch kannst du V\u00f6gel beobachten, als st\u00fcndest du direkt daneben. Dank des Gewichts von 397 Gramm kannst du dieses Fernglas einfach und bequem lange halten. Antireflexbeschichtungen reduzieren Lichtreflexe, sodass du auch bei viel Sonnenlicht eine gute Sicht hast. Dieses Fernglas kannst du problemlos bei schlechtem Wetter verwenden, da das Fernglas gegen Wasser abgedichtet ist.<\/p>\n","protected":false},"featured_media":0,"comment_status":"closed","ping_status":"open","template":"","meta":{"_acf_changed":false},"brand":[447],"product_brand":[],"product_cat":[448],"product_tag":[1304],"class_list":{"0":"post-72647","1":"product","2":"type-product","3":"status-publish","5":"brand-vortex","6":"product_cat-fernglser","7":"product_tag-dakkant-verrekijkers","8":"pa_condition-new","9":"pa_coolblue-de-verzending-morgen-gratis-geliefert","10":"pa_ean-5121","11":"pa_mpn-d170101","13":"first","14":"instock","15":"product-type-external"},"acf":[],"_links":{"self":[{"href":"https:\/\/onlinehardwareshop.de\/index.php\/wp-json\/wp\/v2\/product\/72647","targetHints":{"allow":["GET"]}}],"collection":[{"href":"https:\/\/onlinehardwareshop.de\/index.php\/wp-json\/wp\/v2\/product"}],"about":[{"href":"https:\/\/onlinehardwareshop.de\/index.php\/wp-json\/wp\/v2\/types\/product"}],"replies":[{"embeddable":true,"href":"https:\/\/onlinehardwareshop.de\/index.php\/wp-json\/wp\/v2\/comments?post=72647"}],"wp:attachment":[{"href":"https:\/\/onlinehardwareshop.de\/index.php\/wp-json\/wp\/v2\/media?parent=72647"}],"wp:term":[{"taxonomy":"brand","embeddable":true,"href":"https:\/\/onlinehardwareshop.de\/index.php\/wp-json\/wp\/v2\/brand?post=72647"},{"taxonomy":"product_brand","embeddable":true,"href":"https:\/\/onlinehardwareshop.de\/index.php\/wp-json\/wp\/v2\/product_brand?post=72647"},{"taxonomy":"product_cat","embeddable":true,"href":"https:\/\/onlinehardwareshop.de\/index.php\/wp-json\/wp\/v2\/product_cat?post=72647"},{"taxonomy":"product_tag","embeddable":true,"href":"https:\/\/onlinehardwareshop.de\/index.php\/wp-json\/wp\/v2\/product_tag?post=72647"}],"curies":[{"name":"wp","href":"https:\/\/api.w.org\/{rel}","templated":true}]}}