{"id":72602,"date":"2024-01-23T07:43:54","date_gmt":"2024-01-23T07:43:54","guid":{"rendered":"https:\/\/onlinehardwareshop.de\/index.php\/produkt\/gigaset-c570-hx-schwarz-erweiterung-2\/"},"modified":"2025-05-14T01:49:13","modified_gmt":"2025-05-14T01:49:13","slug":"gigaset-c570-hx-schwarz-erweiterung","status":"publish","type":"product","link":"https:\/\/onlinehardwareshop.de\/index.php\/produkt\/gigaset-c570-hx-schwarz-erweiterung\/","title":{"rendered":"Gigaset C570-HX Schwarz Erweiterung"},"content":{"rendered":"<p>Erweitere die Basisstation deines Festnetzanschlusses mit dem Gigaset C570-HX Schwarz. Dank des schlanken ergonomischen Designs kannst du das Mobilteil bequem in der Hand halten. Das Telefonbuch bietet Platz f\u00fcr bis zu 200 Kontakte. Hast du eine Gigaset-Basisstation? Dann kannst du die Kontakte einfach \u00fcber die Gigaset vCard-Funktion auf das neue Mobilteil \u00fcbertragen. Dieses Mobilteil ist GAP-kompatibel, d. h. es funktioniert mit Gigaset-Basisstationen sowie mit Ger\u00e4ten anderer Marken, die das GAP-Protokoll unterst\u00fctzen. Beachte, dass nur die Funktionen zum T\u00e4tigen und Empfangen von Anrufen garantiert funktionieren, wenn du das Ger\u00e4t an eine Basisstation einer anderen Marke als Gigaset anschlie\u00dft.  Hinweis: Das Mobilteil wird separat geliefert und funktioniert ohne Basisstation  nicht<\/p>\n","protected":false},"excerpt":{"rendered":"<p>Erweitere die Basisstation deines Festnetzanschlusses mit dem Gigaset C570-HX Schwarz. Dank des schlanken ergonomischen Designs kannst du das Mobilteil bequem in der Hand halten. Das Telefonbuch bietet Platz f\u00fcr bis zu 200 Kontakte. Hast du eine Gigaset-Basisstation? Dann kannst du die Kontakte einfach \u00fcber die Gigaset vCard-Funktion auf das neue Mobilteil \u00fcbertragen. Dieses Mobilteil ist GAP-kompatibel, d. h. es funktioniert mit Gigaset-Basisstationen sowie mit Ger\u00e4ten anderer Marken, die das GAP-Protokoll unterst\u00fctzen. Beachte, dass nur die Funktionen zum T\u00e4tigen und Empfangen von Anrufen garantiert funktionieren, wenn du das Ger\u00e4t an eine Basisstation einer anderen Marke als Gigaset anschlie\u00dft.  Hinweis: Das Mobilteil wird separat geliefert und funktioniert ohne Basisstation  nicht<\/p>\n","protected":false},"featured_media":0,"comment_status":"closed","ping_status":"open","template":"","meta":{"_acf_changed":false},"brand":[4160],"product_brand":[],"product_cat":[5011],"product_tag":[5012],"class_list":{"0":"post-72602","1":"product","2":"type-product","3":"status-publish","5":"brand-gigaset","6":"product_cat-mobilteile-fr-festnetztelefon","7":"product_tag-vaste-telefoon-handsets","8":"pa_condition-new","9":"pa_coolblue-de-verzending-morgen-gratis-geliefert","10":"pa_ean-5009","11":"pa_mpn-gig-c570hx-blk","13":"first","14":"instock","15":"product-type-external"},"acf":[],"_links":{"self":[{"href":"https:\/\/onlinehardwareshop.de\/index.php\/wp-json\/wp\/v2\/product\/72602","targetHints":{"allow":["GET"]}}],"collection":[{"href":"https:\/\/onlinehardwareshop.de\/index.php\/wp-json\/wp\/v2\/product"}],"about":[{"href":"https:\/\/onlinehardwareshop.de\/index.php\/wp-json\/wp\/v2\/types\/product"}],"replies":[{"embeddable":true,"href":"https:\/\/onlinehardwareshop.de\/index.php\/wp-json\/wp\/v2\/comments?post=72602"}],"wp:attachment":[{"href":"https:\/\/onlinehardwareshop.de\/index.php\/wp-json\/wp\/v2\/media?parent=72602"}],"wp:term":[{"taxonomy":"brand","embeddable":true,"href":"https:\/\/onlinehardwareshop.de\/index.php\/wp-json\/wp\/v2\/brand?post=72602"},{"taxonomy":"product_brand","embeddable":true,"href":"https:\/\/onlinehardwareshop.de\/index.php\/wp-json\/wp\/v2\/product_brand?post=72602"},{"taxonomy":"product_cat","embeddable":true,"href":"https:\/\/onlinehardwareshop.de\/index.php\/wp-json\/wp\/v2\/product_cat?post=72602"},{"taxonomy":"product_tag","embeddable":true,"href":"https:\/\/onlinehardwareshop.de\/index.php\/wp-json\/wp\/v2\/product_tag?post=72602"}],"curies":[{"name":"wp","href":"https:\/\/api.w.org\/{rel}","templated":true}]}}