{"id":72576,"date":"2024-12-22T11:09:41","date_gmt":"2024-12-22T11:09:41","guid":{"rendered":"https:\/\/onlinehardwareshop.de\/index.php\/produkt\/the-bastard-fiber-thermo-bbq-handschuhe-2\/"},"modified":"2025-05-14T01:46:57","modified_gmt":"2025-05-14T01:46:57","slug":"the-bastard-fiber-thermo-bbq-handschuhe","status":"publish","type":"product","link":"https:\/\/onlinehardwareshop.de\/index.php\/produkt\/the-bastard-fiber-thermo-bbq-handschuhe\/","title":{"rendered":"The Bastard Fiber Thermo BBQ Handschuhe"},"content":{"rendered":"<p>Mit den The Bastard Fiber Thermo BBQ Handschuhen verbrennst du dir nicht die H\u00e4nde beim Grillen. Die Handschuhe aus Nomex und Kevlar sind robust und besonders hitzebest\u00e4ndig. So nimmst du problemlos einen hei\u00dfen Edelstahlrost von deinem Grill.<\/p>\n","protected":false},"excerpt":{"rendered":"<p>Mit den The Bastard Fiber Thermo BBQ Handschuhen verbrennst du dir nicht die H\u00e4nde beim Grillen. Die Handschuhe aus Nomex und Kevlar sind robust und besonders hitzebest\u00e4ndig. So nimmst du problemlos einen hei\u00dfen Edelstahlrost von deinem Grill.<\/p>\n","protected":false},"featured_media":0,"comment_status":"closed","ping_status":"open","template":"","meta":{"_acf_changed":false},"brand":[3405],"product_brand":[],"product_cat":[5561],"product_tag":[5562],"class_list":{"0":"post-72576","1":"product","2":"type-product","3":"status-publish","5":"brand-the-bastard","6":"product_cat-grillbesteck-sets","7":"product_tag-barbecuegereedschapsets","8":"pa_condition-new","9":"pa_coolblue-de-verzending-morgen-gratis-geliefert","10":"pa_ean-33567","11":"pa_mpn-bb035","13":"first","14":"instock","15":"product-type-external"},"acf":[],"_links":{"self":[{"href":"https:\/\/onlinehardwareshop.de\/index.php\/wp-json\/wp\/v2\/product\/72576","targetHints":{"allow":["GET"]}}],"collection":[{"href":"https:\/\/onlinehardwareshop.de\/index.php\/wp-json\/wp\/v2\/product"}],"about":[{"href":"https:\/\/onlinehardwareshop.de\/index.php\/wp-json\/wp\/v2\/types\/product"}],"replies":[{"embeddable":true,"href":"https:\/\/onlinehardwareshop.de\/index.php\/wp-json\/wp\/v2\/comments?post=72576"}],"wp:attachment":[{"href":"https:\/\/onlinehardwareshop.de\/index.php\/wp-json\/wp\/v2\/media?parent=72576"}],"wp:term":[{"taxonomy":"brand","embeddable":true,"href":"https:\/\/onlinehardwareshop.de\/index.php\/wp-json\/wp\/v2\/brand?post=72576"},{"taxonomy":"product_brand","embeddable":true,"href":"https:\/\/onlinehardwareshop.de\/index.php\/wp-json\/wp\/v2\/product_brand?post=72576"},{"taxonomy":"product_cat","embeddable":true,"href":"https:\/\/onlinehardwareshop.de\/index.php\/wp-json\/wp\/v2\/product_cat?post=72576"},{"taxonomy":"product_tag","embeddable":true,"href":"https:\/\/onlinehardwareshop.de\/index.php\/wp-json\/wp\/v2\/product_tag?post=72576"}],"curies":[{"name":"wp","href":"https:\/\/api.w.org\/{rel}","templated":true}]}}