{"id":72541,"date":"2025-02-09T06:38:11","date_gmt":"2025-02-09T06:38:11","guid":{"rendered":"https:\/\/onlinehardwareshop.de\/index.php\/produkt\/tefal-grill-ultrakompakt-grill-gc308812-2\/"},"modified":"2025-05-14T01:44:03","modified_gmt":"2025-05-14T01:44:03","slug":"tefal-grill-ultrakompakt-grill-gc308812","status":"publish","type":"product","link":"https:\/\/onlinehardwareshop.de\/index.php\/produkt\/tefal-grill-ultrakompakt-grill-gc308812\/","title":{"rendered":"Tefal Grill Ultrakompakt Grill GC308812"},"content":{"rendered":"<p>Den Tefal Grill Ultrakompakt Grill GC308812 verwendest du auch als Tischgrill, indem du ihn ganz aufklappst. Sch\u00f6n f\u00fcr einen gem\u00fctlichen Grillabend mit Freunden oder der Familie. Mit den drei Stufen kannst du die Temperatur auf deine Zubereitung abstimmen. So stellst du sie beispielsweise zum scharfen Anbraten eines Steaks hoch ein und niedrig beim Garen von H\u00fchnerbrust, ohne dass etwas anbrennt. Der Fettauffangbeh\u00e4lter f\u00e4ngt das Bratfett w\u00e4hrend der Verwendung auf. Praktisch, weil die Bratfl\u00e4che dadurch sauber bleibt und du Fettreste einfach entsorgen kannst. Nach der Verwendung holst du die geriffelten Grillplatten und den Fettauffangbeh\u00e4lter aus dem Kontaktgrill, damit du sie einfach in der Sp\u00fclmaschine reinigen kannst.<\/p>\n","protected":false},"excerpt":{"rendered":"<p>Den Tefal Grill Ultrakompakt Grill GC308812 verwendest du auch als Tischgrill, indem du ihn ganz aufklappst. Sch\u00f6n f\u00fcr einen gem\u00fctlichen Grillabend mit Freunden oder der Familie. Mit den drei Stufen kannst du die Temperatur auf deine Zubereitung abstimmen. So stellst du sie beispielsweise zum scharfen Anbraten eines Steaks hoch ein und niedrig beim Garen von H\u00fchnerbrust, ohne dass etwas anbrennt. Der Fettauffangbeh\u00e4lter f\u00e4ngt das Bratfett w\u00e4hrend der Verwendung auf. Praktisch, weil die Bratfl\u00e4che dadurch sauber bleibt und du Fettreste einfach entsorgen kannst. Nach der Verwendung holst du die geriffelten Grillplatten und den Fettauffangbeh\u00e4lter aus dem Kontaktgrill, damit du sie einfach in der Sp\u00fclmaschine reinigen kannst.<\/p>\n","protected":false},"featured_media":0,"comment_status":"closed","ping_status":"open","template":"","meta":{"_acf_changed":false},"brand":[506],"product_brand":[],"product_cat":[300],"product_tag":[301],"class_list":{"0":"post-72541","1":"product","2":"type-product","3":"status-publish","5":"brand-tefal","6":"product_cat-kontaktgrills","7":"product_tag-contactgrills","8":"pa_condition-new","9":"pa_coolblue-de-verzending-morgen-gratis-geliefert","10":"pa_ean-4867","11":"pa_mpn-gc308812","13":"first","14":"instock","15":"product-type-external"},"acf":[],"_links":{"self":[{"href":"https:\/\/onlinehardwareshop.de\/index.php\/wp-json\/wp\/v2\/product\/72541","targetHints":{"allow":["GET"]}}],"collection":[{"href":"https:\/\/onlinehardwareshop.de\/index.php\/wp-json\/wp\/v2\/product"}],"about":[{"href":"https:\/\/onlinehardwareshop.de\/index.php\/wp-json\/wp\/v2\/types\/product"}],"replies":[{"embeddable":true,"href":"https:\/\/onlinehardwareshop.de\/index.php\/wp-json\/wp\/v2\/comments?post=72541"}],"wp:attachment":[{"href":"https:\/\/onlinehardwareshop.de\/index.php\/wp-json\/wp\/v2\/media?parent=72541"}],"wp:term":[{"taxonomy":"brand","embeddable":true,"href":"https:\/\/onlinehardwareshop.de\/index.php\/wp-json\/wp\/v2\/brand?post=72541"},{"taxonomy":"product_brand","embeddable":true,"href":"https:\/\/onlinehardwareshop.de\/index.php\/wp-json\/wp\/v2\/product_brand?post=72541"},{"taxonomy":"product_cat","embeddable":true,"href":"https:\/\/onlinehardwareshop.de\/index.php\/wp-json\/wp\/v2\/product_cat?post=72541"},{"taxonomy":"product_tag","embeddable":true,"href":"https:\/\/onlinehardwareshop.de\/index.php\/wp-json\/wp\/v2\/product_tag?post=72541"}],"curies":[{"name":"wp","href":"https:\/\/api.w.org\/{rel}","templated":true}]}}