{"id":72539,"date":"2024-04-03T01:31:52","date_gmt":"2024-04-03T01:31:52","guid":{"rendered":"https:\/\/onlinehardwareshop.de\/index.php\/produkt\/tefal-optigrill-elite-gc750d-2\/"},"modified":"2025-05-14T01:43:53","modified_gmt":"2025-05-14T01:43:53","slug":"tefal-optigrill-elite-gc750d","status":"publish","type":"product","link":"https:\/\/onlinehardwareshop.de\/index.php\/produkt\/tefal-optigrill-elite-gc750d\/","title":{"rendered":"Tefal OptiGrill Elite GC750D"},"content":{"rendered":"<p>Mit dem Tefal OptiGrill Elite GC750D entscheidest du dich f\u00fcr Geschmack! Dank der Smart-Funktionen musst dir nie wieder Sorgen \u00fcber die Zubereitungsdauer und -temperatur machen. Der Grill berechnet n\u00e4mlich automatisch, was die richtige Stufe und Zeit f\u00fcr das jeweils erstrebenswerte Ergebnis ist. Du kannst aus 12 Automatik-Programmen ausw\u00e4hlen und den Kontaktgrill den Rest erledigen lassen. Das ist praktisch, denn so br\u00e4t der Kontaktgrill dein Steak beispielsweise Medium rare oder durch. Au\u00dfer den 12 Programmen f\u00fcr verschiedenste Fleisch- und Gem\u00fcsesorten, gibt es auch eine Auftau- und Anbratfunktion, und du kannst den Kontaktgrill manuell bedienen. Die Platten kann man herausnehmen und einfach in der Sp\u00fclmaschine sauber machen. Der Fettablaufbeh\u00e4lter f\u00e4ngt das Fett auf, dass beim Braten entsteht. So wird das anschlie\u00dfende Saubermachen noch einfacher.<\/p>\n","protected":false},"excerpt":{"rendered":"<p>Mit dem Tefal OptiGrill Elite GC750D entscheidest du dich f\u00fcr Geschmack! Dank der Smart-Funktionen musst dir nie wieder Sorgen \u00fcber die Zubereitungsdauer und -temperatur machen. Der Grill berechnet n\u00e4mlich automatisch, was die richtige Stufe und Zeit f\u00fcr das jeweils erstrebenswerte Ergebnis ist. Du kannst aus 12 Automatik-Programmen ausw\u00e4hlen und den Kontaktgrill den Rest erledigen lassen. Das ist praktisch, denn so br\u00e4t der Kontaktgrill dein Steak beispielsweise Medium rare oder durch. Au\u00dfer den 12 Programmen f\u00fcr verschiedenste Fleisch- und Gem\u00fcsesorten, gibt es auch eine Auftau- und Anbratfunktion, und du kannst den Kontaktgrill manuell bedienen. Die Platten kann man herausnehmen und einfach in der Sp\u00fclmaschine sauber machen. Der Fettablaufbeh\u00e4lter f\u00e4ngt das Fett auf, dass beim Braten entsteht. So wird das anschlie\u00dfende Saubermachen noch einfacher.<\/p>\n","protected":false},"featured_media":0,"comment_status":"closed","ping_status":"open","template":"","meta":{"_acf_changed":false},"brand":[506],"product_brand":[],"product_cat":[300],"product_tag":[301],"class_list":{"0":"post-72539","1":"product","2":"type-product","3":"status-publish","5":"brand-tefal","6":"product_cat-kontaktgrills","7":"product_tag-contactgrills","8":"pa_condition-new","9":"pa_coolblue-de-verzending-morgen-gratis-geliefert","10":"pa_ean-4863","11":"pa_mpn-gc750d16","13":"first","14":"instock","15":"product-type-external"},"acf":[],"_links":{"self":[{"href":"https:\/\/onlinehardwareshop.de\/index.php\/wp-json\/wp\/v2\/product\/72539","targetHints":{"allow":["GET"]}}],"collection":[{"href":"https:\/\/onlinehardwareshop.de\/index.php\/wp-json\/wp\/v2\/product"}],"about":[{"href":"https:\/\/onlinehardwareshop.de\/index.php\/wp-json\/wp\/v2\/types\/product"}],"replies":[{"embeddable":true,"href":"https:\/\/onlinehardwareshop.de\/index.php\/wp-json\/wp\/v2\/comments?post=72539"}],"wp:attachment":[{"href":"https:\/\/onlinehardwareshop.de\/index.php\/wp-json\/wp\/v2\/media?parent=72539"}],"wp:term":[{"taxonomy":"brand","embeddable":true,"href":"https:\/\/onlinehardwareshop.de\/index.php\/wp-json\/wp\/v2\/brand?post=72539"},{"taxonomy":"product_brand","embeddable":true,"href":"https:\/\/onlinehardwareshop.de\/index.php\/wp-json\/wp\/v2\/product_brand?post=72539"},{"taxonomy":"product_cat","embeddable":true,"href":"https:\/\/onlinehardwareshop.de\/index.php\/wp-json\/wp\/v2\/product_cat?post=72539"},{"taxonomy":"product_tag","embeddable":true,"href":"https:\/\/onlinehardwareshop.de\/index.php\/wp-json\/wp\/v2\/product_tag?post=72539"}],"curies":[{"name":"wp","href":"https:\/\/api.w.org\/{rel}","templated":true}]}}