{"id":72390,"date":"2025-04-09T10:45:45","date_gmt":"2025-04-09T10:45:45","guid":{"rendered":"https:\/\/onlinehardwareshop.de\/index.php\/produkt\/nutribullet-900-pro-champagne-2\/"},"modified":"2025-05-14T01:31:01","modified_gmt":"2025-05-14T01:31:01","slug":"nutribullet-900-pro-champagne","status":"publish","type":"product","link":"https:\/\/onlinehardwareshop.de\/index.php\/produkt\/nutribullet-900-pro-champagne\/","title":{"rendered":"nutribullet 900 Pro Champagne"},"content":{"rendered":"<p>Mit dem nutribullet 900 Pro Champagne bereitest du schnell einen frischen Smoothie, Powershake oder Cocktail zu. Du gibst die Zutaten in den Mixbecher und schraubst die Klingen ein. Dann drehst du den Mixbecher in den Standmixer und dr\u00fcckst du auf den Becher, um einen dicken Saft zu machen. Arretiere den Mixbecher, indem du ihn eine Viertelumdrehung drehst, sodass er die Zutaten zu einem glatten Saft mixt. Hinweis: Mixe nie l\u00e4nger als eine Minute am St\u00fcck, um \u00dcberhitzung zu vermeiden. Nachdem dein Smoothie gemixt ist, schraubst du die Klingen ab und befestigst den Trinkring. So hast du kein Problem mit scharfen R\u00e4ndern. Der Trinkring verringert auch den Abwaschaufwand, da du keinen gesonderten Becher brauchst, um daraus zu trinken.<\/p>\n","protected":false},"excerpt":{"rendered":"<p>Mit dem nutribullet 900 Pro Champagne bereitest du schnell einen frischen Smoothie, Powershake oder Cocktail zu. Du gibst die Zutaten in den Mixbecher und schraubst die Klingen ein. Dann drehst du den Mixbecher in den Standmixer und dr\u00fcckst du auf den Becher, um einen dicken Saft zu machen. Arretiere den Mixbecher, indem du ihn eine Viertelumdrehung drehst, sodass er die Zutaten zu einem glatten Saft mixt. Hinweis: Mixe nie l\u00e4nger als eine Minute am St\u00fcck, um \u00dcberhitzung zu vermeiden. Nachdem dein Smoothie gemixt ist, schraubst du die Klingen ab und befestigst den Trinkring. So hast du kein Problem mit scharfen R\u00e4ndern. Der Trinkring verringert auch den Abwaschaufwand, da du keinen gesonderten Becher brauchst, um daraus zu trinken.<\/p>\n","protected":false},"featured_media":0,"comment_status":"closed","ping_status":"open","template":"","meta":{"_acf_changed":false},"brand":[1605],"product_brand":[],"product_cat":[1606],"product_tag":[1607],"class_list":{"0":"post-72390","1":"product","2":"type-product","3":"status-publish","5":"brand-nutribullet","6":"product_cat-standmixer","7":"product_tag-blenders","8":"pa_condition-new","9":"pa_coolblue-de-verzending-morgen-gratis-geliefert","10":"pa_ean-4520","11":"pa_mpn-v05558","13":"first","14":"instock","15":"product-type-external"},"acf":[],"_links":{"self":[{"href":"https:\/\/onlinehardwareshop.de\/index.php\/wp-json\/wp\/v2\/product\/72390","targetHints":{"allow":["GET"]}}],"collection":[{"href":"https:\/\/onlinehardwareshop.de\/index.php\/wp-json\/wp\/v2\/product"}],"about":[{"href":"https:\/\/onlinehardwareshop.de\/index.php\/wp-json\/wp\/v2\/types\/product"}],"replies":[{"embeddable":true,"href":"https:\/\/onlinehardwareshop.de\/index.php\/wp-json\/wp\/v2\/comments?post=72390"}],"wp:attachment":[{"href":"https:\/\/onlinehardwareshop.de\/index.php\/wp-json\/wp\/v2\/media?parent=72390"}],"wp:term":[{"taxonomy":"brand","embeddable":true,"href":"https:\/\/onlinehardwareshop.de\/index.php\/wp-json\/wp\/v2\/brand?post=72390"},{"taxonomy":"product_brand","embeddable":true,"href":"https:\/\/onlinehardwareshop.de\/index.php\/wp-json\/wp\/v2\/product_brand?post=72390"},{"taxonomy":"product_cat","embeddable":true,"href":"https:\/\/onlinehardwareshop.de\/index.php\/wp-json\/wp\/v2\/product_cat?post=72390"},{"taxonomy":"product_tag","embeddable":true,"href":"https:\/\/onlinehardwareshop.de\/index.php\/wp-json\/wp\/v2\/product_tag?post=72390"}],"curies":[{"name":"wp","href":"https:\/\/api.w.org\/{rel}","templated":true}]}}