{"id":72383,"date":"2024-01-01T20:36:45","date_gmt":"2024-01-01T20:36:45","guid":{"rendered":"https:\/\/onlinehardwareshop.de\/index.php\/produkt\/jabra-speak-710-speakerphone-ms-usb-bt-link370-2\/"},"modified":"2025-05-14T01:30:11","modified_gmt":"2025-05-14T01:30:11","slug":"jabra-speak-710-speakerphone-ms-usb-bt-link370","status":"publish","type":"product","link":"https:\/\/onlinehardwareshop.de\/index.php\/produkt\/jabra-speak-710-speakerphone-ms-usb-bt-link370\/","title":{"rendered":"Jabra Speak 710 Speakerphone MS USB\/BT &#038; Link370"},"content":{"rendered":"<p>Mit dem Jabra Speak 710 Tragbaren Speakerphone f\u00fchrst du auch unterwegs Konferenzgespr\u00e4che. Diese tragbare Freisprecheinrichtung nimmst du dank ihrer kompakten Gr\u00f6\u00dfe und des mitgelieferten Reiseetuis einfach in deiner Tasche mit. Die Tonqualit\u00e4t ist so gut, dass du damit auch Musik h\u00f6rst. Dank der Akkulaufzeit von 15 Stunden stehst du nicht pl\u00f6tzlich mit leerem Akku da. \u00dcber die Touch-Tasten am Rand des Ger\u00e4ts steuerst du die Lautst\u00e4rke und nimmst zum Beispiel Anrufe entgegen. Du schlie\u00dft die Freisprecheinrichtung mit einem USB-Kabel oder kabellos \u00fcber Bluetooth an deinen Laptop, dein Smartphone oder dein Tablet an. Verbinde zwei Jabra Speak 710 Speakerphones und starte eine Konferenz mit maximal zw\u00f6lf Personen. Das Jabra Speak 710 ist f\u00fcr Microsoft Skype for Business optimiert.<\/p>\n","protected":false},"excerpt":{"rendered":"<p>Mit dem Jabra Speak 710 Tragbaren Speakerphone f\u00fchrst du auch unterwegs Konferenzgespr\u00e4che. Diese tragbare Freisprecheinrichtung nimmst du dank ihrer kompakten Gr\u00f6\u00dfe und des mitgelieferten Reiseetuis einfach in deiner Tasche mit. Die Tonqualit\u00e4t ist so gut, dass du damit auch Musik h\u00f6rst. Dank der Akkulaufzeit von 15 Stunden stehst du nicht pl\u00f6tzlich mit leerem Akku da. \u00dcber die Touch-Tasten am Rand des Ger\u00e4ts steuerst du die Lautst\u00e4rke und nimmst zum Beispiel Anrufe entgegen. Du schlie\u00dft die Freisprecheinrichtung mit einem USB-Kabel oder kabellos \u00fcber Bluetooth an deinen Laptop, dein Smartphone oder dein Tablet an. Verbinde zwei Jabra Speak 710 Speakerphones und starte eine Konferenz mit maximal zw\u00f6lf Personen. Das Jabra Speak 710 ist f\u00fcr Microsoft Skype for Business optimiert.<\/p>\n","protected":false},"featured_media":0,"comment_status":"closed","ping_status":"open","template":"","meta":{"_acf_changed":false},"brand":[815],"product_brand":[],"product_cat":[816],"product_tag":[817],"class_list":{"0":"post-72383","1":"product","2":"type-product","3":"status-publish","5":"brand-jabra","6":"product_cat-konferenzmikrofone","7":"product_tag-vergadermicrofoons","8":"pa_condition-new","9":"pa_coolblue-de-verzending-morgen-gratis-geliefert","10":"pa_ean-4506","11":"pa_mpn-7710-309","13":"first","14":"instock","15":"product-type-external"},"acf":[],"_links":{"self":[{"href":"https:\/\/onlinehardwareshop.de\/index.php\/wp-json\/wp\/v2\/product\/72383","targetHints":{"allow":["GET"]}}],"collection":[{"href":"https:\/\/onlinehardwareshop.de\/index.php\/wp-json\/wp\/v2\/product"}],"about":[{"href":"https:\/\/onlinehardwareshop.de\/index.php\/wp-json\/wp\/v2\/types\/product"}],"replies":[{"embeddable":true,"href":"https:\/\/onlinehardwareshop.de\/index.php\/wp-json\/wp\/v2\/comments?post=72383"}],"wp:attachment":[{"href":"https:\/\/onlinehardwareshop.de\/index.php\/wp-json\/wp\/v2\/media?parent=72383"}],"wp:term":[{"taxonomy":"brand","embeddable":true,"href":"https:\/\/onlinehardwareshop.de\/index.php\/wp-json\/wp\/v2\/brand?post=72383"},{"taxonomy":"product_brand","embeddable":true,"href":"https:\/\/onlinehardwareshop.de\/index.php\/wp-json\/wp\/v2\/product_brand?post=72383"},{"taxonomy":"product_cat","embeddable":true,"href":"https:\/\/onlinehardwareshop.de\/index.php\/wp-json\/wp\/v2\/product_cat?post=72383"},{"taxonomy":"product_tag","embeddable":true,"href":"https:\/\/onlinehardwareshop.de\/index.php\/wp-json\/wp\/v2\/product_tag?post=72383"}],"curies":[{"name":"wp","href":"https:\/\/api.w.org\/{rel}","templated":true}]}}