{"id":72341,"date":"2024-05-17T13:15:24","date_gmt":"2024-05-17T13:15:24","guid":{"rendered":"https:\/\/onlinehardwareshop.de\/index.php\/produkt\/hitachi-lg-slim-tragbarer-dvd-brenner-gp57ew40-ahle10b-2\/"},"modified":"2025-05-14T01:27:11","modified_gmt":"2025-05-14T01:27:11","slug":"hitachi-lg-slim-tragbarer-dvd-brenner-gp57ew40-ahle10b","status":"publish","type":"product","link":"https:\/\/onlinehardwareshop.de\/index.php\/produkt\/hitachi-lg-slim-tragbarer-dvd-brenner-gp57ew40-ahle10b\/","title":{"rendered":"Hitachi-LG Slim tragbarer DVD-Brenner GP57EW40.AHLE10B"},"content":{"rendered":"<p>Mit dem Hitachi-LG Slim Portable DVD Writer GP57EW40.AHLE10B kannst du DVDs abspielen und brennen, wenn dein PC oder Laptop keinen DVD-Player hat. Du schlie\u00dft den DVD-Player \u00fcber USB-A an. Dieser LG passt daher zu fast jedem Computer oder Laptop. Die Schreibgeschwindigkeit ist achtmal und damit so schnell wie ein eingebauter DVD-Player. So verlierst du beim Lesen oder Schreiben einer CD oder Blu-ray \u00fcber diesen LG nicht unn\u00f6tig an Geschwindigkeit. Der DVD-Player ist geeignet f\u00fcr Windows und MacOS.<\/p>\n","protected":false},"excerpt":{"rendered":"<p>Mit dem Hitachi-LG Slim Portable DVD Writer GP57EW40.AHLE10B kannst du DVDs abspielen und brennen, wenn dein PC oder Laptop keinen DVD-Player hat. Du schlie\u00dft den DVD-Player \u00fcber USB-A an. Dieser LG passt daher zu fast jedem Computer oder Laptop. Die Schreibgeschwindigkeit ist achtmal und damit so schnell wie ein eingebauter DVD-Player. So verlierst du beim Lesen oder Schreiben einer CD oder Blu-ray \u00fcber diesen LG nicht unn\u00f6tig an Geschwindigkeit. Der DVD-Player ist geeignet f\u00fcr Windows und MacOS.<\/p>\n","protected":false},"featured_media":0,"comment_status":"closed","ping_status":"open","template":"","meta":{"_acf_changed":false},"brand":[4402],"product_brand":[],"product_cat":[2089],"product_tag":[2090],"class_list":{"0":"post-72341","1":"product","2":"type-product","3":"status-publish","5":"brand-lg","6":"product_cat-optische-laufwerke","7":"product_tag-optische-drives","8":"pa_condition-new","9":"pa_coolblue-de-verzending-morgen-gratis-geliefert","10":"pa_ean-4403","11":"pa_mpn-gp57ew40-ahle10b","13":"first","14":"instock","15":"product-type-external"},"acf":[],"_links":{"self":[{"href":"https:\/\/onlinehardwareshop.de\/index.php\/wp-json\/wp\/v2\/product\/72341","targetHints":{"allow":["GET"]}}],"collection":[{"href":"https:\/\/onlinehardwareshop.de\/index.php\/wp-json\/wp\/v2\/product"}],"about":[{"href":"https:\/\/onlinehardwareshop.de\/index.php\/wp-json\/wp\/v2\/types\/product"}],"replies":[{"embeddable":true,"href":"https:\/\/onlinehardwareshop.de\/index.php\/wp-json\/wp\/v2\/comments?post=72341"}],"wp:attachment":[{"href":"https:\/\/onlinehardwareshop.de\/index.php\/wp-json\/wp\/v2\/media?parent=72341"}],"wp:term":[{"taxonomy":"brand","embeddable":true,"href":"https:\/\/onlinehardwareshop.de\/index.php\/wp-json\/wp\/v2\/brand?post=72341"},{"taxonomy":"product_brand","embeddable":true,"href":"https:\/\/onlinehardwareshop.de\/index.php\/wp-json\/wp\/v2\/product_brand?post=72341"},{"taxonomy":"product_cat","embeddable":true,"href":"https:\/\/onlinehardwareshop.de\/index.php\/wp-json\/wp\/v2\/product_cat?post=72341"},{"taxonomy":"product_tag","embeddable":true,"href":"https:\/\/onlinehardwareshop.de\/index.php\/wp-json\/wp\/v2\/product_tag?post=72341"}],"curies":[{"name":"wp","href":"https:\/\/api.w.org\/{rel}","templated":true}]}}