{"id":72332,"date":"2025-01-20T14:01:38","date_gmt":"2025-01-20T14:01:38","guid":{"rendered":"https:\/\/onlinehardwareshop.de\/index.php\/produkt\/tefal-virtuoso-bratpfanne-28-cm-3\/"},"modified":"2025-05-14T01:26:37","modified_gmt":"2025-05-14T01:26:37","slug":"tefal-virtuoso-bratpfanne-28-cm","status":"publish","type":"product","link":"https:\/\/onlinehardwareshop.de\/index.php\/produkt\/tefal-virtuoso-bratpfanne-28-cm\/","title":{"rendered":"Tefal Virtuoso Bratpfanne 28 cm"},"content":{"rendered":"<p>Dank Tefal-Thermo-Spot auf der Tefal-Virtuoso-Bratpfanne 28\u00a0cm wei\u00dft du genau, wann deine Pfanne warm genug ist zum Braten. Dank Antihaftbeschichtung brauchst du weniger Fett, sodass du ges\u00fcnder isst. Die Pfanne eignet sich f\u00fcr die Verwendung im Backofen bis 175 \u00b0C. Das ist praktisch, wenn du ein St\u00fcck Fleisch anbr\u00e4tst und es anschlie\u00dfend im Backofen garen m\u00f6chtest. Nach der Anwendung wird die Bratpfanne einfach im Geschirrsp\u00fcler gereinigt. Du m\u00f6chtest lange Freude an der Bratpfanne haben? Dann solltest du sie per Hand abwaschen.<\/p>\n","protected":false},"excerpt":{"rendered":"<p>Dank Tefal-Thermo-Spot auf der Tefal-Virtuoso-Bratpfanne 28\u00a0cm wei\u00dft du genau, wann deine Pfanne warm genug ist zum Braten. Dank Antihaftbeschichtung brauchst du weniger Fett, sodass du ges\u00fcnder isst. Die Pfanne eignet sich f\u00fcr die Verwendung im Backofen bis 175 \u00b0C. Das ist praktisch, wenn du ein St\u00fcck Fleisch anbr\u00e4tst und es anschlie\u00dfend im Backofen garen m\u00f6chtest. Nach der Anwendung wird die Bratpfanne einfach im Geschirrsp\u00fcler gereinigt. Du m\u00f6chtest lange Freude an der Bratpfanne haben? Dann solltest du sie per Hand abwaschen.<\/p>\n","protected":false},"featured_media":0,"comment_status":"closed","ping_status":"open","template":"","meta":{"_acf_changed":false},"brand":[506],"product_brand":[],"product_cat":[372],"product_tag":[384],"class_list":{"0":"post-72332","1":"product","2":"type-product","3":"status-publish","5":"brand-tefal","6":"product_cat-tpfe-und-pfannen","7":"product_tag-koekenpannen","8":"pa_condition-new","9":"pa_coolblue-de-verzending-morgen-gratis-geliefert","10":"pa_ean-4390","11":"pa_mpn-e4910625","13":"first","14":"instock","15":"product-type-external"},"acf":[],"_links":{"self":[{"href":"https:\/\/onlinehardwareshop.de\/index.php\/wp-json\/wp\/v2\/product\/72332","targetHints":{"allow":["GET"]}}],"collection":[{"href":"https:\/\/onlinehardwareshop.de\/index.php\/wp-json\/wp\/v2\/product"}],"about":[{"href":"https:\/\/onlinehardwareshop.de\/index.php\/wp-json\/wp\/v2\/types\/product"}],"replies":[{"embeddable":true,"href":"https:\/\/onlinehardwareshop.de\/index.php\/wp-json\/wp\/v2\/comments?post=72332"}],"wp:attachment":[{"href":"https:\/\/onlinehardwareshop.de\/index.php\/wp-json\/wp\/v2\/media?parent=72332"}],"wp:term":[{"taxonomy":"brand","embeddable":true,"href":"https:\/\/onlinehardwareshop.de\/index.php\/wp-json\/wp\/v2\/brand?post=72332"},{"taxonomy":"product_brand","embeddable":true,"href":"https:\/\/onlinehardwareshop.de\/index.php\/wp-json\/wp\/v2\/product_brand?post=72332"},{"taxonomy":"product_cat","embeddable":true,"href":"https:\/\/onlinehardwareshop.de\/index.php\/wp-json\/wp\/v2\/product_cat?post=72332"},{"taxonomy":"product_tag","embeddable":true,"href":"https:\/\/onlinehardwareshop.de\/index.php\/wp-json\/wp\/v2\/product_tag?post=72332"}],"curies":[{"name":"wp","href":"https:\/\/api.w.org\/{rel}","templated":true}]}}