{"id":72283,"date":"2024-09-25T05:15:22","date_gmt":"2024-09-25T05:15:22","guid":{"rendered":"https:\/\/onlinehardwareshop.de\/index.php\/produkt\/logitech-c920s-pro-hd-webcam-2\/"},"modified":"2025-05-14T01:12:21","modified_gmt":"2025-05-14T01:12:21","slug":"logitech-c920s-pro-hd-webcam","status":"publish","type":"product","link":"https:\/\/onlinehardwareshop.de\/index.php\/produkt\/logitech-c920s-pro-hd-webcam\/","title":{"rendered":"Logitech C920s Pro HD Webcam"},"content":{"rendered":"<p>Die Logitech C920s Pro HD Webcam bietet dir alles, was du brauchst, um professionell zu wirken. Dank HD-Autofokus und Lichtkorrektur bleibst du automatisch scharf, w\u00e4hrend du sprichst. Dar\u00fcber hinaus wird deine Stimme mit dem Stereoklang, den die zwei seitlichen Mikrofone aufnehmen, realistisch \u00fcbertragen. So kannst du beispielsweise w\u00e4hrend eines Online-Vorstellungsgespr\u00e4chs einen guten ersten Eindruck hinterlassen. Das Sichtfeld von 78 Grad stellt sicher, dass du w\u00e4hrend eines Skype-Anrufs auch mit zwei Personen gleichzeitig gut zu sehen bist. Mit der mitgelieferten Objektivkappe hast du die vollst\u00e4ndige Kontrolle dar\u00fcber, was andere sehen oder nicht sehen, und kannst das Objektiv abdecken.<\/p>\n","protected":false},"excerpt":{"rendered":"<p>Die Logitech C920s Pro HD Webcam bietet dir alles, was du brauchst, um professionell zu wirken. Dank HD-Autofokus und Lichtkorrektur bleibst du automatisch scharf, w\u00e4hrend du sprichst. Dar\u00fcber hinaus wird deine Stimme mit dem Stereoklang, den die zwei seitlichen Mikrofone aufnehmen, realistisch \u00fcbertragen. So kannst du beispielsweise w\u00e4hrend eines Online-Vorstellungsgespr\u00e4chs einen guten ersten Eindruck hinterlassen. Das Sichtfeld von 78 Grad stellt sicher, dass du w\u00e4hrend eines Skype-Anrufs auch mit zwei Personen gleichzeitig gut zu sehen bist. Mit der mitgelieferten Objektivkappe hast du die vollst\u00e4ndige Kontrolle dar\u00fcber, was andere sehen oder nicht sehen, und kannst das Objektiv abdecken.<\/p>\n","protected":false},"featured_media":0,"comment_status":"closed","ping_status":"open","template":"","meta":{"_acf_changed":false},"brand":[32],"product_brand":[],"product_cat":[999],"product_tag":[1000],"class_list":{"0":"post-72283","1":"product","2":"type-product","3":"status-publish","5":"brand-logitech","6":"product_cat-webcams","7":"product_tag-webcams","8":"pa_condition-new","9":"pa_coolblue-de-verzending-morgen-gratis-geliefert","10":"pa_ean-4292","11":"pa_mpn-960-001252","13":"first","14":"instock","15":"product-type-external"},"acf":[],"_links":{"self":[{"href":"https:\/\/onlinehardwareshop.de\/index.php\/wp-json\/wp\/v2\/product\/72283","targetHints":{"allow":["GET"]}}],"collection":[{"href":"https:\/\/onlinehardwareshop.de\/index.php\/wp-json\/wp\/v2\/product"}],"about":[{"href":"https:\/\/onlinehardwareshop.de\/index.php\/wp-json\/wp\/v2\/types\/product"}],"replies":[{"embeddable":true,"href":"https:\/\/onlinehardwareshop.de\/index.php\/wp-json\/wp\/v2\/comments?post=72283"}],"wp:attachment":[{"href":"https:\/\/onlinehardwareshop.de\/index.php\/wp-json\/wp\/v2\/media?parent=72283"}],"wp:term":[{"taxonomy":"brand","embeddable":true,"href":"https:\/\/onlinehardwareshop.de\/index.php\/wp-json\/wp\/v2\/brand?post=72283"},{"taxonomy":"product_brand","embeddable":true,"href":"https:\/\/onlinehardwareshop.de\/index.php\/wp-json\/wp\/v2\/product_brand?post=72283"},{"taxonomy":"product_cat","embeddable":true,"href":"https:\/\/onlinehardwareshop.de\/index.php\/wp-json\/wp\/v2\/product_cat?post=72283"},{"taxonomy":"product_tag","embeddable":true,"href":"https:\/\/onlinehardwareshop.de\/index.php\/wp-json\/wp\/v2\/product_tag?post=72283"}],"curies":[{"name":"wp","href":"https:\/\/api.w.org\/{rel}","templated":true}]}}