{"id":72252,"date":"2024-05-13T11:16:34","date_gmt":"2024-05-13T11:16:34","guid":{"rendered":"https:\/\/onlinehardwareshop.de\/index.php\/produkt\/weber-master-touch-gbs-e-5750-57-cm-schwarz-2\/"},"modified":"2025-05-14T01:09:41","modified_gmt":"2025-05-14T01:09:41","slug":"weber-master-touch-gbs-e-5750-57-cm-schwarz","status":"publish","type":"product","link":"https:\/\/onlinehardwareshop.de\/index.php\/produkt\/weber-master-touch-gbs-e-5750-57-cm-schwarz\/","title":{"rendered":"Weber Master Touch GBS E-5750 57 cm Schwarz"},"content":{"rendered":"<p>Mit dem Weber Master Touch GBS E-5750 57\u00a0cm Schwarz bringst du jedes Mal ein anderes Gericht auf den Tisch. Durch das Weber Gourmet BBQ System nimmst du n\u00e4mlich das Mittelst\u00fcck des Rosts heraus und setzt dann Weber GBS Zubeh\u00f6r (nicht im Lieferumfang enthalten) ein, wie zum Beispiel einen Wok. Der Grill verf\u00fcgt \u00fcber ein One-Touch-System, mit dem du die L\u00fcftungs\u00f6ffnungen mit nur einer Bewegung \u00f6ffnest. Au\u00dferdem f\u00e4llt hierdurch die Asche direkt in den geschlossenen Ascheauffangbeh\u00e4lter. Das spart Zeit bei der Reinigung des Grills. Mit dem Thermometer im Deckel hast du die Temperatur im Grill genau im Blick. So bereitest du dein Grillgut bei der richtigen Temperatur zu.<\/p>\n","protected":false},"excerpt":{"rendered":"<p>Mit dem Weber Master Touch GBS E-5750 57\u00a0cm Schwarz bringst du jedes Mal ein anderes Gericht auf den Tisch. Durch das Weber Gourmet BBQ System nimmst du n\u00e4mlich das Mittelst\u00fcck des Rosts heraus und setzt dann Weber GBS Zubeh\u00f6r (nicht im Lieferumfang enthalten) ein, wie zum Beispiel einen Wok. Der Grill verf\u00fcgt \u00fcber ein One-Touch-System, mit dem du die L\u00fcftungs\u00f6ffnungen mit nur einer Bewegung \u00f6ffnest. Au\u00dferdem f\u00e4llt hierdurch die Asche direkt in den geschlossenen Ascheauffangbeh\u00e4lter. Das spart Zeit bei der Reinigung des Grills. Mit dem Thermometer im Deckel hast du die Temperatur im Grill genau im Blick. So bereitest du dein Grillgut bei der richtigen Temperatur zu.<\/p>\n","protected":false},"featured_media":0,"comment_status":"closed","ping_status":"open","template":"","meta":{"_acf_changed":false},"brand":[698],"product_brand":[],"product_cat":[699],"product_tag":[700],"class_list":{"0":"post-72252","1":"product","2":"type-product","3":"status-publish","5":"brand-weber","6":"product_cat-grills","7":"product_tag-houtskool-barbecues","8":"pa_condition-new","9":"pa_coolblue-de-verzending-morgen-gratis-geliefert","10":"pa_ean-4232","11":"pa_mpn-4233","13":"first","14":"instock","15":"product-type-external"},"acf":[],"_links":{"self":[{"href":"https:\/\/onlinehardwareshop.de\/index.php\/wp-json\/wp\/v2\/product\/72252","targetHints":{"allow":["GET"]}}],"collection":[{"href":"https:\/\/onlinehardwareshop.de\/index.php\/wp-json\/wp\/v2\/product"}],"about":[{"href":"https:\/\/onlinehardwareshop.de\/index.php\/wp-json\/wp\/v2\/types\/product"}],"replies":[{"embeddable":true,"href":"https:\/\/onlinehardwareshop.de\/index.php\/wp-json\/wp\/v2\/comments?post=72252"}],"wp:attachment":[{"href":"https:\/\/onlinehardwareshop.de\/index.php\/wp-json\/wp\/v2\/media?parent=72252"}],"wp:term":[{"taxonomy":"brand","embeddable":true,"href":"https:\/\/onlinehardwareshop.de\/index.php\/wp-json\/wp\/v2\/brand?post=72252"},{"taxonomy":"product_brand","embeddable":true,"href":"https:\/\/onlinehardwareshop.de\/index.php\/wp-json\/wp\/v2\/product_brand?post=72252"},{"taxonomy":"product_cat","embeddable":true,"href":"https:\/\/onlinehardwareshop.de\/index.php\/wp-json\/wp\/v2\/product_cat?post=72252"},{"taxonomy":"product_tag","embeddable":true,"href":"https:\/\/onlinehardwareshop.de\/index.php\/wp-json\/wp\/v2\/product_tag?post=72252"}],"curies":[{"name":"wp","href":"https:\/\/api.w.org\/{rel}","templated":true}]}}