{"id":72244,"date":"2024-06-05T18:14:12","date_gmt":"2024-06-05T18:14:12","guid":{"rendered":"https:\/\/onlinehardwareshop.de\/index.php\/produkt\/wacom-cintiq-16-2\/"},"modified":"2025-05-14T01:09:02","modified_gmt":"2025-05-14T01:09:02","slug":"wacom-cintiq-16","status":"publish","type":"product","link":"https:\/\/onlinehardwareshop.de\/index.php\/produkt\/wacom-cintiq-16\/","title":{"rendered":"Wacom Cintiq 16"},"content":{"rendered":"<p>Mit dem Wacom Cintiq 16 bringst du deine kreativen Ideen auf ein neues Niveau. In Kombination mit dem mitgelieferten Pro Pen 2 f\u00fchlt sich das Zeichnen auf einem Wacom Cintiq ebenso vertraut an wie das Zeichnen auf Papier. Au\u00dferdem erscheint der Cursor dank der reduzierten Parallaxe genau dort, wo du ihn erwartest. Du brauchst den Stift nie aufzuladen, da das Grafiktablett mit elektromagnetischer Resonanz ausgestattet ist. Sobald der Pro Pen 2 in Kontakt mit dem Grafiktablett kommt, wird er automatisch aufgeladen. Auf dem 15,6-Zoll-Display mit einer Aufl\u00f6sung von 1.920 x 1.080 arbeitest du pr\u00e4zise und wirst dank der Entspiegelungsschicht auf dem Display nicht durch Reflexionen gest\u00f6rt. Mit den rutschfesten F\u00fc\u00dfen steht dein Grafiktablett stabil an Ort und Stelle. Klappe die Beine aus, um das Cintiq 16 im richtigen Winkel f\u00fcr komfortables und ergonomisches Arbeiten zu positionieren. Das mitgelieferte 3-in-1-Kabel verf\u00fcgt \u00fcber einen USB-C-Stecker, einen USB-A-Stecker und einen Mini-DisplayPort-Anschluss. Der Wacom-Anschluss befindet sich auf der anderen Seite des 3-in-1-Kabels.  Bitte beachte: Da dieses Grafiktablett kein Stand-Alone-Modell ist, schlie\u00dft du es an deinen PC oder Laptop an.<\/p>\n","protected":false},"excerpt":{"rendered":"<p>Mit dem Wacom Cintiq 16 bringst du deine kreativen Ideen auf ein neues Niveau. In Kombination mit dem mitgelieferten Pro Pen 2 f\u00fchlt sich das Zeichnen auf einem Wacom Cintiq ebenso vertraut an wie das Zeichnen auf Papier. Au\u00dferdem erscheint der Cursor dank der reduzierten Parallaxe genau dort, wo du ihn erwartest. Du brauchst den Stift nie aufzuladen, da das Grafiktablett mit elektromagnetischer Resonanz ausgestattet ist. Sobald der Pro Pen 2 in Kontakt mit dem Grafiktablett kommt, wird er automatisch aufgeladen. Auf dem 15,6-Zoll-Display mit einer Aufl\u00f6sung von 1.920 x 1.080 arbeitest du pr\u00e4zise und wirst dank der Entspiegelungsschicht auf dem Display nicht durch Reflexionen gest\u00f6rt. Mit den rutschfesten F\u00fc\u00dfen steht dein Grafiktablett stabil an Ort und Stelle. Klappe die Beine aus, um das Cintiq 16 im richtigen Winkel f\u00fcr komfortables und ergonomisches Arbeiten zu positionieren. Das mitgelieferte 3-in-1-Kabel verf\u00fcgt \u00fcber einen USB-C-Stecker, einen USB-A-Stecker und einen Mini-DisplayPort-Anschluss. Der Wacom-Anschluss befindet sich auf der anderen Seite des 3-in-1-Kabels.  Bitte beachte: Da dieses Grafiktablett kein Stand-Alone-Modell ist, schlie\u00dft du es an deinen PC oder Laptop an.<\/p>\n","protected":false},"featured_media":0,"comment_status":"closed","ping_status":"open","template":"","meta":{"_acf_changed":false},"brand":[556],"product_brand":[],"product_cat":[2653],"product_tag":[3571],"class_list":{"0":"post-72244","1":"product","2":"type-product","3":"status-publish","5":"brand-wacom","6":"product_cat-grafiktabletts","7":"product_tag-tekentablets-met-scherm","8":"pa_condition-new","9":"pa_coolblue-de-verzending-morgen-gratis-geliefert","10":"pa_ean-4213","11":"pa_mpn-dtk1660k0b","13":"first","14":"instock","15":"product-type-external"},"acf":[],"_links":{"self":[{"href":"https:\/\/onlinehardwareshop.de\/index.php\/wp-json\/wp\/v2\/product\/72244","targetHints":{"allow":["GET"]}}],"collection":[{"href":"https:\/\/onlinehardwareshop.de\/index.php\/wp-json\/wp\/v2\/product"}],"about":[{"href":"https:\/\/onlinehardwareshop.de\/index.php\/wp-json\/wp\/v2\/types\/product"}],"replies":[{"embeddable":true,"href":"https:\/\/onlinehardwareshop.de\/index.php\/wp-json\/wp\/v2\/comments?post=72244"}],"wp:attachment":[{"href":"https:\/\/onlinehardwareshop.de\/index.php\/wp-json\/wp\/v2\/media?parent=72244"}],"wp:term":[{"taxonomy":"brand","embeddable":true,"href":"https:\/\/onlinehardwareshop.de\/index.php\/wp-json\/wp\/v2\/brand?post=72244"},{"taxonomy":"product_brand","embeddable":true,"href":"https:\/\/onlinehardwareshop.de\/index.php\/wp-json\/wp\/v2\/product_brand?post=72244"},{"taxonomy":"product_cat","embeddable":true,"href":"https:\/\/onlinehardwareshop.de\/index.php\/wp-json\/wp\/v2\/product_cat?post=72244"},{"taxonomy":"product_tag","embeddable":true,"href":"https:\/\/onlinehardwareshop.de\/index.php\/wp-json\/wp\/v2\/product_tag?post=72244"}],"curies":[{"name":"wp","href":"https:\/\/api.w.org\/{rel}","templated":true}]}}