{"id":72221,"date":"2024-10-07T20:15:13","date_gmt":"2024-10-07T20:15:13","guid":{"rendered":"https:\/\/onlinehardwareshop.de\/index.php\/produkt\/boya-by-m1dm-duo-lavalier-mikrofon-2\/"},"modified":"2025-05-14T01:07:10","modified_gmt":"2025-05-14T01:07:10","slug":"boya-by-m1dm-duo-lavalier-mikrofon","status":"publish","type":"product","link":"https:\/\/onlinehardwareshop.de\/index.php\/produkt\/boya-by-m1dm-duo-lavalier-mikrofon\/","title":{"rendered":"Boya BY-M1DM Duo Lavalier-Mikrofon"},"content":{"rendered":"<p>Mit dem Boya Duo Lavalier-Mikrofon BY-M1DM kannst du zwei Personen gleichzeitig aufnehmen. Das kannst du beispielsweise w\u00e4hrend eines Interviews oder eines Gespr\u00e4chs gebrauchen. Der Ton wird auf zwei separaten Spuren aufgenommen. Auf diese Weise kannst du die Aufnahmen separat bearbeiten und anpassen. Du schlie\u00dft das Mikrofon unter anderem an dein Smartphone, deinen Camcorder, deine Spiegelreflexkamera und deine Systemkamera an. Das macht das Mikrofon sowohl f\u00fcr Anf\u00e4nger als auch f\u00fcr fortgeschrittene Videografen geeignet. Du kannst mit einer Umschalttaste zwischen Kamera- und Smartphone-Modus wechseln. Auf diese Weise kannst du das Mikrofon in mehreren Situationen nutzen. Dank des 4 Meter langen Kabels hast du viel Bewegungsfreiheit. Durch den mitgelieferten Windschutz hast du kein Rauschen in deinen Aufnahmen, wenn du drau\u00dfen filmst.<\/p>\n","protected":false},"excerpt":{"rendered":"<p>Mit dem Boya Duo Lavalier-Mikrofon BY-M1DM kannst du zwei Personen gleichzeitig aufnehmen. Das kannst du beispielsweise w\u00e4hrend eines Interviews oder eines Gespr\u00e4chs gebrauchen. Der Ton wird auf zwei separaten Spuren aufgenommen. Auf diese Weise kannst du die Aufnahmen separat bearbeiten und anpassen. Du schlie\u00dft das Mikrofon unter anderem an dein Smartphone, deinen Camcorder, deine Spiegelreflexkamera und deine Systemkamera an. Das macht das Mikrofon sowohl f\u00fcr Anf\u00e4nger als auch f\u00fcr fortgeschrittene Videografen geeignet. Du kannst mit einer Umschalttaste zwischen Kamera- und Smartphone-Modus wechseln. Auf diese Weise kannst du das Mikrofon in mehreren Situationen nutzen. Dank des 4 Meter langen Kabels hast du viel Bewegungsfreiheit. Durch den mitgelieferten Windschutz hast du kein Rauschen in deinen Aufnahmen, wenn du drau\u00dfen filmst.<\/p>\n","protected":false},"featured_media":0,"comment_status":"closed","ping_status":"open","template":"","meta":{"_acf_changed":false},"brand":[3417],"product_brand":[],"product_cat":[1570],"product_tag":[1571],"class_list":{"0":"post-72221","1":"product","2":"type-product","3":"status-publish","5":"brand-boya","6":"product_cat-kameramikrofone","7":"product_tag-cameramicrofoons","8":"pa_condition-new","9":"pa_coolblue-de-verzending-morgen-gratis-geliefert","10":"pa_ean-4161","11":"pa_mpn-4162","13":"first","14":"instock","15":"product-type-external"},"acf":[],"_links":{"self":[{"href":"https:\/\/onlinehardwareshop.de\/index.php\/wp-json\/wp\/v2\/product\/72221","targetHints":{"allow":["GET"]}}],"collection":[{"href":"https:\/\/onlinehardwareshop.de\/index.php\/wp-json\/wp\/v2\/product"}],"about":[{"href":"https:\/\/onlinehardwareshop.de\/index.php\/wp-json\/wp\/v2\/types\/product"}],"replies":[{"embeddable":true,"href":"https:\/\/onlinehardwareshop.de\/index.php\/wp-json\/wp\/v2\/comments?post=72221"}],"wp:attachment":[{"href":"https:\/\/onlinehardwareshop.de\/index.php\/wp-json\/wp\/v2\/media?parent=72221"}],"wp:term":[{"taxonomy":"brand","embeddable":true,"href":"https:\/\/onlinehardwareshop.de\/index.php\/wp-json\/wp\/v2\/brand?post=72221"},{"taxonomy":"product_brand","embeddable":true,"href":"https:\/\/onlinehardwareshop.de\/index.php\/wp-json\/wp\/v2\/product_brand?post=72221"},{"taxonomy":"product_cat","embeddable":true,"href":"https:\/\/onlinehardwareshop.de\/index.php\/wp-json\/wp\/v2\/product_cat?post=72221"},{"taxonomy":"product_tag","embeddable":true,"href":"https:\/\/onlinehardwareshop.de\/index.php\/wp-json\/wp\/v2\/product_tag?post=72221"}],"curies":[{"name":"wp","href":"https:\/\/api.w.org\/{rel}","templated":true}]}}