{"id":72162,"date":"2025-01-17T02:03:27","date_gmt":"2025-01-17T02:03:27","guid":{"rendered":"https:\/\/onlinehardwareshop.de\/index.php\/produkt\/logitech-g502-hero-high-performance-gaming-mouse-2\/"},"modified":"2025-05-14T01:01:54","modified_gmt":"2025-05-14T01:01:54","slug":"logitech-g502-hero-high-performance-gaming-mouse","status":"publish","type":"product","link":"https:\/\/onlinehardwareshop.de\/index.php\/produkt\/logitech-g502-hero-high-performance-gaming-mouse\/","title":{"rendered":"Logitech G502 HERO High Performance Gaming Mouse"},"content":{"rendered":"<p>Mit der Logitech G502 HERO High Performance Gaming-Maus reagierst du schnell und exakt beim Gamen. Dank des optischen Sensors mit 25.600\u00a0dpi schiebst du diese kabelgebundene Gaming-Maus w\u00e4hrend eines schnellen Spiels rasch \u00fcber deinen Tisch. So sind deine Reaktionen im Spiel immer pr\u00e4zise. Die dpi l\u00e4sst sich au\u00dferdem beim Spielen anpassen. Mit den mitgelieferten Mausgewichten bestimmst du selbst das Gewicht der Maus. Dank 11 Tasten koppelst du all deine Kurzbefehle an eine gesonderte Taste. So reagierst du beim Gamen noch schneller. Du schlie\u00dft diese kabelgebundene Maus \u00fcber ein USB-A-Kabel an. Die Maus ist damit Plug and Play und direkt einsatzbereit. Stelle die RGB-Beleuchtung \u00fcber die Logitech G Hub Software ein und w\u00e4hle aus 16,8 Millionen Farben aus. So passt du die Gaming-Maus an dein Setup an.<\/p>\n","protected":false},"excerpt":{"rendered":"<p>Mit der Logitech G502 HERO High Performance Gaming-Maus reagierst du schnell und exakt beim Gamen. Dank des optischen Sensors mit 25.600\u00a0dpi schiebst du diese kabelgebundene Gaming-Maus w\u00e4hrend eines schnellen Spiels rasch \u00fcber deinen Tisch. So sind deine Reaktionen im Spiel immer pr\u00e4zise. Die dpi l\u00e4sst sich au\u00dferdem beim Spielen anpassen. Mit den mitgelieferten Mausgewichten bestimmst du selbst das Gewicht der Maus. Dank 11 Tasten koppelst du all deine Kurzbefehle an eine gesonderte Taste. So reagierst du beim Gamen noch schneller. Du schlie\u00dft diese kabelgebundene Maus \u00fcber ein USB-A-Kabel an. Die Maus ist damit Plug and Play und direkt einsatzbereit. Stelle die RGB-Beleuchtung \u00fcber die Logitech G Hub Software ein und w\u00e4hle aus 16,8 Millionen Farben aus. So passt du die Gaming-Maus an dein Setup an.<\/p>\n","protected":false},"featured_media":0,"comment_status":"closed","ping_status":"open","template":"","meta":{"_acf_changed":false},"brand":[225],"product_brand":[],"product_cat":[33],"product_tag":[3752],"class_list":{"0":"post-72162","1":"product","2":"type-product","3":"status-publish","5":"brand-logitech-g","6":"product_cat-muse","7":"product_tag-gaming-muizen","8":"pa_condition-new","9":"pa_coolblue-de-verzending-morgen-gratis-geliefert","10":"pa_ean-3988","11":"pa_mpn-910-005471","13":"first","14":"instock","15":"product-type-external"},"acf":[],"_links":{"self":[{"href":"https:\/\/onlinehardwareshop.de\/index.php\/wp-json\/wp\/v2\/product\/72162","targetHints":{"allow":["GET"]}}],"collection":[{"href":"https:\/\/onlinehardwareshop.de\/index.php\/wp-json\/wp\/v2\/product"}],"about":[{"href":"https:\/\/onlinehardwareshop.de\/index.php\/wp-json\/wp\/v2\/types\/product"}],"replies":[{"embeddable":true,"href":"https:\/\/onlinehardwareshop.de\/index.php\/wp-json\/wp\/v2\/comments?post=72162"}],"wp:attachment":[{"href":"https:\/\/onlinehardwareshop.de\/index.php\/wp-json\/wp\/v2\/media?parent=72162"}],"wp:term":[{"taxonomy":"brand","embeddable":true,"href":"https:\/\/onlinehardwareshop.de\/index.php\/wp-json\/wp\/v2\/brand?post=72162"},{"taxonomy":"product_brand","embeddable":true,"href":"https:\/\/onlinehardwareshop.de\/index.php\/wp-json\/wp\/v2\/product_brand?post=72162"},{"taxonomy":"product_cat","embeddable":true,"href":"https:\/\/onlinehardwareshop.de\/index.php\/wp-json\/wp\/v2\/product_cat?post=72162"},{"taxonomy":"product_tag","embeddable":true,"href":"https:\/\/onlinehardwareshop.de\/index.php\/wp-json\/wp\/v2\/product_tag?post=72162"}],"curies":[{"name":"wp","href":"https:\/\/api.w.org\/{rel}","templated":true}]}}