{"id":72132,"date":"2024-09-17T12:40:54","date_gmt":"2024-09-17T12:40:54","guid":{"rendered":"https:\/\/onlinehardwareshop.de\/index.php\/produkt\/domo-do9182kr-schwarz-2\/"},"modified":"2025-05-14T00:58:54","modified_gmt":"2025-05-14T00:58:54","slug":"domo-do9182kr-schwarz","status":"publish","type":"product","link":"https:\/\/onlinehardwareshop.de\/index.php\/produkt\/domo-do9182kr-schwarz\/","title":{"rendered":"DOMO DO9182KR Schwarz"},"content":{"rendered":"<p>Mit ihrer hohen Leistung kann die Domo DO9182KR Schwarz auch zum Kneten schwererer Teige wie Brot- und Pizzateig verwendet werden. Durch ihr umfangreiches Zubeh\u00f6rpaket ist diese K\u00fcchenmaschine ein echter Allrounder. Verwende den Fleischwolf, um W\u00fcrste oder Hackfleisch zuzubereiten. Du brauchst also nicht mehr zum Metzger zu gehen. Mit dem Mixeraufsatz bereitest du frische Smoothies und Saucen zu. In der gro\u00dfen R\u00fchrsch\u00fcssel aus Edelstahl kannst du Hefe- und R\u00fchrteige f\u00fcr alle Arten von Geb\u00e4ck mischen. Klicke den R\u00fchrbesen in die K\u00fcchenmaschine und im Handumdrehen entsteht k\u00f6stlich geschmeidige Buttercreme f\u00fcr die Kuchenschichten eines Kuchens. Selbst f\u00fcr die Zubereitung eines frischen Salats ist diese K\u00fcchenmaschine ideal. Mit dem Gem\u00fcseschneider schneidest du Karotten und Gurken einfach in d\u00fcnne Streifen.<\/p>\n","protected":false},"excerpt":{"rendered":"<p>Mit ihrer hohen Leistung kann die Domo DO9182KR Schwarz auch zum Kneten schwererer Teige wie Brot- und Pizzateig verwendet werden. Durch ihr umfangreiches Zubeh\u00f6rpaket ist diese K\u00fcchenmaschine ein echter Allrounder. Verwende den Fleischwolf, um W\u00fcrste oder Hackfleisch zuzubereiten. Du brauchst also nicht mehr zum Metzger zu gehen. Mit dem Mixeraufsatz bereitest du frische Smoothies und Saucen zu. In der gro\u00dfen R\u00fchrsch\u00fcssel aus Edelstahl kannst du Hefe- und R\u00fchrteige f\u00fcr alle Arten von Geb\u00e4ck mischen. Klicke den R\u00fchrbesen in die K\u00fcchenmaschine und im Handumdrehen entsteht k\u00f6stlich geschmeidige Buttercreme f\u00fcr die Kuchenschichten eines Kuchens. Selbst f\u00fcr die Zubereitung eines frischen Salats ist diese K\u00fcchenmaschine ideal. Mit dem Gem\u00fcseschneider schneidest du Karotten und Gurken einfach in d\u00fcnne Streifen.<\/p>\n","protected":false},"featured_media":0,"comment_status":"closed","ping_status":"open","template":"","meta":{"_acf_changed":false},"brand":[270],"product_brand":[],"product_cat":[2306],"product_tag":[2307],"class_list":{"0":"post-72132","1":"product","2":"type-product","3":"status-publish","5":"brand-domo","6":"product_cat-kchenmaschinen","7":"product_tag-keukenmixers","8":"pa_condition-new","9":"pa_coolblue-de-verzending-morgen-gratis-geliefert","10":"pa_ean-3905","11":"pa_mpn-do9182kr","13":"first","14":"instock","15":"product-type-external"},"acf":[],"_links":{"self":[{"href":"https:\/\/onlinehardwareshop.de\/index.php\/wp-json\/wp\/v2\/product\/72132","targetHints":{"allow":["GET"]}}],"collection":[{"href":"https:\/\/onlinehardwareshop.de\/index.php\/wp-json\/wp\/v2\/product"}],"about":[{"href":"https:\/\/onlinehardwareshop.de\/index.php\/wp-json\/wp\/v2\/types\/product"}],"replies":[{"embeddable":true,"href":"https:\/\/onlinehardwareshop.de\/index.php\/wp-json\/wp\/v2\/comments?post=72132"}],"wp:attachment":[{"href":"https:\/\/onlinehardwareshop.de\/index.php\/wp-json\/wp\/v2\/media?parent=72132"}],"wp:term":[{"taxonomy":"brand","embeddable":true,"href":"https:\/\/onlinehardwareshop.de\/index.php\/wp-json\/wp\/v2\/brand?post=72132"},{"taxonomy":"product_brand","embeddable":true,"href":"https:\/\/onlinehardwareshop.de\/index.php\/wp-json\/wp\/v2\/product_brand?post=72132"},{"taxonomy":"product_cat","embeddable":true,"href":"https:\/\/onlinehardwareshop.de\/index.php\/wp-json\/wp\/v2\/product_cat?post=72132"},{"taxonomy":"product_tag","embeddable":true,"href":"https:\/\/onlinehardwareshop.de\/index.php\/wp-json\/wp\/v2\/product_tag?post=72132"}],"curies":[{"name":"wp","href":"https:\/\/api.w.org\/{rel}","templated":true}]}}