{"id":71837,"date":"2024-05-03T19:56:20","date_gmt":"2024-05-03T19:56:20","guid":{"rendered":"https:\/\/onlinehardwareshop.de\/index.php\/produkt\/philips-viva-collection-toaster-hd2692-90-2\/"},"modified":"2025-05-14T00:33:39","modified_gmt":"2025-05-14T00:33:39","slug":"philips-viva-collection-toaster-hd2692-90","status":"publish","type":"product","link":"https:\/\/onlinehardwareshop.de\/index.php\/produkt\/philips-viva-collection-toaster-hd2692-90\/","title":{"rendered":"Philips Viva Collection Toaster HD2692\/90"},"content":{"rendered":"<p>Toaste eine dickes Brotscheibe im Philips Viva Collection Toaster HD2692. Dieser Toaster hat einen extra breiten Schlitz f\u00fcr zwei dicke Brotscheiben. Lust auf ein Br\u00f6tchen oder ein warmes Croissant? Hierf\u00fcr verwendest du den eingebauten Aufstellhalter. Stelle den Br\u00e4unungsgrad selbst ein, indem du eine der acht Stufen ausw\u00e4hlst. Hast du wenig Zeit und kommt dein Brot geradewegs aus dem Gefrierschrank? Kein Problem, mit dem Auftaumodus taut deine Brotscheibe in kurzer Zeit auf. Dank der k\u00fchlen Au\u00dfenwand verbrennst du dir nicht die H\u00e4nde und benutzt den Toaster  immer sicher. Durch die herausnehmbare Kr\u00fcmelschale machst du den Toaster nach Gebrauch problemlos sauber.<\/p>\n","protected":false},"excerpt":{"rendered":"<p>Toaste eine dickes Brotscheibe im Philips Viva Collection Toaster HD2692. Dieser Toaster hat einen extra breiten Schlitz f\u00fcr zwei dicke Brotscheiben. Lust auf ein Br\u00f6tchen oder ein warmes Croissant? Hierf\u00fcr verwendest du den eingebauten Aufstellhalter. Stelle den Br\u00e4unungsgrad selbst ein, indem du eine der acht Stufen ausw\u00e4hlst. Hast du wenig Zeit und kommt dein Brot geradewegs aus dem Gefrierschrank? Kein Problem, mit dem Auftaumodus taut deine Brotscheibe in kurzer Zeit auf. Dank der k\u00fchlen Au\u00dfenwand verbrennst du dir nicht die H\u00e4nde und benutzt den Toaster  immer sicher. Durch die herausnehmbare Kr\u00fcmelschale machst du den Toaster nach Gebrauch problemlos sauber.<\/p>\n","protected":false},"featured_media":0,"comment_status":"closed","ping_status":"open","template":"","meta":{"_acf_changed":false},"brand":[1382],"product_brand":[],"product_cat":[283],"product_tag":[284],"class_list":{"0":"post-71837","1":"product","2":"type-product","3":"status-publish","5":"brand-philips","6":"product_cat-toaster","7":"product_tag-broodroosters","8":"pa_condition-new","9":"pa_coolblue-de-verzending-morgen-gratis-geliefert","10":"pa_ean-3167","11":"pa_mpn-hd2692-90","13":"first","14":"instock","15":"product-type-external"},"acf":[],"_links":{"self":[{"href":"https:\/\/onlinehardwareshop.de\/index.php\/wp-json\/wp\/v2\/product\/71837","targetHints":{"allow":["GET"]}}],"collection":[{"href":"https:\/\/onlinehardwareshop.de\/index.php\/wp-json\/wp\/v2\/product"}],"about":[{"href":"https:\/\/onlinehardwareshop.de\/index.php\/wp-json\/wp\/v2\/types\/product"}],"replies":[{"embeddable":true,"href":"https:\/\/onlinehardwareshop.de\/index.php\/wp-json\/wp\/v2\/comments?post=71837"}],"wp:attachment":[{"href":"https:\/\/onlinehardwareshop.de\/index.php\/wp-json\/wp\/v2\/media?parent=71837"}],"wp:term":[{"taxonomy":"brand","embeddable":true,"href":"https:\/\/onlinehardwareshop.de\/index.php\/wp-json\/wp\/v2\/brand?post=71837"},{"taxonomy":"product_brand","embeddable":true,"href":"https:\/\/onlinehardwareshop.de\/index.php\/wp-json\/wp\/v2\/product_brand?post=71837"},{"taxonomy":"product_cat","embeddable":true,"href":"https:\/\/onlinehardwareshop.de\/index.php\/wp-json\/wp\/v2\/product_cat?post=71837"},{"taxonomy":"product_tag","embeddable":true,"href":"https:\/\/onlinehardwareshop.de\/index.php\/wp-json\/wp\/v2\/product_tag?post=71837"}],"curies":[{"name":"wp","href":"https:\/\/api.w.org\/{rel}","templated":true}]}}