{"id":71804,"date":"2025-04-09T20:31:28","date_gmt":"2025-04-09T20:31:28","guid":{"rendered":"https:\/\/onlinehardwareshop.de\/index.php\/produkt\/krups-nespresso-essenza-mini-xn1108-schwarz-2\/"},"modified":"2025-05-14T00:30:35","modified_gmt":"2025-05-14T00:30:35","slug":"krups-nespresso-essenza-mini-xn1108-schwarz","status":"publish","type":"product","link":"https:\/\/onlinehardwareshop.de\/index.php\/produkt\/krups-nespresso-essenza-mini-xn1108-schwarz\/","title":{"rendered":"Krups Nespresso Essenza Mini XN1108 Schwarz"},"content":{"rendered":"<p>Dank ihrer besonders kompakten Gr\u00f6\u00dfe eignet sich die Krups Nespresso Essenza Mini XN1108 Schwarz f\u00fcr kleinere Haushalte. Diese Kaffeemaschine nimmt wenig Platz auf deiner K\u00fcchenplatte ein, sodass auch Raum f\u00fcr andere K\u00fcchenger\u00e4te bleibt. Die Menge Wasser kannst du einstellen, sodass du einen Espresso und einen Lungo ganz nach deinem Geschmack zubereitest. Je weniger Wasser du hinzuf\u00fcgst, desto intensiver wird der Geschmack. Selbst wenn du es morgens eilig hast, kannst du von nun an schnell noch eine Tasse Kaffee trinken, da die Kaffeemaschine innerhalb von 25 Sekunden aufgeheizt und einsatzbereit ist. Um Energie zu sparen, schaltet sie sich nach neun Minuten automatisch aus.<\/p>\n","protected":false},"excerpt":{"rendered":"<p>Dank ihrer besonders kompakten Gr\u00f6\u00dfe eignet sich die Krups Nespresso Essenza Mini XN1108 Schwarz f\u00fcr kleinere Haushalte. Diese Kaffeemaschine nimmt wenig Platz auf deiner K\u00fcchenplatte ein, sodass auch Raum f\u00fcr andere K\u00fcchenger\u00e4te bleibt. Die Menge Wasser kannst du einstellen, sodass du einen Espresso und einen Lungo ganz nach deinem Geschmack zubereitest. Je weniger Wasser du hinzuf\u00fcgst, desto intensiver wird der Geschmack. Selbst wenn du es morgens eilig hast, kannst du von nun an schnell noch eine Tasse Kaffee trinken, da die Kaffeemaschine innerhalb von 25 Sekunden aufgeheizt und einsatzbereit ist. Um Energie zu sparen, schaltet sie sich nach neun Minuten automatisch aus.<\/p>\n","protected":false},"featured_media":0,"comment_status":"closed","ping_status":"open","template":"","meta":{"_acf_changed":false},"brand":[1483],"product_brand":[],"product_cat":[3066],"product_tag":[3067],"class_list":{"0":"post-71804","1":"product","2":"type-product","3":"status-publish","5":"brand-krups","6":"product_cat-kapsel-und-pad-maschinen","7":"product_tag-nespresso-original-koffieapparaten","8":"pa_condition-new","9":"pa_coolblue-de-verzending-morgen-gratis-geliefert","10":"pa_ean-3064","11":"pa_mpn-xn1108nl","13":"first","14":"instock","15":"product-type-external"},"acf":[],"_links":{"self":[{"href":"https:\/\/onlinehardwareshop.de\/index.php\/wp-json\/wp\/v2\/product\/71804","targetHints":{"allow":["GET"]}}],"collection":[{"href":"https:\/\/onlinehardwareshop.de\/index.php\/wp-json\/wp\/v2\/product"}],"about":[{"href":"https:\/\/onlinehardwareshop.de\/index.php\/wp-json\/wp\/v2\/types\/product"}],"replies":[{"embeddable":true,"href":"https:\/\/onlinehardwareshop.de\/index.php\/wp-json\/wp\/v2\/comments?post=71804"}],"wp:attachment":[{"href":"https:\/\/onlinehardwareshop.de\/index.php\/wp-json\/wp\/v2\/media?parent=71804"}],"wp:term":[{"taxonomy":"brand","embeddable":true,"href":"https:\/\/onlinehardwareshop.de\/index.php\/wp-json\/wp\/v2\/brand?post=71804"},{"taxonomy":"product_brand","embeddable":true,"href":"https:\/\/onlinehardwareshop.de\/index.php\/wp-json\/wp\/v2\/product_brand?post=71804"},{"taxonomy":"product_cat","embeddable":true,"href":"https:\/\/onlinehardwareshop.de\/index.php\/wp-json\/wp\/v2\/product_cat?post=71804"},{"taxonomy":"product_tag","embeddable":true,"href":"https:\/\/onlinehardwareshop.de\/index.php\/wp-json\/wp\/v2\/product_tag?post=71804"}],"curies":[{"name":"wp","href":"https:\/\/api.w.org\/{rel}","templated":true}]}}