{"id":71766,"date":"2025-04-21T23:42:20","date_gmt":"2025-04-21T23:42:20","guid":{"rendered":"https:\/\/onlinehardwareshop.de\/index.php\/produkt\/kingston-a400-ssd-480-gb-2\/"},"modified":"2025-05-14T00:27:55","modified_gmt":"2025-05-14T00:27:55","slug":"kingston-a400-ssd-480-gb","status":"publish","type":"product","link":"https:\/\/onlinehardwareshop.de\/index.php\/produkt\/kingston-a400-ssd-480-gb\/","title":{"rendered":"Kingston A400 SSD, 480 GB"},"content":{"rendered":"<p>Hinweis: Diese 2,5-Zoll-SSD verf\u00fcgt \u00fcber eine SATA-Schnittstelle und funktioniert nur, wenn dein System SATA unterst\u00fctzt. \u00dcberpr\u00fcfe das im Handbuch deines Laptops oder Motherboards.   Die Kingston A400 SSD 480 GB ist eine interne SSD, die f\u00fcr einfache, allt\u00e4gliche Computeraufgaben geeignet ist. Dank der Lesegeschwindigkeit von 500 MB\/s und der Schreibgeschwindigkeit von 450 MB\/s kannst du einen langen HD-Film in etwa 10 Sekunden und eine umfangreiche Sammlung von Urlaubsfotos in 15 bis 20 Sekunden speichern. Lange Startzeiten geh\u00f6ren ebenfalls der Vergangenheit an, da die Kingston A400 deinen Laptop oder Computer in 15 Sekunden startet. Dank der H\u00f6he von 7 mm kannst du sicher sein, dass sie in deinen Laptop, deine Konsole oder deinen Desktop-PC passt. Dar\u00fcber hinaus kannst du die SSD \u00fcber die verbreitete SATA-Verbindung anschlie\u00dfen.<\/p>\n","protected":false},"excerpt":{"rendered":"<p>Hinweis: Diese 2,5-Zoll-SSD verf\u00fcgt \u00fcber eine SATA-Schnittstelle und funktioniert nur, wenn dein System SATA unterst\u00fctzt. \u00dcberpr\u00fcfe das im Handbuch deines Laptops oder Motherboards.   Die Kingston A400 SSD 480 GB ist eine interne SSD, die f\u00fcr einfache, allt\u00e4gliche Computeraufgaben geeignet ist. Dank der Lesegeschwindigkeit von 500 MB\/s und der Schreibgeschwindigkeit von 450 MB\/s kannst du einen langen HD-Film in etwa 10 Sekunden und eine umfangreiche Sammlung von Urlaubsfotos in 15 bis 20 Sekunden speichern. Lange Startzeiten geh\u00f6ren ebenfalls der Vergangenheit an, da die Kingston A400 deinen Laptop oder Computer in 15 Sekunden startet. Dank der H\u00f6he von 7 mm kannst du sicher sein, dass sie in deinen Laptop, deine Konsole oder deinen Desktop-PC passt. Dar\u00fcber hinaus kannst du die SSD \u00fcber die verbreitete SATA-Verbindung anschlie\u00dfen.<\/p>\n","protected":false},"featured_media":0,"comment_status":"closed","ping_status":"open","template":"","meta":{"_acf_changed":false},"brand":[2956],"product_brand":[],"product_cat":[2957],"product_tag":[2958],"class_list":{"0":"post-71766","1":"product","2":"type-product","3":"status-publish","5":"brand-kingston","6":"product_cat-solid-state-drives-ssd","7":"product_tag-25-inch-ssd","8":"pa_condition-new","9":"pa_coolblue-de-verzending-morgen-gratis-geliefert","10":"pa_ean-2959","11":"pa_mpn-sa400s37-480g","13":"first","14":"instock","15":"product-type-external"},"acf":[],"_links":{"self":[{"href":"https:\/\/onlinehardwareshop.de\/index.php\/wp-json\/wp\/v2\/product\/71766","targetHints":{"allow":["GET"]}}],"collection":[{"href":"https:\/\/onlinehardwareshop.de\/index.php\/wp-json\/wp\/v2\/product"}],"about":[{"href":"https:\/\/onlinehardwareshop.de\/index.php\/wp-json\/wp\/v2\/types\/product"}],"replies":[{"embeddable":true,"href":"https:\/\/onlinehardwareshop.de\/index.php\/wp-json\/wp\/v2\/comments?post=71766"}],"wp:attachment":[{"href":"https:\/\/onlinehardwareshop.de\/index.php\/wp-json\/wp\/v2\/media?parent=71766"}],"wp:term":[{"taxonomy":"brand","embeddable":true,"href":"https:\/\/onlinehardwareshop.de\/index.php\/wp-json\/wp\/v2\/brand?post=71766"},{"taxonomy":"product_brand","embeddable":true,"href":"https:\/\/onlinehardwareshop.de\/index.php\/wp-json\/wp\/v2\/product_brand?post=71766"},{"taxonomy":"product_cat","embeddable":true,"href":"https:\/\/onlinehardwareshop.de\/index.php\/wp-json\/wp\/v2\/product_cat?post=71766"},{"taxonomy":"product_tag","embeddable":true,"href":"https:\/\/onlinehardwareshop.de\/index.php\/wp-json\/wp\/v2\/product_tag?post=71766"}],"curies":[{"name":"wp","href":"https:\/\/api.w.org\/{rel}","templated":true}]}}