{"id":71725,"date":"2025-03-07T20:01:49","date_gmt":"2025-03-07T20:01:49","guid":{"rendered":"https:\/\/onlinehardwareshop.de\/index.php\/produkt\/russell-hobbs-maxicook-searing-slowcooker-6-liter-2\/"},"modified":"2025-05-14T00:24:19","modified_gmt":"2025-05-14T00:24:19","slug":"russell-hobbs-maxicook-searing-slowcooker-6-liter","status":"publish","type":"product","link":"https:\/\/onlinehardwareshop.de\/index.php\/produkt\/russell-hobbs-maxicook-searing-slowcooker-6-liter\/","title":{"rendered":"Russell Hobbs MaxiCook Searing Slowcooker 6 Liter"},"content":{"rendered":"<p>Im MaxiCook Searing Slowcooker 6 Liter von Russell Hobbs kannst du leckere und gesunde Mahlzeiten zubereiten, ohne dich darum k\u00fcmmern zu m\u00fcssen. Der Slowcooker verf\u00fcgt \u00fcber drei Temperaturstufen, mit denen du die vielseitigsten Zutaten langsam garen kannst. Dank des gro\u00dfen Fassungsverm\u00f6gens von 6 Litern kannst du sogar ein Gericht f\u00fcr gro\u00dfe Gruppen zubereiten. Das Anbraten von Fleisch ist ebenfalls m\u00f6glich, da du den Innentopf auf einem Gas- oder Elektroherd verwenden kannst. Ist dein Gericht fertig? Trage den Topf dann an den k\u00fchlen Griffen sicher zum Tisch. Die Einzelteile reinigst du nach Gebrauch von Hand.<\/p>\n","protected":false},"excerpt":{"rendered":"<p>Im MaxiCook Searing Slowcooker 6 Liter von Russell Hobbs kannst du leckere und gesunde Mahlzeiten zubereiten, ohne dich darum k\u00fcmmern zu m\u00fcssen. Der Slowcooker verf\u00fcgt \u00fcber drei Temperaturstufen, mit denen du die vielseitigsten Zutaten langsam garen kannst. Dank des gro\u00dfen Fassungsverm\u00f6gens von 6 Litern kannst du sogar ein Gericht f\u00fcr gro\u00dfe Gruppen zubereiten. Das Anbraten von Fleisch ist ebenfalls m\u00f6glich, da du den Innentopf auf einem Gas- oder Elektroherd verwenden kannst. Ist dein Gericht fertig? Trage den Topf dann an den k\u00fchlen Griffen sicher zum Tisch. Die Einzelteile reinigst du nach Gebrauch von Hand.<\/p>\n","protected":false},"featured_media":0,"comment_status":"closed","ping_status":"open","template":"","meta":{"_acf_changed":false},"brand":[734],"product_brand":[],"product_cat":[536],"product_tag":[537],"class_list":{"0":"post-71725","1":"product","2":"type-product","3":"status-publish","5":"brand-russell-hobbs","6":"product_cat-slowcooker","7":"product_tag-slowcookers","8":"pa_condition-new","9":"pa_coolblue-de-verzending-morgen-gratis-geliefert","10":"pa_ean-2863","11":"pa_mpn-22750-56","13":"first","14":"instock","15":"product-type-external"},"acf":[],"_links":{"self":[{"href":"https:\/\/onlinehardwareshop.de\/index.php\/wp-json\/wp\/v2\/product\/71725","targetHints":{"allow":["GET"]}}],"collection":[{"href":"https:\/\/onlinehardwareshop.de\/index.php\/wp-json\/wp\/v2\/product"}],"about":[{"href":"https:\/\/onlinehardwareshop.de\/index.php\/wp-json\/wp\/v2\/types\/product"}],"replies":[{"embeddable":true,"href":"https:\/\/onlinehardwareshop.de\/index.php\/wp-json\/wp\/v2\/comments?post=71725"}],"wp:attachment":[{"href":"https:\/\/onlinehardwareshop.de\/index.php\/wp-json\/wp\/v2\/media?parent=71725"}],"wp:term":[{"taxonomy":"brand","embeddable":true,"href":"https:\/\/onlinehardwareshop.de\/index.php\/wp-json\/wp\/v2\/brand?post=71725"},{"taxonomy":"product_brand","embeddable":true,"href":"https:\/\/onlinehardwareshop.de\/index.php\/wp-json\/wp\/v2\/product_brand?post=71725"},{"taxonomy":"product_cat","embeddable":true,"href":"https:\/\/onlinehardwareshop.de\/index.php\/wp-json\/wp\/v2\/product_cat?post=71725"},{"taxonomy":"product_tag","embeddable":true,"href":"https:\/\/onlinehardwareshop.de\/index.php\/wp-json\/wp\/v2\/product_tag?post=71725"}],"curies":[{"name":"wp","href":"https:\/\/api.w.org\/{rel}","templated":true}]}}