{"id":71700,"date":"2024-02-28T00:22:20","date_gmt":"2024-02-28T00:22:20","guid":{"rendered":"https:\/\/onlinehardwareshop.de\/index.php\/produkt\/makita-djr186zk-ohne-akku-2\/"},"modified":"2025-05-14T00:22:30","modified_gmt":"2025-05-14T00:22:30","slug":"makita-djr186zk-ohne-akku","status":"publish","type":"product","link":"https:\/\/onlinehardwareshop.de\/index.php\/produkt\/makita-djr186zk-ohne-akku\/","title":{"rendered":"Makita DJR186ZK (ohne Akku)"},"content":{"rendered":"<p>Was auch immer ges\u00e4gt werden muss, f\u00fcr die Makita DJR186ZK ist keine Arbeit zu schwer. Dank des Betriebes mit einem 18-Volt-Akku (in dieser Version nicht im Lieferumfang enthalten) hast du volle Bewegungsfreiheit. So kannst du die DJR186ZK nicht nur f\u00fcr Innenarbeiten verwenden, sondern auch f\u00fcr Schnittarbeiten im Garten. S\u00e4ge m\u00fchelos durch Holz\u00e4ste, Balken oder Latten mit einer maximalen Dicke von 255 Millimetern. Der Verriegelungsknopf verhindert ein versehentliches Einschalten der S\u00e4bels\u00e4ge und macht sie dadurch sicher. Da die DJR186ZK gut gegen das Eindringen von Staub und Feuchtigkeit gesch\u00fctzt ist, wirst du jahrelang Freude daran haben. Vor allem, wenn du sie nach Gebrauch ordentlich im mitgelieferten Koffer verstaust.<\/p>\n","protected":false},"excerpt":{"rendered":"<p>Was auch immer ges\u00e4gt werden muss, f\u00fcr die Makita DJR186ZK ist keine Arbeit zu schwer. Dank des Betriebes mit einem 18-Volt-Akku (in dieser Version nicht im Lieferumfang enthalten) hast du volle Bewegungsfreiheit. So kannst du die DJR186ZK nicht nur f\u00fcr Innenarbeiten verwenden, sondern auch f\u00fcr Schnittarbeiten im Garten. S\u00e4ge m\u00fchelos durch Holz\u00e4ste, Balken oder Latten mit einer maximalen Dicke von 255 Millimetern. Der Verriegelungsknopf verhindert ein versehentliches Einschalten der S\u00e4bels\u00e4ge und macht sie dadurch sicher. Da die DJR186ZK gut gegen das Eindringen von Staub und Feuchtigkeit gesch\u00fctzt ist, wirst du jahrelang Freude daran haben. Vor allem, wenn du sie nach Gebrauch ordentlich im mitgelieferten Koffer verstaust.<\/p>\n","protected":false},"featured_media":0,"comment_status":"closed","ping_status":"open","template":"","meta":{"_acf_changed":false},"brand":[42],"product_brand":[],"product_cat":[585],"product_tag":[2028],"class_list":{"0":"post-71700","1":"product","2":"type-product","3":"status-publish","5":"brand-makita","6":"product_cat-sbelsgen","7":"product_tag-accu-reciprozagen","8":"pa_condition-new","9":"pa_coolblue-de-verzending-morgen-gratis-geliefert","10":"pa_ean-2792","11":"pa_mpn-djr186zk","13":"first","14":"instock","15":"product-type-external"},"acf":[],"_links":{"self":[{"href":"https:\/\/onlinehardwareshop.de\/index.php\/wp-json\/wp\/v2\/product\/71700","targetHints":{"allow":["GET"]}}],"collection":[{"href":"https:\/\/onlinehardwareshop.de\/index.php\/wp-json\/wp\/v2\/product"}],"about":[{"href":"https:\/\/onlinehardwareshop.de\/index.php\/wp-json\/wp\/v2\/types\/product"}],"replies":[{"embeddable":true,"href":"https:\/\/onlinehardwareshop.de\/index.php\/wp-json\/wp\/v2\/comments?post=71700"}],"wp:attachment":[{"href":"https:\/\/onlinehardwareshop.de\/index.php\/wp-json\/wp\/v2\/media?parent=71700"}],"wp:term":[{"taxonomy":"brand","embeddable":true,"href":"https:\/\/onlinehardwareshop.de\/index.php\/wp-json\/wp\/v2\/brand?post=71700"},{"taxonomy":"product_brand","embeddable":true,"href":"https:\/\/onlinehardwareshop.de\/index.php\/wp-json\/wp\/v2\/product_brand?post=71700"},{"taxonomy":"product_cat","embeddable":true,"href":"https:\/\/onlinehardwareshop.de\/index.php\/wp-json\/wp\/v2\/product_cat?post=71700"},{"taxonomy":"product_tag","embeddable":true,"href":"https:\/\/onlinehardwareshop.de\/index.php\/wp-json\/wp\/v2\/product_tag?post=71700"}],"curies":[{"name":"wp","href":"https:\/\/api.w.org\/{rel}","templated":true}]}}