{"id":71693,"date":"2024-09-08T19:07:48","date_gmt":"2024-09-08T19:07:48","guid":{"rendered":"https:\/\/onlinehardwareshop.de\/index.php\/produkt\/makita-djv181zj-ohne-akku-2\/"},"modified":"2025-05-14T00:21:49","modified_gmt":"2025-05-14T00:21:49","slug":"makita-djv181zj-ohne-akku","status":"publish","type":"product","link":"https:\/\/onlinehardwareshop.de\/index.php\/produkt\/makita-djv181zj-ohne-akku\/","title":{"rendered":"Makita DJV181ZJ (ohne Akku)"},"content":{"rendered":"<p>Die Makita DJV181ZJ ist eine Akku-Stichs\u00e4ge, die die schwersten S\u00e4gearbeiten bew\u00e4ltigt. Dank der Funktion mit (dem in dieser Ausf\u00fchrung nicht mitgelieferten) 18 Volt-Akku und des praktischen T-Griffes man\u00f6vrierst du sie um alle Ecken und Kanten und verwendest sie auch prima auf dem Kopf. Ideal, wenn in einem kniffligen Winkel ges\u00e4gt werden muss. Auch an diesen schwierig zu erreichenden Stellen hast du gute Sicht auf die Schnittlinie. Daf\u00fcr sorgen die integrierte Beleuchtung und die Blasfunktion. Die DJV181ZJ ist stark genug, um bis zu 135 Millimeter in h\u00f6lzerne Materialien zu s\u00e4gen und kann dies auch gut auf Gehrung. Welche Aufgabe du dir auch vorgenommen hast: Mit den drei Pendelhubstufen, dem sanften Start und der variablen Geschwindigkeit arbeitest du sehr kontrolliert und effizient.<\/p>\n","protected":false},"excerpt":{"rendered":"<p>Die Makita DJV181ZJ ist eine Akku-Stichs\u00e4ge, die die schwersten S\u00e4gearbeiten bew\u00e4ltigt. Dank der Funktion mit (dem in dieser Ausf\u00fchrung nicht mitgelieferten) 18 Volt-Akku und des praktischen T-Griffes man\u00f6vrierst du sie um alle Ecken und Kanten und verwendest sie auch prima auf dem Kopf. Ideal, wenn in einem kniffligen Winkel ges\u00e4gt werden muss. Auch an diesen schwierig zu erreichenden Stellen hast du gute Sicht auf die Schnittlinie. Daf\u00fcr sorgen die integrierte Beleuchtung und die Blasfunktion. Die DJV181ZJ ist stark genug, um bis zu 135 Millimeter in h\u00f6lzerne Materialien zu s\u00e4gen und kann dies auch gut auf Gehrung. Welche Aufgabe du dir auch vorgenommen hast: Mit den drei Pendelhubstufen, dem sanften Start und der variablen Geschwindigkeit arbeitest du sehr kontrolliert und effizient.<\/p>\n","protected":false},"featured_media":0,"comment_status":"closed","ping_status":"open","template":"","meta":{"_acf_changed":false},"brand":[42],"product_brand":[],"product_cat":[43],"product_tag":[2773],"class_list":{"0":"post-71693","1":"product","2":"type-product","3":"status-publish","5":"brand-makita","6":"product_cat-stichsgen","7":"product_tag-accu-decoupeerzagen","8":"pa_condition-new","9":"pa_coolblue-de-verzending-morgen-gratis-geliefert","10":"pa_ean-2774","11":"pa_mpn-djv181zj","13":"first","14":"instock","15":"product-type-external"},"acf":[],"_links":{"self":[{"href":"https:\/\/onlinehardwareshop.de\/index.php\/wp-json\/wp\/v2\/product\/71693","targetHints":{"allow":["GET"]}}],"collection":[{"href":"https:\/\/onlinehardwareshop.de\/index.php\/wp-json\/wp\/v2\/product"}],"about":[{"href":"https:\/\/onlinehardwareshop.de\/index.php\/wp-json\/wp\/v2\/types\/product"}],"replies":[{"embeddable":true,"href":"https:\/\/onlinehardwareshop.de\/index.php\/wp-json\/wp\/v2\/comments?post=71693"}],"wp:attachment":[{"href":"https:\/\/onlinehardwareshop.de\/index.php\/wp-json\/wp\/v2\/media?parent=71693"}],"wp:term":[{"taxonomy":"brand","embeddable":true,"href":"https:\/\/onlinehardwareshop.de\/index.php\/wp-json\/wp\/v2\/brand?post=71693"},{"taxonomy":"product_brand","embeddable":true,"href":"https:\/\/onlinehardwareshop.de\/index.php\/wp-json\/wp\/v2\/product_brand?post=71693"},{"taxonomy":"product_cat","embeddable":true,"href":"https:\/\/onlinehardwareshop.de\/index.php\/wp-json\/wp\/v2\/product_cat?post=71693"},{"taxonomy":"product_tag","embeddable":true,"href":"https:\/\/onlinehardwareshop.de\/index.php\/wp-json\/wp\/v2\/product_tag?post=71693"}],"curies":[{"name":"wp","href":"https:\/\/api.w.org\/{rel}","templated":true}]}}