{"id":71659,"date":"2025-01-24T09:20:34","date_gmt":"2025-01-24T09:20:34","guid":{"rendered":"https:\/\/onlinehardwareshop.de\/index.php\/produkt\/blackrapid-double-breathe-2\/"},"modified":"2025-05-14T00:18:30","modified_gmt":"2025-05-14T00:18:30","slug":"blackrapid-double-breathe","status":"publish","type":"product","link":"https:\/\/onlinehardwareshop.de\/index.php\/produkt\/blackrapid-double-breathe\/","title":{"rendered":"BlackRapid Double Breathe"},"content":{"rendered":"<p>Das BlackRapid Double Breathe ist ein komfortabler Doppelgurt f\u00fcr Fotografen, die zwei Kameras gleichzeitig ben\u00f6tigen. Das Gurtsystem verf\u00fcgt \u00fcber zwei atmungsaktive Schulterpolster aus TPE-Schaum und Poly-Air-Mesh. Dadurch ist der Tragekomfort hoch, auch wenn du zwei schwere Kameras mit Objektiv tr\u00e4gst. Die L\u00e4nge des Gurtsystems kannst du ganz einfach von 91 bis 160 Zentimeter verstellen. Am Stabilisierungsgurt kannst du bei Bedarf ein Fernglas einh\u00e4ngen, damit du die H\u00e4nde frei beh\u00e4ltst.<\/p>\n","protected":false},"excerpt":{"rendered":"<p>Das BlackRapid Double Breathe ist ein komfortabler Doppelgurt f\u00fcr Fotografen, die zwei Kameras gleichzeitig ben\u00f6tigen. Das Gurtsystem verf\u00fcgt \u00fcber zwei atmungsaktive Schulterpolster aus TPE-Schaum und Poly-Air-Mesh. Dadurch ist der Tragekomfort hoch, auch wenn du zwei schwere Kameras mit Objektiv tr\u00e4gst. Die L\u00e4nge des Gurtsystems kannst du ganz einfach von 91 bis 160 Zentimeter verstellen. Am Stabilisierungsgurt kannst du bei Bedarf ein Fernglas einh\u00e4ngen, damit du die H\u00e4nde frei beh\u00e4ltst.<\/p>\n","protected":false},"featured_media":0,"comment_status":"closed","ping_status":"open","template":"","meta":{"_acf_changed":false},"brand":[2676],"product_brand":[],"product_cat":[2460],"product_tag":[2461],"class_list":{"0":"post-71659","1":"product","2":"type-product","3":"status-publish","5":"brand-black-rapid","6":"product_cat-tragegurte","7":"product_tag-draagriemen-voor-fotocameras","8":"pa_condition-new","9":"pa_coolblue-de-verzending-morgen-gratis-geliefert","10":"pa_ean-2679","11":"pa_mpn-d121712","13":"first","14":"instock","15":"product-type-external"},"acf":[],"_links":{"self":[{"href":"https:\/\/onlinehardwareshop.de\/index.php\/wp-json\/wp\/v2\/product\/71659","targetHints":{"allow":["GET"]}}],"collection":[{"href":"https:\/\/onlinehardwareshop.de\/index.php\/wp-json\/wp\/v2\/product"}],"about":[{"href":"https:\/\/onlinehardwareshop.de\/index.php\/wp-json\/wp\/v2\/types\/product"}],"replies":[{"embeddable":true,"href":"https:\/\/onlinehardwareshop.de\/index.php\/wp-json\/wp\/v2\/comments?post=71659"}],"wp:attachment":[{"href":"https:\/\/onlinehardwareshop.de\/index.php\/wp-json\/wp\/v2\/media?parent=71659"}],"wp:term":[{"taxonomy":"brand","embeddable":true,"href":"https:\/\/onlinehardwareshop.de\/index.php\/wp-json\/wp\/v2\/brand?post=71659"},{"taxonomy":"product_brand","embeddable":true,"href":"https:\/\/onlinehardwareshop.de\/index.php\/wp-json\/wp\/v2\/product_brand?post=71659"},{"taxonomy":"product_cat","embeddable":true,"href":"https:\/\/onlinehardwareshop.de\/index.php\/wp-json\/wp\/v2\/product_cat?post=71659"},{"taxonomy":"product_tag","embeddable":true,"href":"https:\/\/onlinehardwareshop.de\/index.php\/wp-json\/wp\/v2\/product_tag?post=71659"}],"curies":[{"name":"wp","href":"https:\/\/api.w.org\/{rel}","templated":true}]}}