{"id":71658,"date":"2024-07-11T15:20:13","date_gmt":"2024-07-11T15:20:13","guid":{"rendered":"https:\/\/onlinehardwareshop.de\/index.php\/produkt\/blackrapid-curve-breathe-2\/"},"modified":"2025-05-14T00:18:25","modified_gmt":"2025-05-14T00:18:25","slug":"blackrapid-curve-breathe","status":"publish","type":"product","link":"https:\/\/onlinehardwareshop.de\/index.php\/produkt\/blackrapid-curve-breathe\/","title":{"rendered":"BlackRapid Curve Breathe"},"content":{"rendered":"<p>Der BlackRapid Curve Breathe ist ein komfortabler Tragegurt speziell f\u00fcr eine Fotografin, die Rechtsh\u00e4nderin ist. Das Schulterst\u00fcck wird \u00fcber der linken Schulter getragen und h\u00e4ngt an der rechten H\u00fcfte. Der Tragekomfort ist dank des breit gew\u00f6lbten Schulterpolsters aus TPE-Schaum und Poly-Air-Mesh gut. Wenn du sicher sein m\u00f6chtest, dass der Gurt an Ort und Stelle bleibt, verwende den mitgelieferten Stabilisierungsgurt. Den befestigst du unter der Achsel. Die L\u00e4nge des Tragegurts l\u00e4sst sich ganz einfach von 91 bis 167 Zentimeter verstellen.<\/p>\n","protected":false},"excerpt":{"rendered":"<p>Der BlackRapid Curve Breathe ist ein komfortabler Tragegurt speziell f\u00fcr eine Fotografin, die Rechtsh\u00e4nderin ist. Das Schulterst\u00fcck wird \u00fcber der linken Schulter getragen und h\u00e4ngt an der rechten H\u00fcfte. Der Tragekomfort ist dank des breit gew\u00f6lbten Schulterpolsters aus TPE-Schaum und Poly-Air-Mesh gut. Wenn du sicher sein m\u00f6chtest, dass der Gurt an Ort und Stelle bleibt, verwende den mitgelieferten Stabilisierungsgurt. Den befestigst du unter der Achsel. Die L\u00e4nge des Tragegurts l\u00e4sst sich ganz einfach von 91 bis 167 Zentimeter verstellen.<\/p>\n","protected":false},"featured_media":0,"comment_status":"closed","ping_status":"open","template":"","meta":{"_acf_changed":false},"brand":[2676],"product_brand":[],"product_cat":[2460],"product_tag":[2461],"class_list":{"0":"post-71658","1":"product","2":"type-product","3":"status-publish","5":"brand-black-rapid","6":"product_cat-tragegurte","7":"product_tag-draagriemen-voor-fotocameras","8":"pa_condition-new","9":"pa_coolblue-de-verzending-morgen-gratis-geliefert","10":"pa_ean-2677","11":"pa_mpn-d121632","13":"first","14":"instock","15":"product-type-external"},"acf":[],"_links":{"self":[{"href":"https:\/\/onlinehardwareshop.de\/index.php\/wp-json\/wp\/v2\/product\/71658","targetHints":{"allow":["GET"]}}],"collection":[{"href":"https:\/\/onlinehardwareshop.de\/index.php\/wp-json\/wp\/v2\/product"}],"about":[{"href":"https:\/\/onlinehardwareshop.de\/index.php\/wp-json\/wp\/v2\/types\/product"}],"replies":[{"embeddable":true,"href":"https:\/\/onlinehardwareshop.de\/index.php\/wp-json\/wp\/v2\/comments?post=71658"}],"wp:attachment":[{"href":"https:\/\/onlinehardwareshop.de\/index.php\/wp-json\/wp\/v2\/media?parent=71658"}],"wp:term":[{"taxonomy":"brand","embeddable":true,"href":"https:\/\/onlinehardwareshop.de\/index.php\/wp-json\/wp\/v2\/brand?post=71658"},{"taxonomy":"product_brand","embeddable":true,"href":"https:\/\/onlinehardwareshop.de\/index.php\/wp-json\/wp\/v2\/product_brand?post=71658"},{"taxonomy":"product_cat","embeddable":true,"href":"https:\/\/onlinehardwareshop.de\/index.php\/wp-json\/wp\/v2\/product_cat?post=71658"},{"taxonomy":"product_tag","embeddable":true,"href":"https:\/\/onlinehardwareshop.de\/index.php\/wp-json\/wp\/v2\/product_tag?post=71658"}],"curies":[{"name":"wp","href":"https:\/\/api.w.org\/{rel}","templated":true}]}}