{"id":71657,"date":"2025-05-05T12:01:48","date_gmt":"2025-05-05T12:01:48","guid":{"rendered":"https:\/\/onlinehardwareshop.de\/index.php\/produkt\/blackrapid-sport-breathe-2\/"},"modified":"2025-05-14T00:18:20","modified_gmt":"2025-05-14T00:18:20","slug":"blackrapid-sport-breathe","status":"publish","type":"product","link":"https:\/\/onlinehardwareshop.de\/index.php\/produkt\/blackrapid-sport-breathe\/","title":{"rendered":"BlackRapid Sport Breathe"},"content":{"rendered":"<p>Der BlackRapid Sport Breathe ist ein komfortabler Tragegurt f\u00fcr rechtsh\u00e4ndige Fotografen. Das Schulterst\u00fcck wird \u00fcber der linken Schulter getragen und h\u00e4ngt an der rechten H\u00fcfte. Der Tragekomfort ist dank des gro\u00dfen Schulterpolsters aus TPE-Schaum und Poly-Air-Mesh gut. Wenn du sicher sein m\u00f6chtest, dass der Gurt an Ort und Stelle bleibt, verwende den mitgelieferten Stabilisierungsgurt. Den befestigst du unter der Achsel. Die L\u00e4nge des Tragegurts l\u00e4sst sich ganz einfach von 91 bis 167 Zentimeter verstellen.<\/p>\n","protected":false},"excerpt":{"rendered":"<p>Der BlackRapid Sport Breathe ist ein komfortabler Tragegurt f\u00fcr rechtsh\u00e4ndige Fotografen. Das Schulterst\u00fcck wird \u00fcber der linken Schulter getragen und h\u00e4ngt an der rechten H\u00fcfte. Der Tragekomfort ist dank des gro\u00dfen Schulterpolsters aus TPE-Schaum und Poly-Air-Mesh gut. Wenn du sicher sein m\u00f6chtest, dass der Gurt an Ort und Stelle bleibt, verwende den mitgelieferten Stabilisierungsgurt. Den befestigst du unter der Achsel. Die L\u00e4nge des Tragegurts l\u00e4sst sich ganz einfach von 91 bis 167 Zentimeter verstellen.<\/p>\n","protected":false},"featured_media":0,"comment_status":"closed","ping_status":"open","template":"","meta":{"_acf_changed":false},"brand":[2676],"product_brand":[],"product_cat":[2460],"product_tag":[2461],"class_list":{"0":"post-71657","1":"product","2":"type-product","3":"status-publish","5":"brand-black-rapid","6":"product_cat-tragegurte","7":"product_tag-draagriemen-voor-fotocameras","8":"pa_condition-new","9":"pa_coolblue-de-verzending-morgen-gratis-geliefert","10":"pa_ean-2674","11":"pa_mpn-d121612","13":"first","14":"instock","15":"product-type-external"},"acf":[],"_links":{"self":[{"href":"https:\/\/onlinehardwareshop.de\/index.php\/wp-json\/wp\/v2\/product\/71657","targetHints":{"allow":["GET"]}}],"collection":[{"href":"https:\/\/onlinehardwareshop.de\/index.php\/wp-json\/wp\/v2\/product"}],"about":[{"href":"https:\/\/onlinehardwareshop.de\/index.php\/wp-json\/wp\/v2\/types\/product"}],"replies":[{"embeddable":true,"href":"https:\/\/onlinehardwareshop.de\/index.php\/wp-json\/wp\/v2\/comments?post=71657"}],"wp:attachment":[{"href":"https:\/\/onlinehardwareshop.de\/index.php\/wp-json\/wp\/v2\/media?parent=71657"}],"wp:term":[{"taxonomy":"brand","embeddable":true,"href":"https:\/\/onlinehardwareshop.de\/index.php\/wp-json\/wp\/v2\/brand?post=71657"},{"taxonomy":"product_brand","embeddable":true,"href":"https:\/\/onlinehardwareshop.de\/index.php\/wp-json\/wp\/v2\/product_brand?post=71657"},{"taxonomy":"product_cat","embeddable":true,"href":"https:\/\/onlinehardwareshop.de\/index.php\/wp-json\/wp\/v2\/product_cat?post=71657"},{"taxonomy":"product_tag","embeddable":true,"href":"https:\/\/onlinehardwareshop.de\/index.php\/wp-json\/wp\/v2\/product_tag?post=71657"}],"curies":[{"name":"wp","href":"https:\/\/api.w.org\/{rel}","templated":true}]}}