{"id":71556,"date":"2024-11-22T09:53:02","date_gmt":"2024-11-22T09:53:02","guid":{"rendered":"https:\/\/onlinehardwareshop.de\/index.php\/produkt\/caruba-portable-photocube-led-40x40x40cm-2\/"},"modified":"2025-05-14T00:09:00","modified_gmt":"2025-05-14T00:09:00","slug":"caruba-portable-photocube-led-40x40x40cm","status":"publish","type":"product","link":"https:\/\/onlinehardwareshop.de\/index.php\/produkt\/caruba-portable-photocube-led-40x40x40cm\/","title":{"rendered":"Caruba Portable Photocube LED 40x40x40cm"},"content":{"rendered":"<p>Das Caruba Portable Photocube LED 40x40x40cm ist ein einsatzbereites Mini-Fotostudio, um kleine Gegenst\u00e4nde zu fotografieren. In der oberen Klappe dieses Studios befinden sich kleine LEDs. Dank der silbernen reflektierenden Innenseite wird dein Objekt gleichm\u00e4\u00dfig beleuchtet. M\u00f6chtest du Licht und Schatten abmildern, dann kannst du den mitgelieferten Diffusor aufh\u00e4ngen. Der Kubus l\u00e4sst sich komplett zusammenklappen, womit du ihn in eine kompakte Tragetasche verwandelst, die du m\u00fchelos zu deinem n\u00e4chsten Set mitnimmst. Neben dem Diffusor werden auch Hintergrundt\u00fccher in Schwarz, Wei\u00df, Grau und Orange mitgeliefert, damit du mit verschiedenen Hintergrundfarben experimentieren kannst. Mit dem mitgelieferten Netzadapter versorgst du das Studio mit Strom.<\/p>\n","protected":false},"excerpt":{"rendered":"<p>Das Caruba Portable Photocube LED 40x40x40cm ist ein einsatzbereites Mini-Fotostudio, um kleine Gegenst\u00e4nde zu fotografieren. In der oberen Klappe dieses Studios befinden sich kleine LEDs. Dank der silbernen reflektierenden Innenseite wird dein Objekt gleichm\u00e4\u00dfig beleuchtet. M\u00f6chtest du Licht und Schatten abmildern, dann kannst du den mitgelieferten Diffusor aufh\u00e4ngen. Der Kubus l\u00e4sst sich komplett zusammenklappen, womit du ihn in eine kompakte Tragetasche verwandelst, die du m\u00fchelos zu deinem n\u00e4chsten Set mitnimmst. Neben dem Diffusor werden auch Hintergrundt\u00fccher in Schwarz, Wei\u00df, Grau und Orange mitgeliefert, damit du mit verschiedenen Hintergrundfarben experimentieren kannst. Mit dem mitgelieferten Netzadapter versorgst du das Studio mit Strom.<\/p>\n","protected":false},"featured_media":0,"comment_status":"closed","ping_status":"open","template":"","meta":{"_acf_changed":false},"brand":[1697],"product_brand":[],"product_cat":[2405],"product_tag":[2406],"class_list":{"0":"post-71556","1":"product","2":"type-product","3":"status-publish","5":"brand-caruba","6":"product_cat-mini-fotostudios","7":"product_tag-opnametenten","8":"pa_condition-new","9":"pa_coolblue-de-verzending-morgen-gratis-geliefert","10":"pa_ean-2403","11":"pa_mpn-d139066","13":"first","14":"instock","15":"product-type-external"},"acf":[],"_links":{"self":[{"href":"https:\/\/onlinehardwareshop.de\/index.php\/wp-json\/wp\/v2\/product\/71556","targetHints":{"allow":["GET"]}}],"collection":[{"href":"https:\/\/onlinehardwareshop.de\/index.php\/wp-json\/wp\/v2\/product"}],"about":[{"href":"https:\/\/onlinehardwareshop.de\/index.php\/wp-json\/wp\/v2\/types\/product"}],"replies":[{"embeddable":true,"href":"https:\/\/onlinehardwareshop.de\/index.php\/wp-json\/wp\/v2\/comments?post=71556"}],"wp:attachment":[{"href":"https:\/\/onlinehardwareshop.de\/index.php\/wp-json\/wp\/v2\/media?parent=71556"}],"wp:term":[{"taxonomy":"brand","embeddable":true,"href":"https:\/\/onlinehardwareshop.de\/index.php\/wp-json\/wp\/v2\/brand?post=71556"},{"taxonomy":"product_brand","embeddable":true,"href":"https:\/\/onlinehardwareshop.de\/index.php\/wp-json\/wp\/v2\/product_brand?post=71556"},{"taxonomy":"product_cat","embeddable":true,"href":"https:\/\/onlinehardwareshop.de\/index.php\/wp-json\/wp\/v2\/product_cat?post=71556"},{"taxonomy":"product_tag","embeddable":true,"href":"https:\/\/onlinehardwareshop.de\/index.php\/wp-json\/wp\/v2\/product_tag?post=71556"}],"curies":[{"name":"wp","href":"https:\/\/api.w.org\/{rel}","templated":true}]}}