{"id":71506,"date":"2024-08-12T03:59:17","date_gmt":"2024-08-12T03:59:17","guid":{"rendered":"https:\/\/onlinehardwareshop.de\/index.php\/produkt\/marmitek-ir-100-usb-infrarot-verlngerer-2\/"},"modified":"2025-05-14T00:04:43","modified_gmt":"2025-05-14T00:04:43","slug":"marmitek-ir-100-usb-infrarot-verlngerer","status":"publish","type":"product","link":"https:\/\/onlinehardwareshop.de\/index.php\/produkt\/marmitek-ir-100-usb-infrarot-verlngerer\/","title":{"rendered":"Marmitek IR 100 USB Infrarot-Verl&#xE4;ngerer"},"content":{"rendered":"<p>Mit dem Marmitek IR 100 USB bedienst du deine AV-Apparatur, w\u00e4hrend diese hinter geschlossenen Schrankt\u00fcren steht. Verbinde den IR 100 \u00fcber USB mit zum Beispiel deinem Apple TV, Android Box oder einer Hifi-Anlage und plaziere den Infrarot-Empf\u00e4nger des Marmitek in Reichweite deiner Fernbedienung. Richte daraufhin deine Fernbedienung auf den Empf\u00e4nger und bediene einfach mehrere Ger\u00e4te, w\u00e4hrend diese der Sicht entzogen sind. Sichtbar ist lediglich der kleine Infrarotempf\u00e4nger. Der IR 100 l\u00e4sst sich rasch installieren und funktioniert mit Modellen praktisch aller Hersteller.<\/p>\n","protected":false},"excerpt":{"rendered":"<p>Mit dem Marmitek IR 100 USB bedienst du deine AV-Apparatur, w\u00e4hrend diese hinter geschlossenen Schrankt\u00fcren steht. Verbinde den IR 100 \u00fcber USB mit zum Beispiel deinem Apple TV, Android Box oder einer Hifi-Anlage und plaziere den Infrarot-Empf\u00e4nger des Marmitek in Reichweite deiner Fernbedienung. Richte daraufhin deine Fernbedienung auf den Empf\u00e4nger und bediene einfach mehrere Ger\u00e4te, w\u00e4hrend diese der Sicht entzogen sind. Sichtbar ist lediglich der kleine Infrarotempf\u00e4nger. Der IR 100 l\u00e4sst sich rasch installieren und funktioniert mit Modellen praktisch aller Hersteller.<\/p>\n","protected":false},"featured_media":0,"comment_status":"closed","ping_status":"open","template":"","meta":{"_acf_changed":false},"brand":[691],"product_brand":[],"product_cat":[692],"product_tag":[693],"class_list":{"0":"post-71506","1":"product","2":"type-product","3":"status-publish","5":"brand-marmitek","6":"product_cat-extender","7":"product_tag-extenders","8":"pa_condition-new","9":"pa_coolblue-de-verzending-morgen-gratis-geliefert","10":"pa_ean-2287","11":"pa_mpn-2288","13":"first","14":"instock","15":"product-type-external"},"acf":[],"_links":{"self":[{"href":"https:\/\/onlinehardwareshop.de\/index.php\/wp-json\/wp\/v2\/product\/71506","targetHints":{"allow":["GET"]}}],"collection":[{"href":"https:\/\/onlinehardwareshop.de\/index.php\/wp-json\/wp\/v2\/product"}],"about":[{"href":"https:\/\/onlinehardwareshop.de\/index.php\/wp-json\/wp\/v2\/types\/product"}],"replies":[{"embeddable":true,"href":"https:\/\/onlinehardwareshop.de\/index.php\/wp-json\/wp\/v2\/comments?post=71506"}],"wp:attachment":[{"href":"https:\/\/onlinehardwareshop.de\/index.php\/wp-json\/wp\/v2\/media?parent=71506"}],"wp:term":[{"taxonomy":"brand","embeddable":true,"href":"https:\/\/onlinehardwareshop.de\/index.php\/wp-json\/wp\/v2\/brand?post=71506"},{"taxonomy":"product_brand","embeddable":true,"href":"https:\/\/onlinehardwareshop.de\/index.php\/wp-json\/wp\/v2\/product_brand?post=71506"},{"taxonomy":"product_cat","embeddable":true,"href":"https:\/\/onlinehardwareshop.de\/index.php\/wp-json\/wp\/v2\/product_cat?post=71506"},{"taxonomy":"product_tag","embeddable":true,"href":"https:\/\/onlinehardwareshop.de\/index.php\/wp-json\/wp\/v2\/product_tag?post=71506"}],"curies":[{"name":"wp","href":"https:\/\/api.w.org\/{rel}","templated":true}]}}