{"id":71500,"date":"2024-09-07T09:29:14","date_gmt":"2024-09-07T09:29:14","guid":{"rendered":"https:\/\/onlinehardwareshop.de\/index.php\/produkt\/sony-fe-90mm-f-2-8-macro-g-oss\/"},"modified":"2025-05-14T00:04:14","modified_gmt":"2025-05-14T00:04:14","slug":"sony-fe-90mm-f-2-8-macro-g-oss","status":"publish","type":"product","link":"https:\/\/onlinehardwareshop.de\/index.php\/produkt\/sony-fe-90mm-f-2-8-macro-g-oss\/","title":{"rendered":"Sony FE 90mm f\/2.8 Macro G OSS"},"content":{"rendered":"<p>Das Sony FE 90mm f\/2.8 Macro G OSS ist ein Objektiv f\u00fcr deine Sony E-Mount Vollformat-Systemkamera. Wenn du die ideale Sch\u00e4rfentiefe gefunden hast, stellst du diese mit der Fokustaste fest ein. So machst du genau die Fotos, die dir vorschwebten, ohne erneut die richtige Sch\u00e4rfentiefe suchen zu m\u00fcssen. Die Blende hat neun Lamellen und l\u00e4sst sich bis zu f\/2.8 \u00f6ffnen. Dadurch schie\u00dft du Fotos mit viel Sch\u00e4rfentiefe und einem qualitativ guten Bokeh-Effekt. Da das Objektiv spritzwassergesch\u00fctzt ist, fotografierst du ruhig bei schlechtem Wetter. Zudem ist das Objektiv auch staubbest\u00e4ndig, weshalb du sich problemlos sauberh\u00e4ltst. Der optische Bildstabilisator verhindert verschwommene Fotos.<\/p>\n","protected":false},"excerpt":{"rendered":"<p>Das Sony FE 90mm f\/2.8 Macro G OSS ist ein Objektiv f\u00fcr deine Sony E-Mount Vollformat-Systemkamera. Wenn du die ideale Sch\u00e4rfentiefe gefunden hast, stellst du diese mit der Fokustaste fest ein. So machst du genau die Fotos, die dir vorschwebten, ohne erneut die richtige Sch\u00e4rfentiefe suchen zu m\u00fcssen. Die Blende hat neun Lamellen und l\u00e4sst sich bis zu f\/2.8 \u00f6ffnen. Dadurch schie\u00dft du Fotos mit viel Sch\u00e4rfentiefe und einem qualitativ guten Bokeh-Effekt. Da das Objektiv spritzwassergesch\u00fctzt ist, fotografierst du ruhig bei schlechtem Wetter. Zudem ist das Objektiv auch staubbest\u00e4ndig, weshalb du sich problemlos sauberh\u00e4ltst. Der optische Bildstabilisator verhindert verschwommene Fotos.<\/p>\n","protected":false},"featured_media":0,"comment_status":"closed","ping_status":"open","template":"","meta":{"_acf_changed":false},"brand":[56],"product_brand":[],"product_cat":[187],"product_tag":[950],"class_list":{"0":"post-71500","1":"product","2":"type-product","3":"status-publish","5":"brand-sony","6":"product_cat-kameraobjektive","7":"product_tag-lenzen-voor-csc-cameras","8":"pa_condition-new","9":"pa_coolblue-de-verzending-morgen-gratis-geliefert","10":"pa_ean-2273","11":"pa_mpn-sel90m28g-syx","13":"first","14":"instock","15":"product-type-external"},"acf":[],"_links":{"self":[{"href":"https:\/\/onlinehardwareshop.de\/index.php\/wp-json\/wp\/v2\/product\/71500","targetHints":{"allow":["GET"]}}],"collection":[{"href":"https:\/\/onlinehardwareshop.de\/index.php\/wp-json\/wp\/v2\/product"}],"about":[{"href":"https:\/\/onlinehardwareshop.de\/index.php\/wp-json\/wp\/v2\/types\/product"}],"replies":[{"embeddable":true,"href":"https:\/\/onlinehardwareshop.de\/index.php\/wp-json\/wp\/v2\/comments?post=71500"}],"wp:attachment":[{"href":"https:\/\/onlinehardwareshop.de\/index.php\/wp-json\/wp\/v2\/media?parent=71500"}],"wp:term":[{"taxonomy":"brand","embeddable":true,"href":"https:\/\/onlinehardwareshop.de\/index.php\/wp-json\/wp\/v2\/brand?post=71500"},{"taxonomy":"product_brand","embeddable":true,"href":"https:\/\/onlinehardwareshop.de\/index.php\/wp-json\/wp\/v2\/product_brand?post=71500"},{"taxonomy":"product_cat","embeddable":true,"href":"https:\/\/onlinehardwareshop.de\/index.php\/wp-json\/wp\/v2\/product_cat?post=71500"},{"taxonomy":"product_tag","embeddable":true,"href":"https:\/\/onlinehardwareshop.de\/index.php\/wp-json\/wp\/v2\/product_tag?post=71500"}],"curies":[{"name":"wp","href":"https:\/\/api.w.org\/{rel}","templated":true}]}}