{"id":71399,"date":"2025-05-02T11:23:40","date_gmt":"2025-05-02T11:23:40","guid":{"rendered":"https:\/\/onlinehardwareshop.de\/index.php\/produkt\/sandisk-cruzer-ultra-flair-64-gb-2\/"},"modified":"2025-05-13T23:54:38","modified_gmt":"2025-05-13T23:54:38","slug":"sandisk-cruzer-ultra-flair-64-gb","status":"publish","type":"product","link":"https:\/\/onlinehardwareshop.de\/index.php\/produkt\/sandisk-cruzer-ultra-flair-64-gb\/","title":{"rendered":"SanDisk Cruzer Ultra Flair 64 GB"},"content":{"rendered":"<p>Sch\u00fctze deine Dateien mit dem SanDisk Cruzer Ultra Flair USB-Stick besonders sicher. \u00dcber SanDisk SecureAccess sicherst du deine privaten Dokumente mit einem Passwort. Der Stick im Metallgeh\u00e4use hat eine Speicherkapazit\u00e4t von 64 GB. Der USB 3.0-Anschluss \u00fcbertr\u00e4gt Dateien bis zu viermal schneller als ein herk\u00f6mmlicher USB 2.0-Stick. So kopierst du deine Filme und Fotoalben in k\u00fcrzester Zeit. Du kannst den Cruzer Ultra Flair immer am Schl\u00fcsselbund mitnehmen.<\/p>\n","protected":false},"excerpt":{"rendered":"<p>Sch\u00fctze deine Dateien mit dem SanDisk Cruzer Ultra Flair USB-Stick besonders sicher. \u00dcber SanDisk SecureAccess sicherst du deine privaten Dokumente mit einem Passwort. Der Stick im Metallgeh\u00e4use hat eine Speicherkapazit\u00e4t von 64 GB. Der USB 3.0-Anschluss \u00fcbertr\u00e4gt Dateien bis zu viermal schneller als ein herk\u00f6mmlicher USB 2.0-Stick. So kopierst du deine Filme und Fotoalben in k\u00fcrzester Zeit. Du kannst den Cruzer Ultra Flair immer am Schl\u00fcsselbund mitnehmen.<\/p>\n","protected":false},"featured_media":0,"comment_status":"closed","ping_status":"open","template":"","meta":{"_acf_changed":false},"brand":[991],"product_brand":[],"product_cat":[992],"product_tag":[993],"class_list":{"0":"post-71399","1":"product","2":"type-product","3":"status-publish","5":"brand-sandisk","6":"product_cat-usb-sticks","7":"product_tag-usb-sticks","8":"pa_condition-new","9":"pa_coolblue-de-verzending-morgen-gratis-geliefert","10":"pa_ean-2000","11":"pa_mpn-sdcz73-064g-g46","13":"first","14":"instock","15":"product-type-external"},"acf":[],"_links":{"self":[{"href":"https:\/\/onlinehardwareshop.de\/index.php\/wp-json\/wp\/v2\/product\/71399","targetHints":{"allow":["GET"]}}],"collection":[{"href":"https:\/\/onlinehardwareshop.de\/index.php\/wp-json\/wp\/v2\/product"}],"about":[{"href":"https:\/\/onlinehardwareshop.de\/index.php\/wp-json\/wp\/v2\/types\/product"}],"replies":[{"embeddable":true,"href":"https:\/\/onlinehardwareshop.de\/index.php\/wp-json\/wp\/v2\/comments?post=71399"}],"wp:attachment":[{"href":"https:\/\/onlinehardwareshop.de\/index.php\/wp-json\/wp\/v2\/media?parent=71399"}],"wp:term":[{"taxonomy":"brand","embeddable":true,"href":"https:\/\/onlinehardwareshop.de\/index.php\/wp-json\/wp\/v2\/brand?post=71399"},{"taxonomy":"product_brand","embeddable":true,"href":"https:\/\/onlinehardwareshop.de\/index.php\/wp-json\/wp\/v2\/product_brand?post=71399"},{"taxonomy":"product_cat","embeddable":true,"href":"https:\/\/onlinehardwareshop.de\/index.php\/wp-json\/wp\/v2\/product_cat?post=71399"},{"taxonomy":"product_tag","embeddable":true,"href":"https:\/\/onlinehardwareshop.de\/index.php\/wp-json\/wp\/v2\/product_tag?post=71399"}],"curies":[{"name":"wp","href":"https:\/\/api.w.org\/{rel}","templated":true}]}}