{"id":71285,"date":"2024-05-08T12:48:51","date_gmt":"2024-05-08T12:48:51","guid":{"rendered":"https:\/\/onlinehardwareshop.de\/index.php\/produkt\/marmitek-split-312-uhd-4k-hdmi-splitter-2\/"},"modified":"2025-05-13T23:45:14","modified_gmt":"2025-05-13T23:45:14","slug":"marmitek-split-312-uhd-4k-hdmi-splitter","status":"publish","type":"product","link":"https:\/\/onlinehardwareshop.de\/index.php\/produkt\/marmitek-split-312-uhd-4k-hdmi-splitter\/","title":{"rendered":"Marmitek Split 312 UHD 4K HDMI Splitter"},"content":{"rendered":"<p>Mit dem Marmitek Split 312 UHD 4K HDMI Splitter mit zwei Anschl\u00fcssen gibst du das Bild von einer Videoquelle, wie zum Beispiel einem Blu-ray-Player, auf zwei Bildschirmen gleichzeitig wieder. Das ist praktisch, wenn du einen Film oder eine Pr\u00e4sentation auf mehreren Fernsehern zeigen m\u00f6chtest. Der Splitter sendet 3D-Signale und bietet eine Bildaufl\u00f6sung in 4K oder in Full HD.<\/p>\n","protected":false},"excerpt":{"rendered":"<p>Mit dem Marmitek Split 312 UHD 4K HDMI Splitter mit zwei Anschl\u00fcssen gibst du das Bild von einer Videoquelle, wie zum Beispiel einem Blu-ray-Player, auf zwei Bildschirmen gleichzeitig wieder. Das ist praktisch, wenn du einen Film oder eine Pr\u00e4sentation auf mehreren Fernsehern zeigen m\u00f6chtest. Der Splitter sendet 3D-Signale und bietet eine Bildaufl\u00f6sung in 4K oder in Full HD.<\/p>\n","protected":false},"featured_media":0,"comment_status":"closed","ping_status":"open","template":"","meta":{"_acf_changed":false},"brand":[691],"product_brand":[],"product_cat":[1083],"product_tag":[1084],"class_list":{"0":"post-71285","1":"product","2":"type-product","3":"status-publish","5":"brand-marmitek","6":"product_cat-splitter","7":"product_tag-splitters-av","8":"pa_condition-new","9":"pa_coolblue-de-verzending-morgen-gratis-geliefert","10":"pa_ean-1691","11":"pa_mpn-1692","13":"first","14":"instock","15":"product-type-external"},"acf":[],"_links":{"self":[{"href":"https:\/\/onlinehardwareshop.de\/index.php\/wp-json\/wp\/v2\/product\/71285","targetHints":{"allow":["GET"]}}],"collection":[{"href":"https:\/\/onlinehardwareshop.de\/index.php\/wp-json\/wp\/v2\/product"}],"about":[{"href":"https:\/\/onlinehardwareshop.de\/index.php\/wp-json\/wp\/v2\/types\/product"}],"replies":[{"embeddable":true,"href":"https:\/\/onlinehardwareshop.de\/index.php\/wp-json\/wp\/v2\/comments?post=71285"}],"wp:attachment":[{"href":"https:\/\/onlinehardwareshop.de\/index.php\/wp-json\/wp\/v2\/media?parent=71285"}],"wp:term":[{"taxonomy":"brand","embeddable":true,"href":"https:\/\/onlinehardwareshop.de\/index.php\/wp-json\/wp\/v2\/brand?post=71285"},{"taxonomy":"product_brand","embeddable":true,"href":"https:\/\/onlinehardwareshop.de\/index.php\/wp-json\/wp\/v2\/product_brand?post=71285"},{"taxonomy":"product_cat","embeddable":true,"href":"https:\/\/onlinehardwareshop.de\/index.php\/wp-json\/wp\/v2\/product_cat?post=71285"},{"taxonomy":"product_tag","embeddable":true,"href":"https:\/\/onlinehardwareshop.de\/index.php\/wp-json\/wp\/v2\/product_tag?post=71285"}],"curies":[{"name":"wp","href":"https:\/\/api.w.org\/{rel}","templated":true}]}}