{"id":71259,"date":"2024-06-24T10:20:13","date_gmt":"2024-06-24T10:20:13","guid":{"rendered":"https:\/\/onlinehardwareshop.de\/index.php\/produkt\/canon-ef-s-24mm-f-2-8-stm-2\/"},"modified":"2025-05-13T23:43:14","modified_gmt":"2025-05-13T23:43:14","slug":"canon-ef-s-24mm-f-2-8-stm","status":"publish","type":"product","link":"https:\/\/onlinehardwareshop.de\/index.php\/produkt\/canon-ef-s-24mm-f-2-8-stm\/","title":{"rendered":"Canon EF-S 24mm f\/2.8 STM"},"content":{"rendered":"<p>Das Canon EF-S 24mm f\/2.8 STM ist ein kompaktes Weitwinkelobjektiv f\u00fcr Canon-Kameras mit einem APS-C-Sensor. Mit dem gro\u00dfen Bildwinkel kannst du Landschaften und Architektur fotografieren, ohne einen Schritt zur\u00fccktreten zu m\u00fcssen. Die gro\u00dfe maximale Blenden\u00f6ffnung von f\/2,8 sorgt f\u00fcr eine sch\u00f6ne Hintergrundunsch\u00e4rfe und bietet dir die M\u00f6glichkeit, auch bei schlechten Lichtverh\u00e4ltnissen aus der Hand zu fotografieren. Dank des kompakten Designs und des geringen Gewichts von 125 Gramm kannst du das Objektiv \u00fcberallhin mitnehmen. Der leise und schnelle Fokusantrieb sorgt daf\u00fcr, dass dieses Objektiv auch beim Filmen praktisch ist.<\/p>\n","protected":false},"excerpt":{"rendered":"<p>Das Canon EF-S 24mm f\/2.8 STM ist ein kompaktes Weitwinkelobjektiv f\u00fcr Canon-Kameras mit einem APS-C-Sensor. Mit dem gro\u00dfen Bildwinkel kannst du Landschaften und Architektur fotografieren, ohne einen Schritt zur\u00fccktreten zu m\u00fcssen. Die gro\u00dfe maximale Blenden\u00f6ffnung von f\/2,8 sorgt f\u00fcr eine sch\u00f6ne Hintergrundunsch\u00e4rfe und bietet dir die M\u00f6glichkeit, auch bei schlechten Lichtverh\u00e4ltnissen aus der Hand zu fotografieren. Dank des kompakten Designs und des geringen Gewichts von 125 Gramm kannst du das Objektiv \u00fcberallhin mitnehmen. Der leise und schnelle Fokusantrieb sorgt daf\u00fcr, dass dieses Objektiv auch beim Filmen praktisch ist.<\/p>\n","protected":false},"featured_media":0,"comment_status":"closed","ping_status":"open","template":"","meta":{"_acf_changed":false},"brand":[61],"product_brand":[],"product_cat":[187],"product_tag":[188],"class_list":{"0":"post-71259","1":"product","2":"type-product","3":"status-publish","5":"brand-canon","6":"product_cat-kameraobjektive","7":"product_tag-lenzen-voor-slr-cameras","8":"pa_condition-new","9":"pa_coolblue-de-verzending-morgen-gratis-geliefert","10":"pa_ean-1622","11":"pa_mpn-9522b005","13":"first","14":"instock","15":"product-type-external"},"acf":[],"_links":{"self":[{"href":"https:\/\/onlinehardwareshop.de\/index.php\/wp-json\/wp\/v2\/product\/71259","targetHints":{"allow":["GET"]}}],"collection":[{"href":"https:\/\/onlinehardwareshop.de\/index.php\/wp-json\/wp\/v2\/product"}],"about":[{"href":"https:\/\/onlinehardwareshop.de\/index.php\/wp-json\/wp\/v2\/types\/product"}],"replies":[{"embeddable":true,"href":"https:\/\/onlinehardwareshop.de\/index.php\/wp-json\/wp\/v2\/comments?post=71259"}],"wp:attachment":[{"href":"https:\/\/onlinehardwareshop.de\/index.php\/wp-json\/wp\/v2\/media?parent=71259"}],"wp:term":[{"taxonomy":"brand","embeddable":true,"href":"https:\/\/onlinehardwareshop.de\/index.php\/wp-json\/wp\/v2\/brand?post=71259"},{"taxonomy":"product_brand","embeddable":true,"href":"https:\/\/onlinehardwareshop.de\/index.php\/wp-json\/wp\/v2\/product_brand?post=71259"},{"taxonomy":"product_cat","embeddable":true,"href":"https:\/\/onlinehardwareshop.de\/index.php\/wp-json\/wp\/v2\/product_cat?post=71259"},{"taxonomy":"product_tag","embeddable":true,"href":"https:\/\/onlinehardwareshop.de\/index.php\/wp-json\/wp\/v2\/product_tag?post=71259"}],"curies":[{"name":"wp","href":"https:\/\/api.w.org\/{rel}","templated":true}]}}