{"id":71205,"date":"2025-03-19T22:22:25","date_gmt":"2025-03-19T22:22:25","guid":{"rendered":"https:\/\/onlinehardwareshop.de\/index.php\/produkt\/sennheiser-rs-175-2\/"},"modified":"2025-05-13T23:38:33","modified_gmt":"2025-05-13T23:38:33","slug":"sennheiser-rs-175","status":"publish","type":"product","link":"https:\/\/onlinehardwareshop.de\/index.php\/produkt\/sennheiser-rs-175\/","title":{"rendered":"Sennheiser RS 175"},"content":{"rendered":"<p>Hinweis: Wenn du den Kopfh\u00f6rer mit deinem Fernseher koppelst, wird in den meisten F\u00e4llen kein Ton aus den Lautsprechern des Fernsehers kommen, es sei denn, dein Fernseher hat die M\u00f6glichkeit, den Ton sowohl aus den Lautsprechern des Fernsehers als auch \u00fcber den Kopfh\u00f6rer kommen zu lassen. Diese Information findest du im Men\u00fc deines Fernsehers. Dieser Kopfh\u00f6rer funktioniert nur, wenn dein Fernseher den Audioausgang hat, den dieser Kopfh\u00f6rer unterst\u00fctzt. Wenn dies nicht der Fall ist, wird dieser Kopfh\u00f6rer nicht mit deinem Fernseher funktionieren.  Mit dem Sennheiser RS 175 h\u00f6rst du den Ton deines Fernsehers, ohne andere zu st\u00f6ren. H\u00f6rst du gerne einen intensiven Bass? Dann schalte ihn mit einem Knopfdruck ein. Oder entscheide dich f\u00fcr Virtual Surroundsound, um eine aufregende Filmszene noch intensiver zu erleben. Mit einer Funkreichweite von 100 Metern kannst du dir in der K\u00fcche ein Getr\u00e4nk holen, ohne etwas aus dem Film zu verpassen. Du verbindest die Sendestation \u00fcber das mitgelieferte optische Kabel oder das 3,5-mm-Audiokabel mit deinem Fernseher oder anderen Ger\u00e4ten.<\/p>\n","protected":false},"excerpt":{"rendered":"<p>Hinweis: Wenn du den Kopfh\u00f6rer mit deinem Fernseher koppelst, wird in den meisten F\u00e4llen kein Ton aus den Lautsprechern des Fernsehers kommen, es sei denn, dein Fernseher hat die M\u00f6glichkeit, den Ton sowohl aus den Lautsprechern des Fernsehers als auch \u00fcber den Kopfh\u00f6rer kommen zu lassen. Diese Information findest du im Men\u00fc deines Fernsehers. Dieser Kopfh\u00f6rer funktioniert nur, wenn dein Fernseher den Audioausgang hat, den dieser Kopfh\u00f6rer unterst\u00fctzt. Wenn dies nicht der Fall ist, wird dieser Kopfh\u00f6rer nicht mit deinem Fernseher funktionieren.  Mit dem Sennheiser RS 175 h\u00f6rst du den Ton deines Fernsehers, ohne andere zu st\u00f6ren. H\u00f6rst du gerne einen intensiven Bass? Dann schalte ihn mit einem Knopfdruck ein. Oder entscheide dich f\u00fcr Virtual Surroundsound, um eine aufregende Filmszene noch intensiver zu erleben. Mit einer Funkreichweite von 100 Metern kannst du dir in der K\u00fcche ein Getr\u00e4nk holen, ohne etwas aus dem Film zu verpassen. Du verbindest die Sendestation \u00fcber das mitgelieferte optische Kabel oder das 3,5-mm-Audiokabel mit deinem Fernseher oder anderen Ger\u00e4ten.<\/p>\n","protected":false},"featured_media":0,"comment_status":"closed","ping_status":"open","template":"","meta":{"_acf_changed":false},"brand":[1474],"product_brand":[],"product_cat":[1182],"product_tag":[1183],"class_list":{"0":"post-71205","1":"product","2":"type-product","3":"status-publish","5":"brand-sennheiser","6":"product_cat-kopfhrer","7":"product_tag-hoofdtelefoons-zonder-noisecancelling","8":"pa_condition-new","9":"pa_coolblue-de-verzending-morgen-gratis-geliefert","10":"pa_ean-1472","11":"pa_mpn-1473","13":"first","14":"instock","15":"product-type-external"},"acf":[],"_links":{"self":[{"href":"https:\/\/onlinehardwareshop.de\/index.php\/wp-json\/wp\/v2\/product\/71205","targetHints":{"allow":["GET"]}}],"collection":[{"href":"https:\/\/onlinehardwareshop.de\/index.php\/wp-json\/wp\/v2\/product"}],"about":[{"href":"https:\/\/onlinehardwareshop.de\/index.php\/wp-json\/wp\/v2\/types\/product"}],"replies":[{"embeddable":true,"href":"https:\/\/onlinehardwareshop.de\/index.php\/wp-json\/wp\/v2\/comments?post=71205"}],"wp:attachment":[{"href":"https:\/\/onlinehardwareshop.de\/index.php\/wp-json\/wp\/v2\/media?parent=71205"}],"wp:term":[{"taxonomy":"brand","embeddable":true,"href":"https:\/\/onlinehardwareshop.de\/index.php\/wp-json\/wp\/v2\/brand?post=71205"},{"taxonomy":"product_brand","embeddable":true,"href":"https:\/\/onlinehardwareshop.de\/index.php\/wp-json\/wp\/v2\/product_brand?post=71205"},{"taxonomy":"product_cat","embeddable":true,"href":"https:\/\/onlinehardwareshop.de\/index.php\/wp-json\/wp\/v2\/product_cat?post=71205"},{"taxonomy":"product_tag","embeddable":true,"href":"https:\/\/onlinehardwareshop.de\/index.php\/wp-json\/wp\/v2\/product_tag?post=71205"}],"curies":[{"name":"wp","href":"https:\/\/api.w.org\/{rel}","templated":true}]}}