{"id":71204,"date":"2025-03-01T00:08:09","date_gmt":"2025-03-01T00:08:09","guid":{"rendered":"https:\/\/onlinehardwareshop.de\/index.php\/produkt\/bosch-mfw67440-2\/"},"modified":"2025-05-13T23:38:28","modified_gmt":"2025-05-13T23:38:28","slug":"bosch-mfw67440","status":"publish","type":"product","link":"https:\/\/onlinehardwareshop.de\/index.php\/produkt\/bosch-mfw67440\/","title":{"rendered":"Bosch MFW67440"},"content":{"rendered":"<p>Der Bosch MFW67440 verarbeitet 3,5 kg Fleisch pro Minute. So stellst du mit diesem Fleischwolf blitzschnell einen Strang leckerer W\u00fcrste her. Aber das F\u00fcllen von W\u00fcrsten und das Drehen von Hackfleisch sind nicht die einzigen T\u00e4tigkeiten, f\u00fcr die du diesen Fleischwolf nutzen kannst. So kannst du auch Fisch, Gem\u00fcse und K\u00e4se damit fein mahlen: Insgesamt verf\u00fcgt der Fleischwolf \u00fcber zehn Funktionen. Wenn du fertig bist, bewahrst du das mitgelieferte Zubeh\u00f6r ordentlich im hierzu bestimmten Staufach auf.<\/p>\n","protected":false},"excerpt":{"rendered":"<p>Der Bosch MFW67440 verarbeitet 3,5 kg Fleisch pro Minute. So stellst du mit diesem Fleischwolf blitzschnell einen Strang leckerer W\u00fcrste her. Aber das F\u00fcllen von W\u00fcrsten und das Drehen von Hackfleisch sind nicht die einzigen T\u00e4tigkeiten, f\u00fcr die du diesen Fleischwolf nutzen kannst. So kannst du auch Fisch, Gem\u00fcse und K\u00e4se damit fein mahlen: Insgesamt verf\u00fcgt der Fleischwolf \u00fcber zehn Funktionen. Wenn du fertig bist, bewahrst du das mitgelieferte Zubeh\u00f6r ordentlich im hierzu bestimmten Staufach auf.<\/p>\n","protected":false},"featured_media":0,"comment_status":"closed","ping_status":"open","template":"","meta":{"_acf_changed":false},"brand":[250],"product_brand":[],"product_cat":[1470],"product_tag":[1471],"class_list":{"0":"post-71204","1":"product","2":"type-product","3":"status-publish","5":"brand-bosch","6":"product_cat-fleischwlfe","7":"product_tag-vleesmolens","8":"pa_condition-new","9":"pa_coolblue-de-verzending-morgen-gratis-geliefert","10":"pa_ean-1468","11":"pa_mpn-mfw67440","13":"first","14":"instock","15":"product-type-external"},"acf":[],"_links":{"self":[{"href":"https:\/\/onlinehardwareshop.de\/index.php\/wp-json\/wp\/v2\/product\/71204","targetHints":{"allow":["GET"]}}],"collection":[{"href":"https:\/\/onlinehardwareshop.de\/index.php\/wp-json\/wp\/v2\/product"}],"about":[{"href":"https:\/\/onlinehardwareshop.de\/index.php\/wp-json\/wp\/v2\/types\/product"}],"replies":[{"embeddable":true,"href":"https:\/\/onlinehardwareshop.de\/index.php\/wp-json\/wp\/v2\/comments?post=71204"}],"wp:attachment":[{"href":"https:\/\/onlinehardwareshop.de\/index.php\/wp-json\/wp\/v2\/media?parent=71204"}],"wp:term":[{"taxonomy":"brand","embeddable":true,"href":"https:\/\/onlinehardwareshop.de\/index.php\/wp-json\/wp\/v2\/brand?post=71204"},{"taxonomy":"product_brand","embeddable":true,"href":"https:\/\/onlinehardwareshop.de\/index.php\/wp-json\/wp\/v2\/product_brand?post=71204"},{"taxonomy":"product_cat","embeddable":true,"href":"https:\/\/onlinehardwareshop.de\/index.php\/wp-json\/wp\/v2\/product_cat?post=71204"},{"taxonomy":"product_tag","embeddable":true,"href":"https:\/\/onlinehardwareshop.de\/index.php\/wp-json\/wp\/v2\/product_tag?post=71204"}],"curies":[{"name":"wp","href":"https:\/\/api.w.org\/{rel}","templated":true}]}}