{"id":71149,"date":"2024-06-12T22:31:22","date_gmt":"2024-06-12T22:31:22","guid":{"rendered":"https:\/\/onlinehardwareshop.de\/index.php\/produkt\/nikon-prostaff-5-10x50-2\/"},"modified":"2025-05-13T23:34:06","modified_gmt":"2025-05-13T23:34:06","slug":"nikon-prostaff-5-10x50","status":"publish","type":"product","link":"https:\/\/onlinehardwareshop.de\/index.php\/produkt\/nikon-prostaff-5-10x50\/","title":{"rendered":"Nikon Prostaff 5 10&#215;50"},"content":{"rendered":"<p>Das Nikon Prostaff\u00a05 10&#215;50 ist ein Fernglas, das bis zu zehnfach vergr\u00f6\u00dfert. So holst du Objekte in der Ferne ganz nah heran, beispielsweise einen Hirsch in einem Naturschutzgebiet. Die Linsen des Fernglases sind mit einer speziellen Beschichtung versehen, damit keine Reflexionen entstehen. Somit ist das Bild klar. Anhand des Dioptrienreglers l\u00e4sst sich die Sch\u00e4rfe auf deine Sehst\u00e4rke einstellen, wenn du eine Sehschw\u00e4che hast. Dank des langen Augenabstands eignet sich das Fernglas auch f\u00fcr Brillentr\u00e4ger. Das Fernglas ist wasserdicht verarbeitet. Daher kannst du es auch an regnerischen Tagen problemlos verwenden. Das ist zum Beispiel praktisch, wenn du exotische Tiere in den Tropen beobachtest. Dank des Gummi\u00fcberzugs rutscht dir das Fernglas nicht so schnell aus der Hand, sondern du h\u00e4ltst es sicher fest.<\/p>\n","protected":false},"excerpt":{"rendered":"<p>Das Nikon Prostaff\u00a05 10&#215;50 ist ein Fernglas, das bis zu zehnfach vergr\u00f6\u00dfert. So holst du Objekte in der Ferne ganz nah heran, beispielsweise einen Hirsch in einem Naturschutzgebiet. Die Linsen des Fernglases sind mit einer speziellen Beschichtung versehen, damit keine Reflexionen entstehen. Somit ist das Bild klar. Anhand des Dioptrienreglers l\u00e4sst sich die Sch\u00e4rfe auf deine Sehst\u00e4rke einstellen, wenn du eine Sehschw\u00e4che hast. Dank des langen Augenabstands eignet sich das Fernglas auch f\u00fcr Brillentr\u00e4ger. Das Fernglas ist wasserdicht verarbeitet. Daher kannst du es auch an regnerischen Tagen problemlos verwenden. Das ist zum Beispiel praktisch, wenn du exotische Tiere in den Tropen beobachtest. Dank des Gummi\u00fcberzugs rutscht dir das Fernglas nicht so schnell aus der Hand, sondern du h\u00e4ltst es sicher fest.<\/p>\n","protected":false},"featured_media":0,"comment_status":"closed","ping_status":"open","template":"","meta":{"_acf_changed":false},"brand":[133],"product_brand":[],"product_cat":[448],"product_tag":[1304],"class_list":{"0":"post-71149","1":"product","2":"type-product","3":"status-publish","5":"brand-nikon","6":"product_cat-fernglser","7":"product_tag-dakkant-verrekijkers","8":"pa_condition-new","9":"pa_coolblue-de-verzending-morgen-gratis-geliefert","10":"pa_ean-1302","11":"pa_mpn-baa822sa","13":"first","14":"instock","15":"product-type-external"},"acf":[],"_links":{"self":[{"href":"https:\/\/onlinehardwareshop.de\/index.php\/wp-json\/wp\/v2\/product\/71149","targetHints":{"allow":["GET"]}}],"collection":[{"href":"https:\/\/onlinehardwareshop.de\/index.php\/wp-json\/wp\/v2\/product"}],"about":[{"href":"https:\/\/onlinehardwareshop.de\/index.php\/wp-json\/wp\/v2\/types\/product"}],"replies":[{"embeddable":true,"href":"https:\/\/onlinehardwareshop.de\/index.php\/wp-json\/wp\/v2\/comments?post=71149"}],"wp:attachment":[{"href":"https:\/\/onlinehardwareshop.de\/index.php\/wp-json\/wp\/v2\/media?parent=71149"}],"wp:term":[{"taxonomy":"brand","embeddable":true,"href":"https:\/\/onlinehardwareshop.de\/index.php\/wp-json\/wp\/v2\/brand?post=71149"},{"taxonomy":"product_brand","embeddable":true,"href":"https:\/\/onlinehardwareshop.de\/index.php\/wp-json\/wp\/v2\/product_brand?post=71149"},{"taxonomy":"product_cat","embeddable":true,"href":"https:\/\/onlinehardwareshop.de\/index.php\/wp-json\/wp\/v2\/product_cat?post=71149"},{"taxonomy":"product_tag","embeddable":true,"href":"https:\/\/onlinehardwareshop.de\/index.php\/wp-json\/wp\/v2\/product_tag?post=71149"}],"curies":[{"name":"wp","href":"https:\/\/api.w.org\/{rel}","templated":true}]}}